Файловый менеджер - Редактировать - /var/log/apache2/domlogs/clickysoft/flair-2.clickysoft.net
Назад
168.151.228.214 - - [04/Aug/2024:14:16:05 +0200] "GET /jp2023 HTTP/1.1" 301 245 "http://flair-2.clickysoft.net" "Mozilla/5.0 (Windows NT 10.0; WOW64) AppleWebKit/537.36 (KHTML, like Gecko) Chrome/86.0.4240.198 Safari/537.36"
200.10.41.149 - - [04/Aug/2024:14:16:05 +0200] "GET /ss.php?c_c HTTP/1.1" 301 249 "http://flair-2.clickysoft.net" "Mozilla/5.0 (Windows NT 10.0; WOW64) AppleWebKit/537.36 (KHTML, like Gecko) Chrome/86.0.4240.198 Safari/537.36"
138.186.137.126 - - [04/Aug/2024:14:16:06 +0200] "GET /ss.php?c_c HTTP/1.1" 301 249 "http://flair-2.clickysoft.net" "Mozilla/5.0 (Windows NT 10.0; WOW64) AppleWebKit/537.36 (KHTML, like Gecko) Chrome/86.0.4240.198 Safari/537.36"
91.92.244.3 - - [04/Aug/2024:14:33:05 +0200] "GET /.env HTTP/1.1" 301 247 "-" "Mozilla/5.0 (X11; Linux x86_64) AppleWebKit/537.36 (KHTML, like Gecko) Chrome/81.0.4044.129 Safari/537.36"
91.92.244.3 - - [04/Aug/2024:14:33:05 +0200] "POST / HTTP/1.1" 301 243 "-" "Mozilla/5.0 (X11; Linux x86_64) AppleWebKit/537.36 (KHTML, like Gecko) Chrome/81.0.4044.129 Safari/537.36"
168.151.228.98 - - [04/Aug/2024:14:34:48 +0200] "GET /jp2023 HTTP/1.1" 301 245 "http://flair-2.clickysoft.net" "Mozilla/5.0 (Windows NT 10.0; WOW64) AppleWebKit/537.36 (KHTML, like Gecko) Chrome/86.0.4240.198 Safari/537.36"
186.179.22.224 - - [04/Aug/2024:14:34:49 +0200] "GET /ss.php?c_c HTTP/1.1" 301 249 "http://flair-2.clickysoft.net" "Mozilla/5.0 (Windows NT 10.0; WOW64) AppleWebKit/537.36 (KHTML, like Gecko) Chrome/86.0.4240.198 Safari/537.36"
196.57.225.171 - - [04/Aug/2024:14:34:49 +0200] "GET /ss.php?c_c HTTP/1.1" 301 249 "http://flair-2.clickysoft.net" "Mozilla/5.0 (Windows NT 10.0; WOW64) AppleWebKit/537.36 (KHTML, like Gecko) Chrome/86.0.4240.198 Safari/537.36"
186.179.22.165 - - [04/Aug/2024:14:54:18 +0200] "GET /jp2023 HTTP/1.1" 301 245 "http://flair-2.clickysoft.net" "Mozilla/5.0 (Windows NT 10.0; WOW64) AppleWebKit/537.36 (KHTML, like Gecko) Chrome/86.0.4240.198 Safari/537.36"
162.212.173.23 - - [04/Aug/2024:14:54:18 +0200] "GET /ss.php?c_c HTTP/1.1" 301 249 "http://flair-2.clickysoft.net" "Mozilla/5.0 (Windows NT 10.0; WOW64) AppleWebKit/537.36 (KHTML, like Gecko) Chrome/86.0.4240.198 Safari/537.36"
216.109.161.50 - - [04/Aug/2024:14:54:19 +0200] "GET /ss.php?c_c HTTP/1.1" 301 249 "http://flair-2.clickysoft.net" "Mozilla/5.0 (Windows NT 10.0; WOW64) AppleWebKit/537.36 (KHTML, like Gecko) Chrome/86.0.4240.198 Safari/537.36"
93.185.162.20 - - [04/Aug/2024:15:11:39 +0200] "GET //alfa-rex.php7 HTTP/1.1" 301 256 "-" "Mozlila/5.0 (Linux; Android 7.0; SM-G892A Bulid/NRD90M; wv) AppleWebKit/537.36 (KHTML, like Gecko) Version/4.0 Chrome/60.0.3112.107 Moblie Safari/537.36"
162.212.170.83 - - [04/Aug/2024:15:12:44 +0200] "GET /jp2023 HTTP/1.1" 301 245 "http://flair-2.clickysoft.net" "Mozilla/5.0 (Windows NT 10.0; WOW64) AppleWebKit/537.36 (KHTML, like Gecko) Chrome/86.0.4240.198 Safari/537.36"
200.10.41.149 - - [04/Aug/2024:15:12:45 +0200] "GET /ss.php?c_c HTTP/1.1" 301 249 "http://flair-2.clickysoft.net" "Mozilla/5.0 (Windows NT 10.0; WOW64) AppleWebKit/537.36 (KHTML, like Gecko) Chrome/86.0.4240.198 Safari/537.36"
177.234.143.195 - - [04/Aug/2024:15:12:45 +0200] "GET /ss.php?c_c HTTP/1.1" 301 249 "http://flair-2.clickysoft.net" "Mozilla/5.0 (Windows NT 10.0; WOW64) AppleWebKit/537.36 (KHTML, like Gecko) Chrome/86.0.4240.198 Safari/537.36"
93.185.162.20 - - [04/Aug/2024:15:17:20 +0200] "GET //alfanew.php HTTP/1.1" 301 254 "-" "Mozlila/5.0 (Linux; Android 7.0; SM-G892A Bulid/NRD90M; wv) AppleWebKit/537.36 (KHTML, like Gecko) Version/4.0 Chrome/60.0.3112.107 Moblie Safari/537.36"
93.185.162.20 - - [04/Aug/2024:15:21:15 +0200] "GET //wp-content/plugins/Cache/Cache.php HTTP/1.1" 301 277 "-" "Mozlila/5.0 (Linux; Android 7.0; SM-G892A Bulid/NRD90M; wv) AppleWebKit/537.36 (KHTML, like Gecko) Version/4.0 Chrome/60.0.3112.107 Moblie Safari/537.36"
93.185.162.20 - - [04/Aug/2024:15:27:36 +0200] "GET //wp-admin/js/widgets/about.php7 HTTP/1.1" 301 273 "-" "Mozlila/5.0 (Linux; Android 7.0; SM-G892A Bulid/NRD90M; wv) AppleWebKit/537.36 (KHTML, like Gecko) Version/4.0 Chrome/60.0.3112.107 Moblie Safari/537.36"
191.102.165.58 - - [04/Aug/2024:15:31:33 +0200] "GET /jp2023 HTTP/1.1" 301 245 "http://flair-2.clickysoft.net" "Mozilla/5.0 (Windows NT 10.0; WOW64) AppleWebKit/537.36 (KHTML, like Gecko) Chrome/86.0.4240.198 Safari/537.36"
162.212.170.232 - - [04/Aug/2024:15:31:34 +0200] "GET /ss.php?c_c HTTP/1.1" 301 249 "http://flair-2.clickysoft.net" "Mozilla/5.0 (Windows NT 10.0; WOW64) AppleWebKit/537.36 (KHTML, like Gecko) Chrome/86.0.4240.198 Safari/537.36"
181.177.111.180 - - [04/Aug/2024:15:31:34 +0200] "GET /ss.php?c_c HTTP/1.1" 301 249 "http://flair-2.clickysoft.net" "Mozilla/5.0 (Windows NT 10.0; WOW64) AppleWebKit/537.36 (KHTML, like Gecko) Chrome/86.0.4240.198 Safari/537.36"
93.185.162.20 - - [04/Aug/2024:15:32:17 +0200] "GET //wp-p.php7 HTTP/1.1" 301 252 "-" "Mozlila/5.0 (Linux; Android 7.0; SM-G892A Bulid/NRD90M; wv) AppleWebKit/537.36 (KHTML, like Gecko) Version/4.0 Chrome/60.0.3112.107 Moblie Safari/537.36"
93.185.162.20 - - [04/Aug/2024:15:38:18 +0200] "GET //wp-admin/repeater.php HTTP/1.1" 301 264 "-" "Mozlila/5.0 (Linux; Android 7.0; SM-G892A Bulid/NRD90M; wv) AppleWebKit/537.36 (KHTML, like Gecko) Version/4.0 Chrome/60.0.3112.107 Moblie Safari/537.36"
93.185.162.20 - - [04/Aug/2024:15:42:11 +0200] "GET //wp-includes/repeater.php HTTP/1.1" 301 267 "-" "Mozlila/5.0 (Linux; Android 7.0; SM-G892A Bulid/NRD90M; wv) AppleWebKit/537.36 (KHTML, like Gecko) Version/4.0 Chrome/60.0.3112.107 Moblie Safari/537.36"
93.185.162.20 - - [04/Aug/2024:15:47:59 +0200] "GET //wp-content/repeater.php HTTP/1.1" 301 266 "-" "Mozlila/5.0 (Linux; Android 7.0; SM-G892A Bulid/NRD90M; wv) AppleWebKit/537.36 (KHTML, like Gecko) Version/4.0 Chrome/60.0.3112.107 Moblie Safari/537.36"
209.58.151.86 - - [04/Aug/2024:15:50:07 +0200] "GET /jp2023 HTTP/1.1" 301 245 "http://flair-2.clickysoft.net" "Mozilla/5.0 (Windows NT 10.0; WOW64) AppleWebKit/537.36 (KHTML, like Gecko) Chrome/86.0.4240.198 Safari/537.36"
191.102.165.158 - - [04/Aug/2024:15:50:07 +0200] "GET /ss.php?c_c HTTP/1.1" 301 249 "http://flair-2.clickysoft.net" "Mozilla/5.0 (Windows NT 10.0; WOW64) AppleWebKit/537.36 (KHTML, like Gecko) Chrome/86.0.4240.198 Safari/537.36"
172.245.194.215 - - [04/Aug/2024:15:50:08 +0200] "GET /ss.php?c_c HTTP/1.1" 301 249 "http://flair-2.clickysoft.net" "Mozilla/5.0 (Windows NT 10.0; WOW64) AppleWebKit/537.36 (KHTML, like Gecko) Chrome/86.0.4240.198 Safari/537.36"
93.185.162.20 - - [04/Aug/2024:15:51:51 +0200] "GET //yanz.php HTTP/1.1" 301 251 "-" "Mozlila/5.0 (Linux; Android 7.0; SM-G892A Bulid/NRD90M; wv) AppleWebKit/537.36 (KHTML, like Gecko) Version/4.0 Chrome/60.0.3112.107 Moblie Safari/537.36"
93.185.162.20 - - [04/Aug/2024:15:58:07 +0200] "GET //wp-admin/js/about.php HTTP/1.1" 301 264 "-" "Mozlila/5.0 (Linux; Android 7.0; SM-G892A Bulid/NRD90M; wv) AppleWebKit/537.36 (KHTML, like Gecko) Version/4.0 Chrome/60.0.3112.107 Moblie Safari/537.36"
93.185.162.20 - - [04/Aug/2024:16:03:47 +0200] "GET //wp-content/plugins/seoo/wsoyanz.php HTTP/1.1" 301 278 "-" "Mozlila/5.0 (Linux; Android 7.0; SM-G892A Bulid/NRD90M; wv) AppleWebKit/537.36 (KHTML, like Gecko) Version/4.0 Chrome/60.0.3112.107 Moblie Safari/537.36"
138.186.137.126 - - [04/Aug/2024:16:08:32 +0200] "GET /jp2023 HTTP/1.1" 301 245 "http://flair-2.clickysoft.net" "Mozilla/5.0 (Windows NT 10.0; WOW64) AppleWebKit/537.36 (KHTML, like Gecko) Chrome/86.0.4240.198 Safari/537.36"
162.212.170.83 - - [04/Aug/2024:16:08:32 +0200] "GET /ss.php?c_c HTTP/1.1" 301 249 "http://flair-2.clickysoft.net" "Mozilla/5.0 (Windows NT 10.0; WOW64) AppleWebKit/537.36 (KHTML, like Gecko) Chrome/86.0.4240.198 Safari/537.36"
177.234.143.195 - - [04/Aug/2024:16:08:33 +0200] "GET /ss.php?c_c HTTP/1.1" 301 249 "http://flair-2.clickysoft.net" "Mozilla/5.0 (Windows NT 10.0; WOW64) AppleWebKit/537.36 (KHTML, like Gecko) Chrome/86.0.4240.198 Safari/537.36"
93.185.162.20 - - [04/Aug/2024:16:10:14 +0200] "GET //wp-content/plugins/seoo/wsoyanz1.php HTTP/1.1" 301 279 "-" "Mozlila/5.0 (Linux; Android 7.0; SM-G892A Bulid/NRD90M; wv) AppleWebKit/537.36 (KHTML, like Gecko) Version/4.0 Chrome/60.0.3112.107 Moblie Safari/537.36"
93.185.162.20 - - [04/Aug/2024:16:17:14 +0200] "GET //cache-compat.php HTTP/1.1" 301 259 "-" "Mozlila/5.0 (Linux; Android 7.0; SM-G892A Bulid/NRD90M; wv) AppleWebKit/537.36 (KHTML, like Gecko) Version/4.0 Chrome/60.0.3112.107 Moblie Safari/537.36"
93.185.162.20 - - [04/Aug/2024:16:22:13 +0200] "GET //ajax-actions.php HTTP/1.1" 301 259 "-" "Mozlila/5.0 (Linux; Android 7.0; SM-G892A Bulid/NRD90M; wv) AppleWebKit/537.36 (KHTML, like Gecko) Version/4.0 Chrome/60.0.3112.107 Moblie Safari/537.36"
162.212.173.23 - - [04/Aug/2024:16:26:52 +0200] "GET /jp2023 HTTP/1.1" 301 245 "http://flair-2.clickysoft.net" "Mozilla/5.0 (Windows NT 10.0; WOW64) AppleWebKit/537.36 (KHTML, like Gecko) Chrome/86.0.4240.198 Safari/537.36"
162.212.173.33 - - [04/Aug/2024:16:26:52 +0200] "GET /ss.php?c_c HTTP/1.1" 301 249 "http://flair-2.clickysoft.net" "Mozilla/5.0 (Windows NT 10.0; WOW64) AppleWebKit/537.36 (KHTML, like Gecko) Chrome/86.0.4240.198 Safari/537.36"
186.179.22.224 - - [04/Aug/2024:16:26:53 +0200] "GET /ss.php?c_c HTTP/1.1" 301 249 "http://flair-2.clickysoft.net" "Mozilla/5.0 (Windows NT 10.0; WOW64) AppleWebKit/537.36 (KHTML, like Gecko) Chrome/86.0.4240.198 Safari/537.36"
93.185.162.20 - - [04/Aug/2024:16:27:41 +0200] "GET //wp-admin/ajax-actions.php HTTP/1.1" 301 268 "-" "Mozlila/5.0 (Linux; Android 7.0; SM-G892A Bulid/NRD90M; wv) AppleWebKit/537.36 (KHTML, like Gecko) Version/4.0 Chrome/60.0.3112.107 Moblie Safari/537.36"
93.185.162.20 - - [04/Aug/2024:16:32:06 +0200] "GET //wp-consar.php HTTP/1.1" 301 256 "-" "Mozlila/5.0 (Linux; Android 7.0; SM-G892A Bulid/NRD90M; wv) AppleWebKit/537.36 (KHTML, like Gecko) Version/4.0 Chrome/60.0.3112.107 Moblie Safari/537.36"
93.185.162.20 - - [04/Aug/2024:16:38:00 +0200] "GET //repeater.php HTTP/1.1" 301 255 "-" "Mozlila/5.0 (Linux; Android 7.0; SM-G892A Bulid/NRD90M; wv) AppleWebKit/537.36 (KHTML, like Gecko) Version/4.0 Chrome/60.0.3112.107 Moblie Safari/537.36"
93.185.162.20 - - [04/Aug/2024:16:42:01 +0200] "GET //admin-post.php HTTP/1.1" 301 257 "-" "Mozlila/5.0 (Linux; Android 7.0; SM-G892A Bulid/NRD90M; wv) AppleWebKit/537.36 (KHTML, like Gecko) Version/4.0 Chrome/60.0.3112.107 Moblie Safari/537.36"
192.210.147.36 - - [04/Aug/2024:16:46:54 +0200] "GET /jp2023 HTTP/1.1" 301 245 "http://flair-2.clickysoft.net" "Mozilla/5.0 (Windows NT 10.0; WOW64) AppleWebKit/537.36 (KHTML, like Gecko) Chrome/86.0.4240.198 Safari/537.36"
181.177.111.104 - - [04/Aug/2024:16:46:54 +0200] "GET /ss.php?c_c HTTP/1.1" 301 249 "http://flair-2.clickysoft.net" "Mozilla/5.0 (Windows NT 10.0; WOW64) AppleWebKit/537.36 (KHTML, like Gecko) Chrome/86.0.4240.198 Safari/537.36"
200.10.41.28 - - [04/Aug/2024:16:46:55 +0200] "GET /ss.php?c_c HTTP/1.1" 301 249 "http://flair-2.clickysoft.net" "Mozilla/5.0 (Windows NT 10.0; WOW64) AppleWebKit/537.36 (KHTML, like Gecko) Chrome/86.0.4240.198 Safari/537.36"
93.185.162.20 - - [04/Aug/2024:16:47:58 +0200] "GET //wp-admin/maint/maint/ajax-actions.php HTTP/1.1" 301 280 "-" "Mozlila/5.0 (Linux; Android 7.0; SM-G892A Bulid/NRD90M; wv) AppleWebKit/537.36 (KHTML, like Gecko) Version/4.0 Chrome/60.0.3112.107 Moblie Safari/537.36"
93.185.162.20 - - [04/Aug/2024:16:51:35 +0200] "GET //wp-admin/dropdown.php HTTP/1.1" 301 264 "-" "Mozlila/5.0 (Linux; Android 7.0; SM-G892A Bulid/NRD90M; wv) AppleWebKit/537.36 (KHTML, like Gecko) Version/4.0 Chrome/60.0.3112.107 Moblie Safari/537.36"
93.185.162.20 - - [04/Aug/2024:16:57:37 +0200] "GET //wp-admin/css/index.php HTTP/1.1" 301 265 "-" "Mozlila/5.0 (Linux; Android 7.0; SM-G892A Bulid/NRD90M; wv) AppleWebKit/537.36 (KHTML, like Gecko) Version/4.0 Chrome/60.0.3112.107 Moblie Safari/537.36"
93.185.162.20 - - [04/Aug/2024:17:01:42 +0200] "GET //dropdown.php HTTP/1.1" 301 255 "-" "Mozlila/5.0 (Linux; Android 7.0; SM-G892A Bulid/NRD90M; wv) AppleWebKit/537.36 (KHTML, like Gecko) Version/4.0 Chrome/60.0.3112.107 Moblie Safari/537.36"
162.212.173.33 - - [04/Aug/2024:17:06:12 +0200] "GET /jp2023 HTTP/1.1" 301 245 "http://flair-2.clickysoft.net" "Mozilla/5.0 (Windows NT 10.0; WOW64) AppleWebKit/537.36 (KHTML, like Gecko) Chrome/86.0.4240.198 Safari/537.36"
168.151.228.215 - - [04/Aug/2024:17:06:13 +0200] "GET /ss.php?c_c HTTP/1.1" 301 249 "http://flair-2.clickysoft.net" "Mozilla/5.0 (Windows NT 10.0; WOW64) AppleWebKit/537.36 (KHTML, like Gecko) Chrome/86.0.4240.198 Safari/537.36"
181.177.111.133 - - [04/Aug/2024:17:06:13 +0200] "GET /ss.php?c_c HTTP/1.1" 301 249 "http://flair-2.clickysoft.net" "Mozilla/5.0 (Windows NT 10.0; WOW64) AppleWebKit/537.36 (KHTML, like Gecko) Chrome/86.0.4240.198 Safari/537.36"
93.185.162.20 - - [04/Aug/2024:17:07:29 +0200] "GET //about.php HTTP/1.1" 301 252 "-" "Mozlila/5.0 (Linux; Android 7.0; SM-G892A Bulid/NRD90M; wv) AppleWebKit/537.36 (KHTML, like Gecko) Version/4.0 Chrome/60.0.3112.107 Moblie Safari/537.36"
93.185.162.20 - - [04/Aug/2024:17:10:43 +0200] "GET //admin.php HTTP/1.1" 301 252 "-" "Mozlila/5.0 (Linux; Android 7.0; SM-G892A Bulid/NRD90M; wv) AppleWebKit/537.36 (KHTML, like Gecko) Version/4.0 Chrome/60.0.3112.107 Moblie Safari/537.36"
93.185.162.20 - - [04/Aug/2024:17:15:36 +0200] "GET //about.php7 HTTP/1.1" 301 253 "-" "Mozlila/5.0 (Linux; Android 7.0; SM-G892A Bulid/NRD90M; wv) AppleWebKit/537.36 (KHTML, like Gecko) Version/4.0 Chrome/60.0.3112.107 Moblie Safari/537.36"
93.185.162.20 - - [04/Aug/2024:17:19:35 +0200] "GET /alfanew.php7 HTTP/1.1" 301 255 "-" "Mozlila/5.0 (Linux; Android 7.0; SM-G892A Bulid/NRD90M; wv) AppleWebKit/537.36 (KHTML, like Gecko) Version/4.0 Chrome/60.0.3112.107 Moblie Safari/537.36"
93.185.162.20 - - [04/Aug/2024:17:24:21 +0200] "GET //adminfuns.php7 HTTP/1.1" 301 257 "-" "Mozlila/5.0 (Linux; Android 7.0; SM-G892A Bulid/NRD90M; wv) AppleWebKit/537.36 (KHTML, like Gecko) Version/4.0 Chrome/60.0.3112.107 Moblie Safari/537.36"
198.240.116.143 - - [04/Aug/2024:17:24:55 +0200] "GET /jp2023 HTTP/1.1" 301 245 "http://flair-2.clickysoft.net" "Mozilla/5.0 (Windows NT 10.0; WOW64) AppleWebKit/537.36 (KHTML, like Gecko) Chrome/86.0.4240.198 Safari/537.36"
190.123.219.66 - - [04/Aug/2024:17:24:55 +0200] "GET /ss.php?c_c HTTP/1.1" 301 249 "http://flair-2.clickysoft.net" "Mozilla/5.0 (Windows NT 10.0; WOW64) AppleWebKit/537.36 (KHTML, like Gecko) Chrome/86.0.4240.198 Safari/537.36"
162.212.170.83 - - [04/Aug/2024:17:24:56 +0200] "GET /ss.php?c_c HTTP/1.1" 301 249 "http://flair-2.clickysoft.net" "Mozilla/5.0 (Windows NT 10.0; WOW64) AppleWebKit/537.36 (KHTML, like Gecko) Chrome/86.0.4240.198 Safari/537.36"
93.185.162.20 - - [04/Aug/2024:17:28:44 +0200] "GET //ebs.php7 HTTP/1.1" 301 251 "-" "Mozlila/5.0 (Linux; Android 7.0; SM-G892A Bulid/NRD90M; wv) AppleWebKit/537.36 (KHTML, like Gecko) Version/4.0 Chrome/60.0.3112.107 Moblie Safari/537.36"
93.185.162.20 - - [04/Aug/2024:17:31:51 +0200] "GET //ws.php7 HTTP/1.1" 301 250 "-" "Mozlila/5.0 (Linux; Android 7.0; SM-G892A Bulid/NRD90M; wv) AppleWebKit/537.36 (KHTML, like Gecko) Version/4.0 Chrome/60.0.3112.107 Moblie Safari/537.36"
93.185.162.20 - - [04/Aug/2024:17:37:09 +0200] "GET //alfanew2.php7 HTTP/1.1" 301 256 "-" "Mozlila/5.0 (Linux; Android 7.0; SM-G892A Bulid/NRD90M; wv) AppleWebKit/537.36 (KHTML, like Gecko) Version/4.0 Chrome/60.0.3112.107 Moblie Safari/537.36"
93.185.162.20 - - [04/Aug/2024:17:41:02 +0200] "GET /alfa-rex2.php7 HTTP/1.1" 301 257 "-" "Mozlila/5.0 (Linux; Android 7.0; SM-G892A Bulid/NRD90M; wv) AppleWebKit/537.36 (KHTML, like Gecko) Version/4.0 Chrome/60.0.3112.107 Moblie Safari/537.36"
162.212.170.232 - - [04/Aug/2024:17:43:53 +0200] "GET /jp2023 HTTP/1.1" 301 245 "http://flair-2.clickysoft.net" "Mozilla/5.0 (Windows NT 10.0; WOW64) AppleWebKit/537.36 (KHTML, like Gecko) Chrome/86.0.4240.198 Safari/537.36"
168.151.228.98 - - [04/Aug/2024:17:43:53 +0200] "GET /ss.php?c_c HTTP/1.1" 301 249 "http://flair-2.clickysoft.net" "Mozilla/5.0 (Windows NT 10.0; WOW64) AppleWebKit/537.36 (KHTML, like Gecko) Chrome/86.0.4240.198 Safari/537.36"
162.212.170.232 - - [04/Aug/2024:17:43:54 +0200] "GET /ss.php?c_c HTTP/1.1" 301 249 "http://flair-2.clickysoft.net" "Mozilla/5.0 (Windows NT 10.0; WOW64) AppleWebKit/537.36 (KHTML, like Gecko) Chrome/86.0.4240.198 Safari/537.36"
93.185.162.20 - - [04/Aug/2024:17:46:19 +0200] "GET /ioxi-rex4.php7 HTTP/1.1" 301 257 "-" "Mozlila/5.0 (Linux; Android 7.0; SM-G892A Bulid/NRD90M; wv) AppleWebKit/537.36 (KHTML, like Gecko) Version/4.0 Chrome/60.0.3112.107 Moblie Safari/537.36"
93.185.162.20 - - [04/Aug/2024:17:50:01 +0200] "GET //wp-content/plugins/seoo/alfa-ioxi.php HTTP/1.1" 301 280 "-" "Mozlila/5.0 (Linux; Android 7.0; SM-G892A Bulid/NRD90M; wv) AppleWebKit/537.36 (KHTML, like Gecko) Version/4.0 Chrome/60.0.3112.107 Moblie Safari/537.36"
93.185.162.20 - - [04/Aug/2024:17:54:35 +0200] "GET //wp-content/plugins/classic-editor/wp-login.php HTTP/1.1" 301 289 "-" "Mozlila/5.0 (Linux; Android 7.0; SM-G892A Bulid/NRD90M; wv) AppleWebKit/537.36 (KHTML, like Gecko) Version/4.0 Chrome/60.0.3112.107 Moblie Safari/537.36"
93.185.162.20 - - [04/Aug/2024:17:58:43 +0200] "GET //wp-head.php HTTP/1.1" 301 254 "-" "Mozlila/5.0 (Linux; Android 7.0; SM-G892A Bulid/NRD90M; wv) AppleWebKit/537.36 (KHTML, like Gecko) Version/4.0 Chrome/60.0.3112.107 Moblie Safari/537.36"
93.185.162.20 - - [04/Aug/2024:18:02:27 +0200] "GET //.well-known/pki-validation/xmrlpc.php?p= HTTP/1.1" 404 315 "-" "Mozlila/5.0 (Linux; Android 7.0; SM-G892A Bulid/NRD90M; wv) AppleWebKit/537.36 (KHTML, like Gecko) Version/4.0 Chrome/60.0.3112.107 Moblie Safari/537.36"
93.185.162.20 - - [04/Aug/2024:18:02:28 +0200] "GET //wp-includes/js/tinymce/skins/lightgray/img/index.php?p= HTTP/1.1" 301 298 "-" "Mozlila/5.0 (Linux; Android 7.0; SM-G892A Bulid/NRD90M; wv) AppleWebKit/537.36 (KHTML, like Gecko) Version/4.0 Chrome/60.0.3112.107 Moblie Safari/537.36"
192.210.189.170 - - [04/Aug/2024:18:03:08 +0200] "GET /jp2023 HTTP/1.1" 301 245 "http://flair-2.clickysoft.net" "Mozilla/5.0 (Windows NT 10.0; WOW64) AppleWebKit/537.36 (KHTML, like Gecko) Chrome/86.0.4240.198 Safari/537.36"
168.151.228.207 - - [04/Aug/2024:18:03:09 +0200] "GET /ss.php?c_c HTTP/1.1" 301 249 "http://flair-2.clickysoft.net" "Mozilla/5.0 (Windows NT 10.0; WOW64) AppleWebKit/537.36 (KHTML, like Gecko) Chrome/86.0.4240.198 Safari/537.36"
138.186.139.214 - - [04/Aug/2024:18:03:09 +0200] "GET /ss.php?c_c HTTP/1.1" 301 249 "http://flair-2.clickysoft.net" "Mozilla/5.0 (Windows NT 10.0; WOW64) AppleWebKit/537.36 (KHTML, like Gecko) Chrome/86.0.4240.198 Safari/537.36"
93.185.162.20 - - [04/Aug/2024:18:08:08 +0200] "GET //.well-known/acme-challenge/xmrlpc.php?p= HTTP/1.1" 301 283 "-" "Mozlila/5.0 (Linux; Android 7.0; SM-G892A Bulid/NRD90M; wv) AppleWebKit/537.36 (KHTML, like Gecko) Version/4.0 Chrome/60.0.3112.107 Moblie Safari/537.36"
93.185.162.20 - - [04/Aug/2024:18:11:31 +0200] "GET //wp-admin/network/xmrlpc.php?p= HTTP/1.1" 301 273 "-" "Mozlila/5.0 (Linux; Android 7.0; SM-G892A Bulid/NRD90M; wv) AppleWebKit/537.36 (KHTML, like Gecko) Version/4.0 Chrome/60.0.3112.107 Moblie Safari/537.36"
93.185.162.20 - - [04/Aug/2024:18:16:52 +0200] "GET //xmrlpc.php?p= HTTP/1.1" 301 256 "-" "Mozlila/5.0 (Linux; Android 7.0; SM-G892A Bulid/NRD90M; wv) AppleWebKit/537.36 (KHTML, like Gecko) Version/4.0 Chrome/60.0.3112.107 Moblie Safari/537.36"
93.185.162.20 - - [04/Aug/2024:18:20:58 +0200] "GET //cgi-bin/xmrlpc.php?p= HTTP/1.1" 301 264 "-" "Mozlila/5.0 (Linux; Android 7.0; SM-G892A Bulid/NRD90M; wv) AppleWebKit/537.36 (KHTML, like Gecko) Version/4.0 Chrome/60.0.3112.107 Moblie Safari/537.36"
198.202.171.235 - - [04/Aug/2024:18:21:29 +0200] "GET /jp2023 HTTP/1.1" 301 245 "http://flair-2.clickysoft.net" "Mozilla/5.0 (Windows NT 10.0; WOW64) AppleWebKit/537.36 (KHTML, like Gecko) Chrome/86.0.4240.198 Safari/537.36"
207.244.117.225 - - [04/Aug/2024:18:21:29 +0200] "GET /ss.php?c_c HTTP/1.1" 301 249 "http://flair-2.clickysoft.net" "Mozilla/5.0 (Windows NT 10.0; WOW64) AppleWebKit/537.36 (KHTML, like Gecko) Chrome/86.0.4240.198 Safari/537.36"
168.151.228.214 - - [04/Aug/2024:18:21:30 +0200] "GET /ss.php?c_c HTTP/1.1" 301 249 "http://flair-2.clickysoft.net" "Mozilla/5.0 (Windows NT 10.0; WOW64) AppleWebKit/537.36 (KHTML, like Gecko) Chrome/86.0.4240.198 Safari/537.36"
93.185.162.20 - - [04/Aug/2024:18:26:06 +0200] "GET //css/xmrlpc.php?p= HTTP/1.1" 301 260 "-" "Mozlila/5.0 (Linux; Android 7.0; SM-G892A Bulid/NRD90M; wv) AppleWebKit/537.36 (KHTML, like Gecko) Version/4.0 Chrome/60.0.3112.107 Moblie Safari/537.36"
93.185.162.20 - - [04/Aug/2024:18:30:38 +0200] "GET //wp-admin/user/xmrlpc.php?p= HTTP/1.1" 301 270 "-" "Mozlila/5.0 (Linux; Android 7.0; SM-G892A Bulid/NRD90M; wv) AppleWebKit/537.36 (KHTML, like Gecko) Version/4.0 Chrome/60.0.3112.107 Moblie Safari/537.36"
93.185.162.20 - - [04/Aug/2024:18:35:57 +0200] "GET //img/xmrlpc.php?p= HTTP/1.1" 301 260 "-" "Mozlila/5.0 (Linux; Android 7.0; SM-G892A Bulid/NRD90M; wv) AppleWebKit/537.36 (KHTML, like Gecko) Version/4.0 Chrome/60.0.3112.107 Moblie Safari/537.36"
93.185.162.20 - - [04/Aug/2024:18:40:26 +0200] "GET //wp-admin/css/colors/coffee/xmrlpc.php?p= HTTP/1.1" 301 283 "-" "Mozlila/5.0 (Linux; Android 7.0; SM-G892A Bulid/NRD90M; wv) AppleWebKit/537.36 (KHTML, like Gecko) Version/4.0 Chrome/60.0.3112.107 Moblie Safari/537.36"
181.177.111.87 - - [04/Aug/2024:18:40:33 +0200] "GET /jp2023 HTTP/1.1" 301 245 "http://flair-2.clickysoft.net" "Mozilla/5.0 (Windows NT 10.0; WOW64) AppleWebKit/537.36 (KHTML, like Gecko) Chrome/86.0.4240.198 Safari/537.36"
186.179.22.224 - - [04/Aug/2024:18:40:33 +0200] "GET /ss.php?c_c HTTP/1.1" 301 249 "http://flair-2.clickysoft.net" "Mozilla/5.0 (Windows NT 10.0; WOW64) AppleWebKit/537.36 (KHTML, like Gecko) Chrome/86.0.4240.198 Safari/537.36"
161.0.9.197 - - [04/Aug/2024:18:40:34 +0200] "GET /ss.php?c_c HTTP/1.1" 301 249 "http://flair-2.clickysoft.net" "Mozilla/5.0 (Windows NT 10.0; WOW64) AppleWebKit/537.36 (KHTML, like Gecko) Chrome/86.0.4240.198 Safari/537.36"
93.185.162.20 - - [04/Aug/2024:18:44:56 +0200] "GET //wp-admin/images/xmrlpc.php?p= HTTP/1.1" 301 272 "-" "Mozlila/5.0 (Linux; Android 7.0; SM-G892A Bulid/NRD90M; wv) AppleWebKit/537.36 (KHTML, like Gecko) Version/4.0 Chrome/60.0.3112.107 Moblie Safari/537.36"
93.185.162.20 - - [04/Aug/2024:18:49:28 +0200] "GET //images/xmrlpc.php?p= HTTP/1.1" 301 263 "-" "Mozlila/5.0 (Linux; Android 7.0; SM-G892A Bulid/NRD90M; wv) AppleWebKit/537.36 (KHTML, like Gecko) Version/4.0 Chrome/60.0.3112.107 Moblie Safari/537.36"
93.185.162.20 - - [04/Aug/2024:18:53:42 +0200] "GET //wp-admin/js/widgets/xmrlpc.php?p= HTTP/1.1" 301 276 "-" "Mozlila/5.0 (Linux; Android 7.0; SM-G892A Bulid/NRD90M; wv) AppleWebKit/537.36 (KHTML, like Gecko) Version/4.0 Chrome/60.0.3112.107 Moblie Safari/537.36"
93.185.162.20 - - [04/Aug/2024:18:58:42 +0200] "GET //wp-admin/css/colors/xmrlpc.php?p= HTTP/1.1" 301 276 "-" "Mozlila/5.0 (Linux; Android 7.0; SM-G892A Bulid/NRD90M; wv) AppleWebKit/537.36 (KHTML, like Gecko) Version/4.0 Chrome/60.0.3112.107 Moblie Safari/537.36"
190.123.219.66 - - [04/Aug/2024:18:59:30 +0200] "GET /jp2023 HTTP/1.1" 301 245 "http://flair-2.clickysoft.net" "Mozilla/5.0 (Windows NT 10.0; WOW64) AppleWebKit/537.36 (KHTML, like Gecko) Chrome/86.0.4240.198 Safari/537.36"
138.186.139.214 - - [04/Aug/2024:18:59:30 +0200] "GET /ss.php?c_c HTTP/1.1" 301 249 "http://flair-2.clickysoft.net" "Mozilla/5.0 (Windows NT 10.0; WOW64) AppleWebKit/537.36 (KHTML, like Gecko) Chrome/86.0.4240.198 Safari/537.36"
192.210.189.170 - - [04/Aug/2024:18:59:31 +0200] "GET /ss.php?c_c HTTP/1.1" 301 249 "http://flair-2.clickysoft.net" "Mozilla/5.0 (Windows NT 10.0; WOW64) AppleWebKit/537.36 (KHTML, like Gecko) Chrome/86.0.4240.198 Safari/537.36"
93.185.162.20 - - [04/Aug/2024:19:01:21 +0200] "GET //wp-admin/includes/xmrlpc.php?p= HTTP/1.1" 301 274 "-" "Mozlila/5.0 (Linux; Android 7.0; SM-G892A Bulid/NRD90M; wv) AppleWebKit/537.36 (KHTML, like Gecko) Version/4.0 Chrome/60.0.3112.107 Moblie Safari/537.36"
93.185.162.20 - - [04/Aug/2024:19:06:37 +0200] "GET //wp-admin/css/colors/blue/xmrlpc.php?p= HTTP/1.1" 301 281 "-" "Mozlila/5.0 (Linux; Android 7.0; SM-G892A Bulid/NRD90M; wv) AppleWebKit/537.36 (KHTML, like Gecko) Version/4.0 Chrome/60.0.3112.107 Moblie Safari/537.36"
93.185.162.20 - - [04/Aug/2024:19:10:08 +0200] "GET //wp-admin/xmrlpc.php?p= HTTP/1.1" 301 265 "-" "Mozlila/5.0 (Linux; Android 7.0; SM-G892A Bulid/NRD90M; wv) AppleWebKit/537.36 (KHTML, like Gecko) Version/4.0 Chrome/60.0.3112.107 Moblie Safari/537.36"
93.185.162.20 - - [04/Aug/2024:19:15:28 +0200] "GET //wso112233.php HTTP/1.1" 301 256 "-" "Mozlila/5.0 (Linux; Android 7.0; SM-G892A Bulid/NRD90M; wv) AppleWebKit/537.36 (KHTML, like Gecko) Version/4.0 Chrome/60.0.3112.107 Moblie Safari/537.36"
186.179.22.165 - - [04/Aug/2024:19:18:12 +0200] "GET /jp2023 HTTP/1.1" 301 245 "http://flair-2.clickysoft.net" "Mozilla/5.0 (Windows NT 10.0; WOW64) AppleWebKit/537.36 (KHTML, like Gecko) Chrome/86.0.4240.198 Safari/537.36"
181.177.111.87 - - [04/Aug/2024:19:18:13 +0200] "GET /ss.php?c_c HTTP/1.1" 301 249 "http://flair-2.clickysoft.net" "Mozilla/5.0 (Windows NT 10.0; WOW64) AppleWebKit/537.36 (KHTML, like Gecko) Chrome/86.0.4240.198 Safari/537.36"
46.29.250.252 - - [04/Aug/2024:19:18:13 +0200] "GET /ss.php?c_c HTTP/1.1" 301 249 "http://flair-2.clickysoft.net" "Mozilla/5.0 (Windows NT 10.0; WOW64) AppleWebKit/537.36 (KHTML, like Gecko) Chrome/86.0.4240.198 Safari/537.36"
93.185.162.20 - - [04/Aug/2024:19:19:33 +0200] "GET //dropdown.php HTTP/1.1" 301 255 "-" "Mozlila/5.0 (Linux; Android 7.0; SM-G892A Bulid/NRD90M; wv) AppleWebKit/537.36 (KHTML, like Gecko) Version/4.0 Chrome/60.0.3112.107 Moblie Safari/537.36"
93.185.162.20 - - [04/Aug/2024:19:25:08 +0200] "GET //wp-content/dropdown.php HTTP/1.1" 301 266 "-" "Mozlila/5.0 (Linux; Android 7.0; SM-G892A Bulid/NRD90M; wv) AppleWebKit/537.36 (KHTML, like Gecko) Version/4.0 Chrome/60.0.3112.107 Moblie Safari/537.36"
93.185.162.20 - - [04/Aug/2024:19:29:57 +0200] "GET //wp-includes/dropdown.php HTTP/1.1" 301 267 "-" "Mozlila/5.0 (Linux; Android 7.0; SM-G892A Bulid/NRD90M; wv) AppleWebKit/537.36 (KHTML, like Gecko) Version/4.0 Chrome/60.0.3112.107 Moblie Safari/537.36"
93.185.162.20 - - [04/Aug/2024:19:33:39 +0200] "GET //wp-admin/dropdown.php HTTP/1.1" 301 264 "-" "Mozlila/5.0 (Linux; Android 7.0; SM-G892A Bulid/NRD90M; wv) AppleWebKit/537.36 (KHTML, like Gecko) Version/4.0 Chrome/60.0.3112.107 Moblie Safari/537.36"
200.10.41.149 - - [04/Aug/2024:19:36:32 +0200] "GET /jp2023 HTTP/1.1" 301 245 "http://flair-2.clickysoft.net" "Mozilla/5.0 (Windows NT 10.0; WOW64) AppleWebKit/537.36 (KHTML, like Gecko) Chrome/86.0.4240.198 Safari/537.36"
198.202.171.235 - - [04/Aug/2024:19:36:32 +0200] "GET /ss.php?c_c HTTP/1.1" 301 249 "http://flair-2.clickysoft.net" "Mozilla/5.0 (Windows NT 10.0; WOW64) AppleWebKit/537.36 (KHTML, like Gecko) Chrome/86.0.4240.198 Safari/537.36"
198.202.171.235 - - [04/Aug/2024:19:36:33 +0200] "GET /ss.php?c_c HTTP/1.1" 301 249 "http://flair-2.clickysoft.net" "Mozilla/5.0 (Windows NT 10.0; WOW64) AppleWebKit/537.36 (KHTML, like Gecko) Chrome/86.0.4240.198 Safari/537.36"
93.185.162.20 - - [04/Aug/2024:19:38:27 +0200] "GET /cjfuns.php HTTP/1.1" 301 253 "-" "Mozlila/5.0 (Linux; Android 7.0; SM-G892A Bulid/NRD90M; wv) AppleWebKit/537.36 (KHTML, like Gecko) Version/4.0 Chrome/60.0.3112.107 Moblie Safari/537.36"
93.185.162.20 - - [04/Aug/2024:19:41:20 +0200] "GET //.well-known/index.php HTTP/1.1" 301 264 "-" "Mozlila/5.0 (Linux; Android 7.0; SM-G892A Bulid/NRD90M; wv) AppleWebKit/537.36 (KHTML, like Gecko) Version/4.0 Chrome/60.0.3112.107 Moblie Safari/537.36"
93.185.162.20 - - [04/Aug/2024:19:46:16 +0200] "GET //wp-content/plugins/seoplugins/mar.php HTTP/1.1" 301 280 "-" "Mozlila/5.0 (Linux; Android 7.0; SM-G892A Bulid/NRD90M; wv) AppleWebKit/537.36 (KHTML, like Gecko) Version/4.0 Chrome/60.0.3112.107 Moblie Safari/537.36"
93.185.162.20 - - [04/Aug/2024:19:49:52 +0200] "GET //wp-content/themes/seotheme/mar.php HTTP/1.1" 301 277 "-" "Mozlila/5.0 (Linux; Android 7.0; SM-G892A Bulid/NRD90M; wv) AppleWebKit/537.36 (KHTML, like Gecko) Version/4.0 Chrome/60.0.3112.107 Moblie Safari/537.36"
93.185.162.20 - - [04/Aug/2024:19:55:05 +0200] "GET //images/mar.php HTTP/1.1" 301 257 "-" "Mozlila/5.0 (Linux; Android 7.0; SM-G892A Bulid/NRD90M; wv) AppleWebKit/537.36 (KHTML, like Gecko) Version/4.0 Chrome/60.0.3112.107 Moblie Safari/537.36"
200.10.41.168 - - [04/Aug/2024:19:56:37 +0200] "GET /jp2023 HTTP/1.1" 301 245 "http://flair-2.clickysoft.net" "Mozilla/5.0 (Windows NT 10.0; WOW64) AppleWebKit/537.36 (KHTML, like Gecko) Chrome/86.0.4240.198 Safari/537.36"
207.244.117.64 - - [04/Aug/2024:19:56:38 +0200] "GET /ss.php?c_c HTTP/1.1" 301 249 "http://flair-2.clickysoft.net" "Mozilla/5.0 (Windows NT 10.0; WOW64) AppleWebKit/537.36 (KHTML, like Gecko) Chrome/86.0.4240.198 Safari/537.36"
209.58.151.86 - - [04/Aug/2024:19:56:38 +0200] "GET /ss.php?c_c HTTP/1.1" 301 249 "http://flair-2.clickysoft.net" "Mozilla/5.0 (Windows NT 10.0; WOW64) AppleWebKit/537.36 (KHTML, like Gecko) Chrome/86.0.4240.198 Safari/537.36"
93.185.162.20 - - [04/Aug/2024:19:59:39 +0200] "GET //marijuana.php HTTP/1.1" 301 256 "-" "Mozlila/5.0 (Linux; Android 7.0; SM-G892A Bulid/NRD90M; wv) AppleWebKit/537.36 (KHTML, like Gecko) Version/4.0 Chrome/60.0.3112.107 Moblie Safari/537.36"
93.185.162.20 - - [04/Aug/2024:20:03:23 +0200] "GET //wp-admin/css/colors/coffee/mari.php HTTP/1.1" 301 278 "-" "Mozlila/5.0 (Linux; Android 7.0; SM-G892A Bulid/NRD90M; wv) AppleWebKit/537.36 (KHTML, like Gecko) Version/4.0 Chrome/60.0.3112.107 Moblie Safari/537.36"
93.185.162.20 - - [04/Aug/2024:20:08:38 +0200] "GET //wp-admin/css/colors/coffee/marijuana.php HTTP/1.1" 301 283 "-" "Mozlila/5.0 (Linux; Android 7.0; SM-G892A Bulid/NRD90M; wv) AppleWebKit/537.36 (KHTML, like Gecko) Version/4.0 Chrome/60.0.3112.107 Moblie Safari/537.36"
93.185.162.20 - - [04/Aug/2024:20:12:34 +0200] "GET //wp-admin/css/colors/maro.php HTTP/1.1" 301 271 "-" "Mozlila/5.0 (Linux; Android 7.0; SM-G892A Bulid/NRD90M; wv) AppleWebKit/537.36 (KHTML, like Gecko) Version/4.0 Chrome/60.0.3112.107 Moblie Safari/537.36"
172.245.194.215 - - [04/Aug/2024:20:15:37 +0200] "GET /jp2023 HTTP/1.1" 301 245 "http://flair-2.clickysoft.net" "Mozilla/5.0 (Windows NT 10.0; WOW64) AppleWebKit/537.36 (KHTML, like Gecko) Chrome/86.0.4240.198 Safari/537.36"
198.240.116.143 - - [04/Aug/2024:20:15:37 +0200] "GET /ss.php?c_c HTTP/1.1" 301 249 "http://flair-2.clickysoft.net" "Mozilla/5.0 (Windows NT 10.0; WOW64) AppleWebKit/537.36 (KHTML, like Gecko) Chrome/86.0.4240.198 Safari/537.36"
198.240.116.143 - - [04/Aug/2024:20:15:38 +0200] "GET /ss.php?c_c HTTP/1.1" 301 249 "http://flair-2.clickysoft.net" "Mozilla/5.0 (Windows NT 10.0; WOW64) AppleWebKit/537.36 (KHTML, like Gecko) Chrome/86.0.4240.198 Safari/537.36"
93.185.162.20 - - [04/Aug/2024:20:18:05 +0200] "GET //wp-admin/css/mari.php HTTP/1.1" 301 264 "-" "Mozlila/5.0 (Linux; Android 7.0; SM-G892A Bulid/NRD90M; wv) AppleWebKit/537.36 (KHTML, like Gecko) Version/4.0 Chrome/60.0.3112.107 Moblie Safari/537.36"
93.185.162.20 - - [04/Aug/2024:20:21:17 +0200] "GET //wp-admin/css/maro.php HTTP/1.1" 301 264 "-" "Mozlila/5.0 (Linux; Android 7.0; SM-G892A Bulid/NRD90M; wv) AppleWebKit/537.36 (KHTML, like Gecko) Version/4.0 Chrome/60.0.3112.107 Moblie Safari/537.36"
93.185.162.20 - - [04/Aug/2024:20:26:43 +0200] "GET /wp-admin/mari.php HTTP/1.1" 301 260 "-" "Mozlila/5.0 (Linux; Android 7.0; SM-G892A Bulid/NRD90M; wv) AppleWebKit/537.36 (KHTML, like Gecko) Version/4.0 Chrome/60.0.3112.107 Moblie Safari/537.36"
93.185.162.20 - - [04/Aug/2024:20:30:28 +0200] "GET /wp-includes/mari.php HTTP/1.1" 301 263 "-" "Mozlila/5.0 (Linux; Android 7.0; SM-G892A Bulid/NRD90M; wv) AppleWebKit/537.36 (KHTML, like Gecko) Version/4.0 Chrome/60.0.3112.107 Moblie Safari/537.36"
172.245.93.141 - - [04/Aug/2024:20:33:52 +0200] "GET /jp2023 HTTP/1.1" 301 245 "http://flair-2.clickysoft.net" "Mozilla/5.0 (Windows NT 10.0; WOW64) AppleWebKit/537.36 (KHTML, like Gecko) Chrome/86.0.4240.198 Safari/537.36"
186.179.22.224 - - [04/Aug/2024:20:33:52 +0200] "GET /ss.php?c_c HTTP/1.1" 301 249 "http://flair-2.clickysoft.net" "Mozilla/5.0 (Windows NT 10.0; WOW64) AppleWebKit/537.36 (KHTML, like Gecko) Chrome/86.0.4240.198 Safari/537.36"
168.151.228.214 - - [04/Aug/2024:20:33:53 +0200] "GET /ss.php?c_c HTTP/1.1" 301 249 "http://flair-2.clickysoft.net" "Mozilla/5.0 (Windows NT 10.0; WOW64) AppleWebKit/537.36 (KHTML, like Gecko) Chrome/86.0.4240.198 Safari/537.36"
93.185.162.20 - - [04/Aug/2024:20:35:08 +0200] "GET /wp-content/mari.php HTTP/1.1" 301 262 "-" "Mozlila/5.0 (Linux; Android 7.0; SM-G892A Bulid/NRD90M; wv) AppleWebKit/537.36 (KHTML, like Gecko) Version/4.0 Chrome/60.0.3112.107 Moblie Safari/537.36"
93.185.162.20 - - [04/Aug/2024:20:39:27 +0200] "GET //css/index.php HTTP/1.1" 301 256 "-" "Mozlila/5.0 (Linux; Android 7.0; SM-G892A Bulid/NRD90M; wv) AppleWebKit/537.36 (KHTML, like Gecko) Version/4.0 Chrome/60.0.3112.107 Moblie Safari/537.36"
93.185.162.20 - - [04/Aug/2024:20:43:54 +0200] "GET //radio.php HTTP/1.1" 301 252 "-" "Mozlila/5.0 (Linux; Android 7.0; SM-G892A Bulid/NRD90M; wv) AppleWebKit/537.36 (KHTML, like Gecko) Version/4.0 Chrome/60.0.3112.107 Moblie Safari/537.36"
93.185.162.20 - - [04/Aug/2024:20:49:26 +0200] "GET //wp-content/plugins/seoplugins/db.php?u HTTP/1.1" 301 281 "-" "Mozlila/5.0 (Linux; Android 7.0; SM-G892A Bulid/NRD90M; wv) AppleWebKit/537.36 (KHTML, like Gecko) Version/4.0 Chrome/60.0.3112.107 Moblie Safari/537.36"
46.29.250.252 - - [04/Aug/2024:20:53:10 +0200] "GET /jp2023 HTTP/1.1" 301 245 "http://flair-2.clickysoft.net" "Mozilla/5.0 (Windows NT 10.0; WOW64) AppleWebKit/537.36 (KHTML, like Gecko) Chrome/86.0.4240.198 Safari/537.36"
162.212.173.23 - - [04/Aug/2024:20:53:10 +0200] "GET /ss.php?c_c HTTP/1.1" 301 249 "http://flair-2.clickysoft.net" "Mozilla/5.0 (Windows NT 10.0; WOW64) AppleWebKit/537.36 (KHTML, like Gecko) Chrome/86.0.4240.198 Safari/537.36"
186.179.22.224 - - [04/Aug/2024:20:53:11 +0200] "GET /ss.php?c_c HTTP/1.1" 301 249 "http://flair-2.clickysoft.net" "Mozilla/5.0 (Windows NT 10.0; WOW64) AppleWebKit/537.36 (KHTML, like Gecko) Chrome/86.0.4240.198 Safari/537.36"
93.185.162.20 - - [04/Aug/2024:20:53:16 +0200] "GET //wp-content/plugins/ccx/index.php HTTP/1.1" 301 275 "-" "Mozlila/5.0 (Linux; Android 7.0; SM-G892A Bulid/NRD90M; wv) AppleWebKit/537.36 (KHTML, like Gecko) Version/4.0 Chrome/60.0.3112.107 Moblie Safari/537.36"
93.185.162.20 - - [04/Aug/2024:20:59:12 +0200] "GET //ccx/index.php HTTP/1.1" 301 256 "-" "Mozlila/5.0 (Linux; Android 7.0; SM-G892A Bulid/NRD90M; wv) AppleWebKit/537.36 (KHTML, like Gecko) Version/4.0 Chrome/60.0.3112.107 Moblie Safari/537.36"
93.185.162.20 - - [04/Aug/2024:21:02:31 +0200] "GET //wp-content/plugins/ccx/index.php HTTP/1.1" 301 275 "-" "Mozlila/5.0 (Linux; Android 7.0; SM-G892A Bulid/NRD90M; wv) AppleWebKit/537.36 (KHTML, like Gecko) Version/4.0 Chrome/60.0.3112.107 Moblie Safari/537.36"
93.185.162.20 - - [04/Aug/2024:21:08:28 +0200] "GET //wp-content/themes/ccx/index.php HTTP/1.1" 301 274 "-" "Mozlila/5.0 (Linux; Android 7.0; SM-G892A Bulid/NRD90M; wv) AppleWebKit/537.36 (KHTML, like Gecko) Version/4.0 Chrome/60.0.3112.107 Moblie Safari/537.36"
200.10.41.168 - - [04/Aug/2024:21:11:17 +0200] "GET /jp2023 HTTP/1.1" 301 245 "http://flair-2.clickysoft.net" "Mozilla/5.0 (Windows NT 10.0; WOW64) AppleWebKit/537.36 (KHTML, like Gecko) Chrome/86.0.4240.198 Safari/537.36"
162.212.170.232 - - [04/Aug/2024:21:11:18 +0200] "GET /ss.php?c_c HTTP/1.1" 301 249 "http://flair-2.clickysoft.net" "Mozilla/5.0 (Windows NT 10.0; WOW64) AppleWebKit/537.36 (KHTML, like Gecko) Chrome/86.0.4240.198 Safari/537.36"
162.212.173.33 - - [04/Aug/2024:21:11:18 +0200] "GET /ss.php?c_c HTTP/1.1" 301 249 "http://flair-2.clickysoft.net" "Mozilla/5.0 (Windows NT 10.0; WOW64) AppleWebKit/537.36 (KHTML, like Gecko) Chrome/86.0.4240.198 Safari/537.36"
168.151.228.214 - - [04/Aug/2024:21:29:41 +0200] "GET /jp2023 HTTP/1.1" 301 245 "http://flair-2.clickysoft.net" "Mozilla/5.0 (Windows NT 10.0; WOW64) AppleWebKit/537.36 (KHTML, like Gecko) Chrome/86.0.4240.198 Safari/537.36"
216.109.161.50 - - [04/Aug/2024:21:29:42 +0200] "GET /ss.php?c_c HTTP/1.1" 301 249 "http://flair-2.clickysoft.net" "Mozilla/5.0 (Windows NT 10.0; WOW64) AppleWebKit/537.36 (KHTML, like Gecko) Chrome/86.0.4240.198 Safari/537.36"
162.212.170.83 - - [04/Aug/2024:21:29:42 +0200] "GET /ss.php?c_c HTTP/1.1" 301 249 "http://flair-2.clickysoft.net" "Mozilla/5.0 (Windows NT 10.0; WOW64) AppleWebKit/537.36 (KHTML, like Gecko) Chrome/86.0.4240.198 Safari/537.36"
84.46.244.126 - - [04/Aug/2024:21:45:12 +0200] "GET /.well-known/acme-challenge/3D132ZSAACYGM8YBMUYVIU31QAUCUMPX HTTP/1.1" 200 64 "-" "Cpanel-HTTP-Client/1.0"
84.46.244.126 - - [04/Aug/2024:21:45:12 +0200] "GET /.well-known/acme-challenge/2G8QCLAFVAO0GGFB5WFD6MFZY37Y72VA HTTP/1.1" 200 64 "-" "Cpanel-HTTP-Client/1.0"
23.178.112.214 - - [04/Aug/2024:21:45:21 +0200] "GET /.well-known/acme-challenge/iBcuMi7mzoL3cGL-SZCo95RvmoHq5DEBgsX7wWWQThs HTTP/1.1" 200 87 "-" "Mozilla/5.0 (compatible; Let's Encrypt validation server; +https://www.letsencrypt.org)"
23.178.112.210 - - [04/Aug/2024:21:45:21 +0200] "GET /.well-known/acme-challenge/DM5je42nS8kQdeFJ8ShbqGlZ-WQUnDxDf96VJlqF56k HTTP/1.1" 200 87 "-" "Mozilla/5.0 (compatible; Let's Encrypt validation server; +https://www.letsencrypt.org)"
16.171.147.42 - - [04/Aug/2024:21:45:21 +0200] "GET /.well-known/acme-challenge/iBcuMi7mzoL3cGL-SZCo95RvmoHq5DEBgsX7wWWQThs HTTP/1.1" 200 87 "-" "Mozilla/5.0 (compatible; Let's Encrypt validation server; +https://www.letsencrypt.org)"
3.147.69.149 - - [04/Aug/2024:21:45:21 +0200] "GET /.well-known/acme-challenge/iBcuMi7mzoL3cGL-SZCo95RvmoHq5DEBgsX7wWWQThs HTTP/1.1" 200 87 "-" "Mozilla/5.0 (compatible; Let's Encrypt validation server; +https://www.letsencrypt.org)"
51.20.130.97 - - [04/Aug/2024:21:45:21 +0200] "GET /.well-known/acme-challenge/DM5je42nS8kQdeFJ8ShbqGlZ-WQUnDxDf96VJlqF56k HTTP/1.1" 200 87 "-" "Mozilla/5.0 (compatible; Let's Encrypt validation server; +https://www.letsencrypt.org)"
35.92.55.171 - - [04/Aug/2024:21:45:21 +0200] "GET /.well-known/acme-challenge/iBcuMi7mzoL3cGL-SZCo95RvmoHq5DEBgsX7wWWQThs HTTP/1.1" 200 87 "-" "Mozilla/5.0 (compatible; Let's Encrypt validation server; +https://www.letsencrypt.org)"
3.147.69.149 - - [04/Aug/2024:21:45:22 +0200] "GET /.well-known/acme-challenge/DM5je42nS8kQdeFJ8ShbqGlZ-WQUnDxDf96VJlqF56k HTTP/1.1" 200 87 "-" "Mozilla/5.0 (compatible; Let's Encrypt validation server; +https://www.letsencrypt.org)"
35.92.55.171 - - [04/Aug/2024:21:45:22 +0200] "GET /.well-known/acme-challenge/DM5je42nS8kQdeFJ8ShbqGlZ-WQUnDxDf96VJlqF56k HTTP/1.1" 200 87 "-" "Mozilla/5.0 (compatible; Let's Encrypt validation server; +https://www.letsencrypt.org)"
13.213.61.165 - - [04/Aug/2024:21:45:22 +0200] "GET /.well-known/acme-challenge/iBcuMi7mzoL3cGL-SZCo95RvmoHq5DEBgsX7wWWQThs HTTP/1.1" 200 87 "-" "Mozilla/5.0 (compatible; Let's Encrypt validation server; +https://www.letsencrypt.org)"
13.213.61.165 - - [04/Aug/2024:21:45:22 +0200] "GET /.well-known/acme-challenge/DM5je42nS8kQdeFJ8ShbqGlZ-WQUnDxDf96VJlqF56k HTTP/1.1" 200 87 "-" "Mozilla/5.0 (compatible; Let's Encrypt validation server; +https://www.letsencrypt.org)"
138.68.86.32 - - [04/Aug/2024:21:45:30 +0200] "GET / HTTP/1.1" 301 239 "-" "-"
138.68.86.32 - - [04/Aug/2024:21:45:30 +0200] "GET / HTTP/1.1" 301 239 "-" "Mozilla/5.0 (Linux; Android 6.0; HTC One M9 Build/MRA366824) AppleWebKit/537.36 (KHTML, like Gecko) Chrome/52.0.1412.98 Mobile Safari/537.3"
138.68.86.32 - - [04/Aug/2024:21:45:30 +0200] "GET /server HTTP/1.1" 301 245 "-" "Go-http-client/1.1"
138.68.86.32 - - [04/Aug/2024:21:45:30 +0200] "GET /.vscode/sftp.json HTTP/1.1" 301 256 "-" "Go-http-client/1.1"
138.68.86.32 - - [04/Aug/2024:21:45:30 +0200] "GET /about HTTP/1.1" 301 244 "-" "Go-http-client/1.1"
138.68.86.32 - - [04/Aug/2024:21:45:30 +0200] "GET /debug/default/view?panel=config HTTP/1.1" 301 270 "-" "Go-http-client/1.1"
138.68.86.32 - - [04/Aug/2024:21:45:30 +0200] "GET /v2/_catalog HTTP/1.1" 301 250 "-" "Go-http-client/1.1"
138.68.86.32 - - [04/Aug/2024:21:45:30 +0200] "GET /ecp/Current/exporttool/microsoft.exchange.ediscovery.exporttool.application HTTP/1.1" 301 314 "-" "Go-http-client/1.1"
138.68.86.32 - - [04/Aug/2024:21:45:30 +0200] "GET /server-status HTTP/1.1" 301 252 "-" "Go-http-client/1.1"
138.68.86.32 - - [04/Aug/2024:21:45:30 +0200] "GET /login.action HTTP/1.1" 301 251 "-" "Go-http-client/1.1"
138.68.86.32 - - [04/Aug/2024:21:45:30 +0200] "GET /_all_dbs HTTP/1.1" 301 247 "-" "Mozilla/5.0 (l9scan/2.0.632313e2434323e26343e24383; +https://leakix.net)"
138.68.86.32 - - [04/Aug/2024:21:45:31 +0200] "GET /.DS_Store HTTP/1.1" 301 248 "-" "Go-http-client/1.1"
138.68.86.32 - - [04/Aug/2024:21:45:31 +0200] "GET /.env HTTP/1.1" 301 243 "-" "Go-http-client/1.1"
138.68.86.32 - - [04/Aug/2024:21:45:31 +0200] "GET /.git/config HTTP/1.1" 301 250 "-" "Go-http-client/1.1"
138.68.86.32 - - [04/Aug/2024:21:45:31 +0200] "GET /s/632313e2434323e26343e24383/_/;/META-INF/maven/com.atlassian.jira/jira-webapp-dist/pom.properties HTTP/1.1" 301 337 "-" "Go-http-client/1.1"
159.65.18.197 - - [04/Aug/2024:21:45:31 +0200] "GET / HTTP/1.1" 301 243 "-" "-"
138.68.86.32 - - [04/Aug/2024:21:45:31 +0200] "GET /config.json HTTP/1.1" 301 250 "-" "Go-http-client/1.1"
159.65.18.197 - - [04/Aug/2024:21:45:31 +0200] "GET / HTTP/1.1" 301 243 "-" "Mozilla/5.0 (Linux; Android 6.0; HTC One M9 Build/MRA366824) AppleWebKit/537.36 (KHTML, like Gecko) Chrome/52.0.1412.98 Mobile Safari/537.3"
138.68.86.32 - - [04/Aug/2024:21:45:31 +0200] "GET /telescope/requests HTTP/1.1" 301 257 "-" "Go-http-client/1.1"
138.68.86.32 - - [04/Aug/2024:21:45:31 +0200] "GET /?rest_route=/wp/v2/users/ HTTP/1.1" 301 264 "-" "Go-http-client/1.1"
159.65.18.197 - - [04/Aug/2024:21:45:31 +0200] "GET /server HTTP/1.1" 301 249 "-" "Go-http-client/1.1"
159.65.18.197 - - [04/Aug/2024:21:45:31 +0200] "GET /.vscode/sftp.json HTTP/1.1" 301 260 "-" "Go-http-client/1.1"
159.65.18.197 - - [04/Aug/2024:21:45:31 +0200] "GET /about HTTP/1.1" 301 248 "-" "Go-http-client/1.1"
159.65.18.197 - - [04/Aug/2024:21:45:31 +0200] "GET /debug/default/view?panel=config HTTP/1.1" 301 274 "-" "Go-http-client/1.1"
159.65.18.197 - - [04/Aug/2024:21:45:31 +0200] "GET /v2/_catalog HTTP/1.1" 301 254 "-" "Go-http-client/1.1"
159.65.18.197 - - [04/Aug/2024:21:45:31 +0200] "GET /ecp/Current/exporttool/microsoft.exchange.ediscovery.exporttool.application HTTP/1.1" 301 318 "-" "Go-http-client/1.1"
159.65.18.197 - - [04/Aug/2024:21:45:31 +0200] "GET /server-status HTTP/1.1" 301 256 "-" "Go-http-client/1.1"
159.65.18.197 - - [04/Aug/2024:21:45:31 +0200] "GET /login.action HTTP/1.1" 301 255 "-" "Go-http-client/1.1"
159.65.18.197 - - [04/Aug/2024:21:45:31 +0200] "GET /_all_dbs HTTP/1.1" 301 251 "-" "Mozilla/5.0 (l9scan/2.0.632313e2434323e26343e24383; +https://leakix.net)"
159.65.18.197 - - [04/Aug/2024:21:45:31 +0200] "GET /.DS_Store HTTP/1.1" 301 252 "-" "Go-http-client/1.1"
159.65.18.197 - - [04/Aug/2024:21:45:31 +0200] "GET /.env HTTP/1.1" 301 247 "-" "Go-http-client/1.1"
159.65.18.197 - - [04/Aug/2024:21:45:31 +0200] "GET /.git/config HTTP/1.1" 301 254 "-" "Go-http-client/1.1"
159.65.18.197 - - [04/Aug/2024:21:45:31 +0200] "GET /s/632313e2434323e26343e24383/_/;/META-INF/maven/com.atlassian.jira/jira-webapp-dist/pom.properties HTTP/1.1" 301 341 "-" "Go-http-client/1.1"
159.65.18.197 - - [04/Aug/2024:21:45:31 +0200] "GET /config.json HTTP/1.1" 301 254 "-" "Go-http-client/1.1"
159.65.18.197 - - [04/Aug/2024:21:45:31 +0200] "GET /telescope/requests HTTP/1.1" 301 261 "-" "Go-http-client/1.1"
159.65.18.197 - - [04/Aug/2024:21:45:31 +0200] "GET /?rest_route=/wp/v2/users/ HTTP/1.1" 301 268 "-" "Go-http-client/1.1"
207.241.236.83 - - [04/Aug/2024:21:45:47 +0200] "GET / HTTP/1.1" 301 243 "-" "Mozilla/5.0 (compatible; archive.org_bot +http://archive.org/details/archive.org_bot) Zeno/e8ed999 warc/v0.8.40"
205.169.39.7 - - [04/Aug/2024:21:46:43 +0200] "GET / HTTP/1.1" 301 239 "-" "Mozilla/5.0 (Windows NT 10.0; Win64; x64) AppleWebKit/537.36 (KHTML, like Gecko) Chrome/117.0.5938.132 Safari/537.36"
34.123.170.104 - - [04/Aug/2024:21:46:45 +0200] "GET / HTTP/1.1" 301 239 "-" "Mozilla/5.0 (X11; Linux x86_64) AppleWebKit/537.36 (KHTML, like Gecko) HeadlessChrome/92.0.4515.159 Safari/537.36"
205.169.39.7 - - [04/Aug/2024:21:46:50 +0200] "GET / HTTP/1.1" 301 239 "-" "Mozilla/5.0 (Windows NT 10.0) AppleWebKit/537.36 (KHTML, like Gecko) Chrome/106.0.0.0 Safari/537.36"
205.169.39.197 - - [04/Aug/2024:21:46:57 +0200] "GET / HTTP/1.1" 301 239 "-" "Mozilla/5.0 (Windows NT 6.1; Win64; x64) AppleWebKit/537.36 (KHTML, like Gecko) Chrome/83.0.4103.61 Safari/537.36"
181.177.111.87 - - [04/Aug/2024:21:48:43 +0200] "GET /jp2023 HTTP/1.1" 301 245 "http://flair-2.clickysoft.net" "Mozilla/5.0 (Windows NT 10.0; WOW64) AppleWebKit/537.36 (KHTML, like Gecko) Chrome/86.0.4240.198 Safari/537.36"
216.109.161.50 - - [04/Aug/2024:21:48:44 +0200] "GET /ss.php?c_c HTTP/1.1" 301 249 "http://flair-2.clickysoft.net" "Mozilla/5.0 (Windows NT 10.0; WOW64) AppleWebKit/537.36 (KHTML, like Gecko) Chrome/86.0.4240.198 Safari/537.36"
104.168.4.114 - - [04/Aug/2024:21:48:45 +0200] "GET /ss.php?c_c HTTP/1.1" 301 249 "http://flair-2.clickysoft.net" "Mozilla/5.0 (Windows NT 10.0; WOW64) AppleWebKit/537.36 (KHTML, like Gecko) Chrome/86.0.4240.198 Safari/537.36"
34.123.170.104 - - [04/Aug/2024:21:51:44 +0200] "GET / HTTP/1.1" 301 239 "-" "Mozilla/5.0 (X11; Linux x86_64) AppleWebKit/537.36 (KHTML, like Gecko) HeadlessChrome/92.0.4515.159 Safari/537.36"
181.177.111.104 - - [04/Aug/2024:22:07:21 +0200] "GET /jp2023 HTTP/1.1" 301 245 "http://flair-2.clickysoft.net" "Mozilla/5.0 (Windows NT 10.0; WOW64) AppleWebKit/537.36 (KHTML, like Gecko) Chrome/86.0.4240.198 Safari/537.36"
200.10.41.168 - - [04/Aug/2024:22:07:21 +0200] "GET /ss.php?c_c HTTP/1.1" 301 249 "http://flair-2.clickysoft.net" "Mozilla/5.0 (Windows NT 10.0; WOW64) AppleWebKit/537.36 (KHTML, like Gecko) Chrome/86.0.4240.198 Safari/537.36"
107.173.192.85 - - [04/Aug/2024:22:07:21 +0200] "GET /ss.php?c_c HTTP/1.1" 301 249 "http://flair-2.clickysoft.net" "Mozilla/5.0 (Windows NT 10.0; WOW64) AppleWebKit/537.36 (KHTML, like Gecko) Chrome/86.0.4240.198 Safari/537.36"
177.234.143.28 - - [04/Aug/2024:22:26:06 +0200] "GET /jp2023 HTTP/1.1" 301 245 "http://flair-2.clickysoft.net" "Mozilla/5.0 (Windows NT 10.0; WOW64) AppleWebKit/537.36 (KHTML, like Gecko) Chrome/86.0.4240.198 Safari/537.36"
162.212.170.232 - - [04/Aug/2024:22:26:06 +0200] "GET /ss.php?c_c HTTP/1.1" 301 249 "http://flair-2.clickysoft.net" "Mozilla/5.0 (Windows NT 10.0; WOW64) AppleWebKit/537.36 (KHTML, like Gecko) Chrome/86.0.4240.198 Safari/537.36"
198.240.116.143 - - [04/Aug/2024:22:26:07 +0200] "GET /ss.php?c_c HTTP/1.1" 301 249 "http://flair-2.clickysoft.net" "Mozilla/5.0 (Windows NT 10.0; WOW64) AppleWebKit/537.36 (KHTML, like Gecko) Chrome/86.0.4240.198 Safari/537.36"
186.179.22.165 - - [04/Aug/2024:22:44:50 +0200] "GET /jp2023 HTTP/1.1" 301 245 "http://flair-2.clickysoft.net" "Mozilla/5.0 (Windows NT 10.0; WOW64) AppleWebKit/537.36 (KHTML, like Gecko) Chrome/86.0.4240.198 Safari/537.36"
186.179.34.54 - - [04/Aug/2024:22:44:50 +0200] "GET /ss.php?c_c HTTP/1.1" 301 249 "http://flair-2.clickysoft.net" "Mozilla/5.0 (Windows NT 10.0; WOW64) AppleWebKit/537.36 (KHTML, like Gecko) Chrome/86.0.4240.198 Safari/537.36"
200.10.41.149 - - [04/Aug/2024:22:44:51 +0200] "GET /ss.php?c_c HTTP/1.1" 301 249 "http://flair-2.clickysoft.net" "Mozilla/5.0 (Windows NT 10.0; WOW64) AppleWebKit/537.36 (KHTML, like Gecko) Chrome/86.0.4240.198 Safari/537.36"
200.10.41.28 - - [04/Aug/2024:23:04:36 +0200] "GET /jp2023 HTTP/1.1" 301 245 "http://flair-2.clickysoft.net" "Mozilla/5.0 (Windows NT 10.0; WOW64) AppleWebKit/537.36 (KHTML, like Gecko) Chrome/86.0.4240.198 Safari/537.36"
46.29.250.252 - - [04/Aug/2024:23:04:36 +0200] "GET /ss.php?c_c HTTP/1.1" 301 249 "http://flair-2.clickysoft.net" "Mozilla/5.0 (Windows NT 10.0; WOW64) AppleWebKit/537.36 (KHTML, like Gecko) Chrome/86.0.4240.198 Safari/537.36"
162.212.171.21 - - [04/Aug/2024:23:04:37 +0200] "GET /ss.php?c_c HTTP/1.1" 301 249 "http://flair-2.clickysoft.net" "Mozilla/5.0 (Windows NT 10.0; WOW64) AppleWebKit/537.36 (KHTML, like Gecko) Chrome/86.0.4240.198 Safari/537.36"
209.58.151.86 - - [04/Aug/2024:23:24:02 +0200] "GET /jp2023 HTTP/1.1" 301 245 "http://flair-2.clickysoft.net" "Mozilla/5.0 (Windows NT 10.0; WOW64) AppleWebKit/537.36 (KHTML, like Gecko) Chrome/86.0.4240.198 Safari/537.36"
46.29.250.83 - - [04/Aug/2024:23:24:02 +0200] "GET /ss.php?c_c HTTP/1.1" 301 249 "http://flair-2.clickysoft.net" "Mozilla/5.0 (Windows NT 10.0; WOW64) AppleWebKit/537.36 (KHTML, like Gecko) Chrome/86.0.4240.198 Safari/537.36"
181.177.111.87 - - [04/Aug/2024:23:24:03 +0200] "GET /ss.php?c_c HTTP/1.1" 301 249 "http://flair-2.clickysoft.net" "Mozilla/5.0 (Windows NT 10.0; WOW64) AppleWebKit/537.36 (KHTML, like Gecko) Chrome/86.0.4240.198 Safari/537.36"
209.58.151.86 - - [04/Aug/2024:23:42:47 +0200] "GET /jp2023 HTTP/1.1" 301 245 "http://flair-2.clickysoft.net" "Mozilla/5.0 (Windows NT 10.0; WOW64) AppleWebKit/537.36 (KHTML, like Gecko) Chrome/86.0.4240.198 Safari/537.36"
162.212.170.83 - - [04/Aug/2024:23:42:47 +0200] "GET /ss.php?c_c HTTP/1.1" 301 249 "http://flair-2.clickysoft.net" "Mozilla/5.0 (Windows NT 10.0; WOW64) AppleWebKit/537.36 (KHTML, like Gecko) Chrome/86.0.4240.198 Safari/537.36"
181.177.111.104 - - [04/Aug/2024:23:42:48 +0200] "GET /ss.php?c_c HTTP/1.1" 301 249 "http://flair-2.clickysoft.net" "Mozilla/5.0 (Windows NT 10.0; WOW64) AppleWebKit/537.36 (KHTML, like Gecko) Chrome/86.0.4240.198 Safari/537.36"
181.177.111.104 - - [05/Aug/2024:00:01:20 +0200] "GET /jp2023 HTTP/1.1" 301 245 "http://flair-2.clickysoft.net" "Mozilla/5.0 (Windows NT 10.0; WOW64) AppleWebKit/537.36 (KHTML, like Gecko) Chrome/86.0.4240.198 Safari/537.36"
