47.79.98.205 - - [08/Jun/2025:04:21:18 +0200] "GET /resources/fonts/ HTTP/1.1" 200 817 "https://www.furfotos.clickysoft.net/resources/fonts" "Mozilla/5.0 (Windows NT 10.0; Win64; x64) AppleWebKit/537.36 (KHTML, like Gecko) Chrome/114.0.0.0 Safari/537.36 Edg/114.0.1823.43"
47.82.60.41 - - [08/Jun/2025:04:21:38 +0200] "GET /app/Listeners HTTP/1.1" 301 258 "https://www.furfotos.clickysoft.net/app/Listeners" "Mozilla/5.0 (Windows NT 10.0; Win64; x64) AppleWebKit/537.36 (KHTML, like Gecko) Chrome/114.0.0.0 Safari/537.36 Edg/114.0.1823.43"
47.82.60.41 - - [08/Jun/2025:04:21:38 +0200] "GET /app/Listeners/ HTTP/1.1" 200 824 "https://www.furfotos.clickysoft.net/app/Listeners" "Mozilla/5.0 (Windows NT 10.0; Win64; x64) AppleWebKit/537.36 (KHTML, like Gecko) Chrome/114.0.0.0 Safari/537.36 Edg/114.0.1823.43"
47.82.61.4 - - [08/Jun/2025:04:22:25 +0200] "GET /app/Notifications HTTP/1.1" 301 262 "https://www.furfotos.clickysoft.net/app/Notifications" "Mozilla/5.0 (Windows NT 10.0; Win64; x64) AppleWebKit/537.36 (KHTML, like Gecko) Chrome/114.0.0.0 Safari/537.36 Edg/114.0.1823.43"
47.82.61.4 - - [08/Jun/2025:04:22:25 +0200] "GET /app/Notifications/ HTTP/1.1" 200 2848 "https://www.furfotos.clickysoft.net/app/Notifications" "Mozilla/5.0 (Windows NT 10.0; Win64; x64) AppleWebKit/537.36 (KHTML, like Gecko) Chrome/114.0.0.0 Safari/537.36 Edg/114.0.1823.43"
47.82.60.85 - - [08/Jun/2025:04:23:01 +0200] "GET /app/Policies HTTP/1.1" 301 257 "https://www.furfotos.clickysoft.net/app/Policies" "Mozilla/5.0 (Windows NT 10.0; Win64; x64) AppleWebKit/537.36 (KHTML, like Gecko) Chrome/114.0.0.0 Safari/537.36 Edg/114.0.1823.43"
47.82.60.85 - - [08/Jun/2025:04:23:01 +0200] "GET /app/Policies/ HTTP/1.1" 200 1532 "https://www.furfotos.clickysoft.net/app/Policies" "Mozilla/5.0 (Windows NT 10.0; Win64; x64) AppleWebKit/537.36 (KHTML, like Gecko) Chrome/114.0.0.0 Safari/537.36 Edg/114.0.1823.43"
47.82.60.183 - - [08/Jun/2025:04:23:50 +0200] "GET /resources/css HTTP/1.1" 301 258 "https://www.furfotos.clickysoft.net/resources/css" "Mozilla/5.0 (Windows NT 10.0; Win64; x64) AppleWebKit/537.36 (KHTML, like Gecko) Chrome/114.0.0.0 Safari/537.36 Edg/114.0.1823.43"
47.82.60.183 - - [08/Jun/2025:04:23:50 +0200] "GET /resources/css/ HTTP/1.1" 200 1335 "https://www.furfotos.clickysoft.net/resources/css" "Mozilla/5.0 (Windows NT 10.0; Win64; x64) AppleWebKit/537.36 (KHTML, like Gecko) Chrome/114.0.0.0 Safari/537.36 Edg/114.0.1823.43"
47.79.3.237 - - [08/Jun/2025:04:23:57 +0200] "GET /resources/js HTTP/1.1" 301 257 "https://www.furfotos.clickysoft.net/resources/js" "Mozilla/5.0 (Windows NT 10.0; Win64; x64) AppleWebKit/537.36 (KHTML, like Gecko) Chrome/114.0.0.0 Safari/537.36 Edg/114.0.1823.43"
47.79.3.237 - - [08/Jun/2025:04:23:59 +0200] "GET /resources/js/ HTTP/1.1" 200 2055 "https://www.furfotos.clickysoft.net/resources/js" "Mozilla/5.0 (Windows NT 10.0; Win64; x64) AppleWebKit/537.36 (KHTML, like Gecko) Chrome/114.0.0.0 Safari/537.36 Edg/114.0.1823.43"
47.82.60.210 - - [08/Jun/2025:04:24:52 +0200] "GET /app/Services HTTP/1.1" 301 257 "https://www.furfotos.clickysoft.net/app/Services" "Mozilla/5.0 (Windows NT 10.0; Win64; x64) AppleWebKit/537.36 (KHTML, like Gecko) Chrome/114.0.0.0 Safari/537.36 Edg/114.0.1823.43"
47.82.60.210 - - [08/Jun/2025:04:24:53 +0200] "GET /app/Services/ HTTP/1.1" 200 974 "https://www.furfotos.clickysoft.net/app/Services" "Mozilla/5.0 (Windows NT 10.0; Win64; x64) AppleWebKit/537.36 (KHTML, like Gecko) Chrome/114.0.0.0 Safari/537.36 Edg/114.0.1823.43"
47.82.60.76 - - [08/Jun/2025:04:25:12 +0200] "GET /app/Console HTTP/1.1" 301 256 "https://www.furfotos.clickysoft.net/app/Console" "Mozilla/5.0 (Windows NT 10.0; Win64; x64) AppleWebKit/537.36 (KHTML, like Gecko) Chrome/114.0.0.0 Safari/537.36 Edg/114.0.1823.43"
47.82.60.76 - - [08/Jun/2025:04:25:12 +0200] "GET /app/Console/ HTTP/1.1" 200 794 "https://www.furfotos.clickysoft.net/app/Console" "Mozilla/5.0 (Windows NT 10.0; Win64; x64) AppleWebKit/537.36 (KHTML, like Gecko) Chrome/114.0.0.0 Safari/537.36 Edg/114.0.1823.43"
47.82.60.250 - - [08/Jun/2025:04:26:00 +0200] "GET /storage/oauth-private.key HTTP/1.1" 200 3322 "https://www.furfotos.clickysoft.net/storage/oauth-private.key" "Mozilla/5.0 (Windows NT 10.0; Win64; x64) AppleWebKit/537.36 (KHTML, like Gecko) Chrome/114.0.0.0 Safari/537.36 Edg/114.0.1823.43"
4.227.36.85 - - [08/Jun/2025:04:26:32 +0200] "GET /robots.txt HTTP/1.1" 404 - "-" "Mozilla/5.0 AppleWebKit/537.36 (KHTML, like Gecko; compatible; GPTBot/1.2; +https://openai.com/gptbot)"
20.171.207.201 - - [08/Jun/2025:04:26:33 +0200] "GET /vendor/aws/aws-sdk-php/src/data/license-manager-linux-subscriptions/2018-05-10/ HTTP/1.1" 200 1384 "-" "Mozilla/5.0 AppleWebKit/537.36 (KHTML, like Gecko; compatible; GPTBot/1.2; +https://openai.com/gptbot)"
4.227.36.36 - - [08/Jun/2025:04:26:35 +0200] "GET /robots.txt HTTP/1.1" 404 - "-" "Mozilla/5.0 AppleWebKit/537.36 (KHTML, like Gecko; compatible; GPTBot/1.2; +https://openai.com/gptbot)"
20.171.207.161 - - [08/Jun/2025:04:26:36 +0200] "GET /resources/js/theme.bundle.js HTTP/1.1" 200 7755 "-" "Mozilla/5.0 AppleWebKit/537.36 (KHTML, like Gecko; compatible; GPTBot/1.2; +https://openai.com/gptbot)"
20.171.207.201 - - [08/Jun/2025:04:26:36 +0200] "GET /vendor/aws/aws-sdk-php/src/data/wafv2/2019-07-29/smoke.json.php HTTP/1.1" 200 - "-" "Mozilla/5.0 AppleWebKit/537.36 (KHTML, like Gecko; compatible; GPTBot/1.2; +https://openai.com/gptbot)"
20.171.207.201 - - [08/Jun/2025:04:26:39 +0200] "GET /vendor/aws/aws-sdk-php/src/data/servicecatalog-appregistry/2020-06-24/endpoint-rule-set-1.json.php HTTP/1.1" 200 - "-" "Mozilla/5.0 AppleWebKit/537.36 (KHTML, like Gecko; compatible; GPTBot/1.2; +https://openai.com/gptbot)"
20.171.207.161 - - [08/Jun/2025:04:26:39 +0200] "GET /vendor/symfony/yaml/Tag/ HTTP/1.1" 200 839 "-" "Mozilla/5.0 AppleWebKit/537.36 (KHTML, like Gecko; compatible; GPTBot/1.2; +https://openai.com/gptbot)"
20.171.207.201 - - [08/Jun/2025:04:26:41 +0200] "GET /vendor/aws/aws-sdk-php/src/data/servicecatalog-appregistry/2020-06-24/?C=M%3BO%3DA HTTP/1.1" 200 1357 "-" "Mozilla/5.0 AppleWebKit/537.36 (KHTML, like Gecko; compatible; GPTBot/1.2; +https://openai.com/gptbot)"
20.171.207.161 - - [08/Jun/2025:04:26:42 +0200] "GET /vendor/symfony/var-exporter/ HTTP/1.1" 200 2843 "-" "Mozilla/5.0 AppleWebKit/537.36 (KHTML, like Gecko; compatible; GPTBot/1.2; +https://openai.com/gptbot)"
20.171.207.201 - - [08/Jun/2025:04:26:43 +0200] "GET /vendor/aws/aws-sdk-php/src/data/es/?C=M%3BO%3DA HTTP/1.1" 200 869 "-" "Mozilla/5.0 AppleWebKit/537.36 (KHTML, like Gecko; compatible; GPTBot/1.2; +https://openai.com/gptbot)"
20.171.207.161 - - [08/Jun/2025:04:26:44 +0200] "GET /furfotos-api/resources/lang/ HTTP/1.1" 200 838 "-" "Mozilla/5.0 AppleWebKit/537.36 (KHTML, like Gecko; compatible; GPTBot/1.2; +https://openai.com/gptbot)"
20.171.207.201 - - [08/Jun/2025:04:26:45 +0200] "GET /vendor/aws/aws-sdk-php/src/data/wafv2/2019-07-29/endpoint-rule-set-1.json.php HTTP/1.1" 200 - "-" "Mozilla/5.0 AppleWebKit/537.36 (KHTML, like Gecko; compatible; GPTBot/1.2; +https://openai.com/gptbot)"
20.171.207.161 - - [08/Jun/2025:04:26:47 +0200] "GET /vendor/imdhemy/appstore-iap/ HTTP/1.1" 200 3171 "-" "Mozilla/5.0 AppleWebKit/537.36 (KHTML, like Gecko; compatible; GPTBot/1.2; +https://openai.com/gptbot)"
20.171.207.201 - - [08/Jun/2025:04:26:47 +0200] "GET /vendor/aws/aws-sdk-php/src/data/sesv2/2019-09-27/paginators-1.json.php HTTP/1.1" 200 - "-" "Mozilla/5.0 AppleWebKit/537.36 (KHTML, like Gecko; compatible; GPTBot/1.2; +https://openai.com/gptbot)"
20.171.207.161 - - [08/Jun/2025:04:26:49 +0200] "GET /vendor/bin/psysh HTTP/1.1" 200 3318 "-" "Mozilla/5.0 AppleWebKit/537.36 (KHTML, like Gecko; compatible; GPTBot/1.2; +https://openai.com/gptbot)"
20.171.207.201 - - [08/Jun/2025:04:26:49 +0200] "GET /vendor/aws/aws-sdk-php/src/data/servicecatalog-appregistry/2020-06-24/paginators-1.json.php HTTP/1.1" 200 - "-" "Mozilla/5.0 AppleWebKit/537.36 (KHTML, like Gecko; compatible; GPTBot/1.2; +https://openai.com/gptbot)"
20.171.207.201 - - [08/Jun/2025:04:26:50 +0200] "GET /vendor/aws/aws-sdk-php/src/data/sesv2/2019-09-27/endpoint-rule-set-1.json.php HTTP/1.1" 200 - "-" "Mozilla/5.0 AppleWebKit/537.36 (KHTML, like Gecko; compatible; GPTBot/1.2; +https://openai.com/gptbot)"
20.171.207.161 - - [08/Jun/2025:04:26:51 +0200] "GET /vendor/bin/sail HTTP/1.1" 200 943 "-" "Mozilla/5.0 AppleWebKit/537.36 (KHTML, like Gecko; compatible; GPTBot/1.2; +https://openai.com/gptbot)"
20.171.207.201 - - [08/Jun/2025:04:26:52 +0200] "GET /vendor/aws/aws-sdk-php/src/data/servicecatalog-appregistry/2020-06-24/api-2.json.php HTTP/1.1" 200 - "-" "Mozilla/5.0 AppleWebKit/537.36 (KHTML, like Gecko; compatible; GPTBot/1.2; +https://openai.com/gptbot)"
20.171.207.161 - - [08/Jun/2025:04:26:52 +0200] "GET /app/Http/Livewire/Pages/ HTTP/1.1" 200 4486 "-" "Mozilla/5.0 AppleWebKit/537.36 (KHTML, like Gecko; compatible; GPTBot/1.2; +https://openai.com/gptbot)"
20.171.207.201 - - [08/Jun/2025:04:26:53 +0200] "GET /vendor/aws/aws-sdk-php/src/data/wafv2/2019-07-29/paginators-1.json.php HTTP/1.1" 200 - "-" "Mozilla/5.0 AppleWebKit/537.36 (KHTML, like Gecko; compatible; GPTBot/1.2; +https://openai.com/gptbot)"
20.171.207.161 - - [08/Jun/2025:04:26:54 +0200] "GET /furfotos-api/app/Mail/ContactFormSubmittedMail.php HTTP/1.1" 500 - "-" "Mozilla/5.0 AppleWebKit/537.36 (KHTML, like Gecko; compatible; GPTBot/1.2; +https://openai.com/gptbot)"
20.171.207.201 - - [08/Jun/2025:04:26:54 +0200] "GET /vendor/aws/aws-sdk-php/src/data/license-manager-linux-subscriptions/2018-05-10/endpoint-rule-set-1.json.php HTTP/1.1" 200 - "-" "Mozilla/5.0 AppleWebKit/537.36 (KHTML, like Gecko; compatible; GPTBot/1.2; +https://openai.com/gptbot)"
20.171.207.201 - - [08/Jun/2025:04:26:55 +0200] "GET /vendor/aws/aws-sdk-php/src/data/license-manager-linux-subscriptions/2018-05-10/api-2.json.php HTTP/1.1" 200 - "-" "Mozilla/5.0 AppleWebKit/537.36 (KHTML, like Gecko; compatible; GPTBot/1.2; +https://openai.com/gptbot)"
20.171.207.161 - - [08/Jun/2025:04:26:55 +0200] "GET /vendor/symfony/polyfill-uuid/ HTTP/1.1" 200 1557 "-" "Mozilla/5.0 AppleWebKit/537.36 (KHTML, like Gecko; compatible; GPTBot/1.2; +https://openai.com/gptbot)"
20.171.207.201 - - [08/Jun/2025:04:26:56 +0200] "GET /vendor/aws/aws-sdk-php/src/data/license-manager-linux-subscriptions/2018-05-10/paginators-1.json.php HTTP/1.1" 200 - "-" "Mozilla/5.0 AppleWebKit/537.36 (KHTML, like Gecko; compatible; GPTBot/1.2; +https://openai.com/gptbot)"
20.171.207.201 - - [08/Jun/2025:04:26:58 +0200] "GET /vendor/aws/aws-sdk-php/src/data/wafv2/2019-07-29/api-2.json.php HTTP/1.1" 200 - "-" "Mozilla/5.0 AppleWebKit/537.36 (KHTML, like Gecko; compatible; GPTBot/1.2; +https://openai.com/gptbot)"
20.171.207.201 - - [08/Jun/2025:04:26:59 +0200] "GET /vendor/aws/aws-sdk-php/src/data/sesv2/2019-09-27/api-2.json.php HTTP/1.1" 200 - "-" "Mozilla/5.0 AppleWebKit/537.36 (KHTML, like Gecko; compatible; GPTBot/1.2; +https://openai.com/gptbot)"
20.171.207.161 - - [08/Jun/2025:04:27:00 +0200] "GET /vendor/spatie/laravel-medialibrary-pro/src/MediaLibraryRequestHandler.php HTTP/1.1" 200 - "-" "Mozilla/5.0 AppleWebKit/537.36 (KHTML, like Gecko; compatible; GPTBot/1.2; +https://openai.com/gptbot)"
20.171.207.201 - - [08/Jun/2025:04:27:00 +0200] "GET /storage/framework/cache/data/8a/?C=N%3BO%3DD HTTP/1.1" 200 852 "-" "Mozilla/5.0 AppleWebKit/537.36 (KHTML, like Gecko; compatible; GPTBot/1.2; +https://openai.com/gptbot)"
20.171.207.201 - - [08/Jun/2025:04:27:01 +0200] "GET /vendor/aws/aws-sdk-php/src/data/voice-id/ HTTP/1.1" 200 881 "-" "Mozilla/5.0 AppleWebKit/537.36 (KHTML, like Gecko; compatible; GPTBot/1.2; +https://openai.com/gptbot)"
20.171.207.201 - - [08/Jun/2025:04:27:02 +0200] "GET /vendor/laravel/sanctum/LICENSE.md HTTP/1.1" 200 1075 "-" "Mozilla/5.0 AppleWebKit/537.36 (KHTML, like Gecko; compatible; GPTBot/1.2; +https://openai.com/gptbot)"
20.171.207.201 - - [08/Jun/2025:04:27:03 +0200] "GET /vendor/symfony/var-dumper/LICENSE HTTP/1.1" 200 1068 "-" "Mozilla/5.0 AppleWebKit/537.36 (KHTML, like Gecko; compatible; GPTBot/1.2; +https://openai.com/gptbot)"
20.171.207.201 - - [08/Jun/2025:04:27:05 +0200] "GET /furfotos-api/resources/js/bootstraps/livewire-events.js HTTP/1.1" 200 1146 "-" "Mozilla/5.0 AppleWebKit/537.36 (KHTML, like Gecko; compatible; GPTBot/1.2; +https://openai.com/gptbot)"
20.171.207.161 - - [08/Jun/2025:04:27:05 +0200] "GET /vendor/psr/simple-cache/?C=N%3BO%3DD HTTP/1.1" 200 1178 "-" "Mozilla/5.0 AppleWebKit/537.36 (KHTML, like Gecko; compatible; GPTBot/1.2; +https://openai.com/gptbot)"
20.171.207.201 - - [08/Jun/2025:04:27:06 +0200] "GET /vendor/spatie/laravel-medialibrary-pro/resources/views/ HTTP/1.1" 200 1103 "-" "Mozilla/5.0 AppleWebKit/537.36 (KHTML, like Gecko; compatible; GPTBot/1.2; +https://openai.com/gptbot)"
20.171.207.201 - - [08/Jun/2025:04:27:07 +0200] "GET /vendor/imdhemy/appstore-iap/bin/cer-to-pem.sh HTTP/1.1" 200 561 "-" "Mozilla/5.0 AppleWebKit/537.36 (KHTML, like Gecko; compatible; GPTBot/1.2; +https://openai.com/gptbot)"
20.171.207.201 - - [08/Jun/2025:04:27:08 +0200] "GET /vendor/laravel/socialite/LICENSE.md HTTP/1.1" 200 1075 "-" "Mozilla/5.0 AppleWebKit/537.36 (KHTML, like Gecko; compatible; GPTBot/1.2; +https://openai.com/gptbot)"
20.171.207.161 - - [08/Jun/2025:04:27:09 +0200] "GET /vendor/psr/simple-cache/?C=D%3BO%3DA HTTP/1.1" 200 1178 "-" "Mozilla/5.0 AppleWebKit/537.36 (KHTML, like Gecko; compatible; GPTBot/1.2; +https://openai.com/gptbot)"
20.171.207.161 - - [08/Jun/2025:04:27:11 +0200] "GET /vendor/mockery/mockery/library/Mockery/Exception/InvalidOrderException.php HTTP/1.1" 500 - "-" "Mozilla/5.0 AppleWebKit/537.36 (KHTML, like Gecko; compatible; GPTBot/1.2; +https://openai.com/gptbot)"
20.171.207.201 - - [08/Jun/2025:04:27:12 +0200] "GET /vendor/symfony/var-exporter/LICENSE HTTP/1.1" 200 1068 "-" "Mozilla/5.0 AppleWebKit/537.36 (KHTML, like Gecko; compatible; GPTBot/1.2; +https://openai.com/gptbot)"
20.171.207.201 - - [08/Jun/2025:04:27:14 +0200] "GET /vendor/sebastian/cli-parser/LICENSE HTTP/1.1" 200 1550 "-" "Mozilla/5.0 AppleWebKit/537.36 (KHTML, like Gecko; compatible; GPTBot/1.2; +https://openai.com/gptbot)"
20.171.207.161 - - [08/Jun/2025:04:27:14 +0200] "GET /vendor/livewire/livewire/dist/ HTTP/1.1" 200 1216 "-" "Mozilla/5.0 AppleWebKit/537.36 (KHTML, like Gecko; compatible; GPTBot/1.2; +https://openai.com/gptbot)"
20.171.207.201 - - [08/Jun/2025:04:27:15 +0200] "GET /vendor/symfony/routing/composer.json HTTP/1.1" 200 1308 "-" "Mozilla/5.0 AppleWebKit/537.36 (KHTML, like Gecko; compatible; GPTBot/1.2; +https://openai.com/gptbot)"
20.171.207.201 - - [08/Jun/2025:04:27:16 +0200] "GET /vendor/laravel/sanctum/composer.json HTTP/1.1" 200 1590 "-" "Mozilla/5.0 AppleWebKit/537.36 (KHTML, like Gecko; compatible; GPTBot/1.2; +https://openai.com/gptbot)"
20.171.207.201 - - [08/Jun/2025:04:27:17 +0200] "GET /vendor/laravel/cashier/composer.json HTTP/1.1" 200 2260 "-" "Mozilla/5.0 AppleWebKit/537.36 (KHTML, like Gecko; compatible; GPTBot/1.2; +https://openai.com/gptbot)"
20.171.207.201 - - [08/Jun/2025:04:27:18 +0200] "GET /vendor/aws/aws-sdk-php/src/data/voice-id/2021-09-27/ HTTP/1.1" 200 1303 "-" "Mozilla/5.0 AppleWebKit/537.36 (KHTML, like Gecko; compatible; GPTBot/1.2; +https://openai.com/gptbot)"
20.171.207.201 - - [08/Jun/2025:04:27:19 +0200] "GET /vendor/spatie/ignition/composer.json HTTP/1.1" 200 2519 "-" "Mozilla/5.0 AppleWebKit/537.36 (KHTML, like Gecko; compatible; GPTBot/1.2; +https://openai.com/gptbot)"
20.171.207.161 - - [08/Jun/2025:04:27:20 +0200] "GET /furfotos-api/app/View/Components/ReactionToolbar.php HTTP/1.1" 500 - "-" "Mozilla/5.0 AppleWebKit/537.36 (KHTML, like Gecko; compatible; GPTBot/1.2; +https://openai.com/gptbot)"
20.171.207.201 - - [08/Jun/2025:04:27:21 +0200] "GET /furfotos-api/resources/img/icons/payment-methods/hipercard.svg HTTP/1.1" 200 35252 "-" "Mozilla/5.0 AppleWebKit/537.36 (KHTML, like Gecko; compatible; GPTBot/1.2; +https://openai.com/gptbot)"
20.171.207.201 - - [08/Jun/2025:04:27:22 +0200] "GET /furfotos-api/resources/img/icons/payment-methods/mastercard.svg HTTP/1.1" 200 5983 "-" "Mozilla/5.0 AppleWebKit/537.36 (KHTML, like Gecko; compatible; GPTBot/1.2; +https://openai.com/gptbot)"
20.171.207.201 - - [08/Jun/2025:04:27:23 +0200] "GET /vendor/laravel/serializable-closure/src/SerializableClosure.php HTTP/1.1" 200 - "-" "Mozilla/5.0 AppleWebKit/537.36 (KHTML, like Gecko; compatible; GPTBot/1.2; +https://openai.com/gptbot)"
20.171.207.201 - - [08/Jun/2025:04:27:24 +0200] "GET /vendor/defuse/php-encryption/dist/signingkey.asc HTTP/1.1" 200 3104 "-" "Mozilla/5.0 AppleWebKit/537.36 (KHTML, like Gecko; compatible; GPTBot/1.2; +https://openai.com/gptbot)"
20.171.207.201 - - [08/Jun/2025:04:27:27 +0200] "GET /vendor/imdhemy/laravel-purchases/config/liap.php HTTP/1.1" 500 - "-" "Mozilla/5.0 AppleWebKit/537.36 (KHTML, like Gecko; compatible; GPTBot/1.2; +https://openai.com/gptbot)"
20.171.207.161 - - [08/Jun/2025:04:27:38 +0200] "GET /database/ HTTP/1.1" 200 1139 "-" "Mozilla/5.0 AppleWebKit/537.36 (KHTML, like Gecko; compatible; GPTBot/1.2; +https://openai.com/gptbot)"
20.171.207.201 - - [08/Jun/2025:04:27:38 +0200] "GET /resources/views/livewire/layout/footer.blade.php HTTP/1.1" 200 8198 "-" "Mozilla/5.0 AppleWebKit/537.36 (KHTML, like Gecko; compatible; GPTBot/1.2; +https://openai.com/gptbot)"
20.171.207.201 - - [08/Jun/2025:04:27:41 +0200] "GET /vendor/aws/aws-sdk-php/src/data/elasticloadbalancingv2/ HTTP/1.1" 200 909 "-" "Mozilla/5.0 AppleWebKit/537.36 (KHTML, like Gecko; compatible; GPTBot/1.2; +https://openai.com/gptbot)"
20.171.207.201 - - [08/Jun/2025:04:27:43 +0200] "GET /resources/fonts/HK%20Grotesk%20Pro/HKGroteskPro-ExtraLightItalic.woff HTTP/1.1" 200 45444 "-" "Mozilla/5.0 AppleWebKit/537.36 (KHTML, like Gecko; compatible; GPTBot/1.2; +https://openai.com/gptbot)"
20.171.207.201 - - [08/Jun/2025:04:27:46 +0200] "GET /furfotos-api/vendor_static/spatie/laravel-medialibrary-pro/resources/lang/de/validation.php HTTP/1.1" 200 - "-" "Mozilla/5.0 AppleWebKit/537.36 (KHTML, like Gecko; compatible; GPTBot/1.2; +https://openai.com/gptbot)"
20.171.207.201 - - [08/Jun/2025:04:27:48 +0200] "GET /vendor/symfony/http-client/DependencyInjection/HttpClientPass.php HTTP/1.1" 500 - "-" "Mozilla/5.0 AppleWebKit/537.36 (KHTML, like Gecko; compatible; GPTBot/1.2; +https://openai.com/gptbot)"
20.171.207.161 - - [08/Jun/2025:04:27:49 +0200] "GET /vendor/symfony/css-selector/Node/ElementNode.php HTTP/1.1" 500 - "-" "Mozilla/5.0 AppleWebKit/537.36 (KHTML, like Gecko; compatible; GPTBot/1.2; +https://openai.com/gptbot)"
20.171.207.201 - - [08/Jun/2025:04:27:49 +0200] "GET /vendor/nikic/php-parser/LICENSE HTTP/1.1" 200 1520 "-" "Mozilla/5.0 AppleWebKit/537.36 (KHTML, like Gecko; compatible; GPTBot/1.2; +https://openai.com/gptbot)"
20.171.207.201 - - [08/Jun/2025:04:27:56 +0200] "GET /vendor/ralouphie/getallheaders/src/getallheaders.php HTTP/1.1" 200 - "-" "Mozilla/5.0 AppleWebKit/537.36 (KHTML, like Gecko; compatible; GPTBot/1.2; +https://openai.com/gptbot)"
20.171.207.201 - - [08/Jun/2025:04:28:02 +0200] "GET /vendor/laravel/sail/runtimes/8.0/ HTTP/1.1" 200 1228 "-" "Mozilla/5.0 AppleWebKit/537.36 (KHTML, like Gecko; compatible; GPTBot/1.2; +https://openai.com/gptbot)"
20.171.207.161 - - [08/Jun/2025:04:28:08 +0200] "GET /furfotos-api/app/Mail/ContactFormSubmittedMail.php HTTP/1.1" 500 - "-" "Mozilla/5.0 AppleWebKit/537.36 (KHTML, like Gecko; compatible; GPTBot/1.2; +https://openai.com/gptbot)"
20.171.207.201 - - [08/Jun/2025:04:28:09 +0200] "GET /vendor/aws/aws-sdk-php/src/data/voice-id/2021-09-27/endpoint-rule-set-1.json.php HTTP/1.1" 200 - "-" "Mozilla/5.0 AppleWebKit/537.36 (KHTML, like Gecko; compatible; GPTBot/1.2; +https://openai.com/gptbot)"
20.171.207.201 - - [08/Jun/2025:04:28:14 +0200] "GET /vendor/imdhemy/laravel-purchases/config/liap.php HTTP/1.1" 500 - "-" "Mozilla/5.0 AppleWebKit/537.36 (KHTML, like Gecko; compatible; GPTBot/1.2; +https://openai.com/gptbot)"
20.171.207.201 - - [08/Jun/2025:04:28:18 +0200] "GET /vendor/aws/aws-sdk-php/src/data/voice-id/2021-09-27/paginators-1.json.php HTTP/1.1" 200 - "-" "Mozilla/5.0 AppleWebKit/537.36 (KHTML, like Gecko; compatible; GPTBot/1.2; +https://openai.com/gptbot)"
20.171.207.201 - - [08/Jun/2025:04:28:30 +0200] "GET /vendor/aws/aws-sdk-php/src/data/voice-id/2021-09-27/api-2.json.php HTTP/1.1" 200 - "-" "Mozilla/5.0 AppleWebKit/537.36 (KHTML, like Gecko; compatible; GPTBot/1.2; +https://openai.com/gptbot)"
20.171.207.201 - - [08/Jun/2025:04:28:42 +0200] "GET /vendor/laravel/sail/runtimes/8.2/ HTTP/1.1" 200 1228 "-" "Mozilla/5.0 AppleWebKit/537.36 (KHTML, like Gecko; compatible; GPTBot/1.2; +https://openai.com/gptbot)"
20.171.207.201 - - [08/Jun/2025:04:28:53 +0200] "GET /vendor/laravel/sail/runtimes/8.1/ HTTP/1.1" 200 1228 "-" "Mozilla/5.0 AppleWebKit/537.36 (KHTML, like Gecko; compatible; GPTBot/1.2; +https://openai.com/gptbot)"
20.171.207.201 - - [08/Jun/2025:04:29:03 +0200] "GET /resources/views/livewire/layout/%7B%7B%20$link['url']%20%7D%7D HTTP/1.1" 404 - "-" "Mozilla/5.0 AppleWebKit/537.36 (KHTML, like Gecko; compatible; GPTBot/1.2; +https://openai.com/gptbot)"
20.171.207.161 - - [08/Jun/2025:04:29:09 +0200] "GET /vendor/psr/http-client/src/?C=S%3BO%3DA HTTP/1.1" 200 1451 "-" "Mozilla/5.0 AppleWebKit/537.36 (KHTML, like Gecko; compatible; GPTBot/1.2; +https://openai.com/gptbot)"
20.171.207.201 - - [08/Jun/2025:04:29:12 +0200] "GET /resources/views/livewire/layout/%7B%7B%20$socialMedia['url']%20%7D%7D HTTP/1.1" 404 - "-" "Mozilla/5.0 AppleWebKit/537.36 (KHTML, like Gecko; compatible; GPTBot/1.2; +https://openai.com/gptbot)"
47.82.60.188 - - [08/Jun/2025:04:29:21 +0200] "GET /storage/logs HTTP/1.1" 301 257 "https://www.furfotos.clickysoft.net/storage/logs" "Mozilla/5.0 (Windows NT 10.0; Win64; x64) AppleWebKit/537.36 (KHTML, like Gecko) Chrome/114.0.0.0 Safari/537.36 Edg/114.0.1823.43"
47.82.60.188 - - [08/Jun/2025:04:29:21 +0200] "GET /storage/logs/ HTTP/1.1" 200 801 "https://www.furfotos.clickysoft.net/storage/logs" "Mozilla/5.0 (Windows NT 10.0; Win64; x64) AppleWebKit/537.36 (KHTML, like Gecko) Chrome/114.0.0.0 Safari/537.36 Edg/114.0.1823.43"
20.171.207.201 - - [08/Jun/2025:04:29:21 +0200] "GET /vendor/aws/aws-sdk-php/src/data/elasticloadbalancingv2/2015-12-01/ HTTP/1.1" 200 1713 "-" "Mozilla/5.0 AppleWebKit/537.36 (KHTML, like Gecko; compatible; GPTBot/1.2; +https://openai.com/gptbot)"
20.171.207.201 - - [08/Jun/2025:04:29:30 +0200] "GET /vendor/laravel/sail/runtimes/8.3/ HTTP/1.1" 200 1228 "-" "Mozilla/5.0 AppleWebKit/537.36 (KHTML, like Gecko; compatible; GPTBot/1.2; +https://openai.com/gptbot)"
20.171.207.201 - - [08/Jun/2025:04:29:38 +0200] "GET /vendor/symfony/http-kernel/EventListener/LocaleListener.php HTTP/1.1" 500 - "-" "Mozilla/5.0 AppleWebKit/537.36 (KHTML, like Gecko; compatible; GPTBot/1.2; +https://openai.com/gptbot)"
20.171.207.201 - - [08/Jun/2025:04:29:45 +0200] "GET /vendor/laravel/sail/runtimes/8.0/start-container HTTP/1.1" 200 558 "-" "Mozilla/5.0 AppleWebKit/537.36 (KHTML, like Gecko; compatible; GPTBot/1.2; +https://openai.com/gptbot)"
47.82.60.245 - - [08/Jun/2025:04:29:53 +0200] "GET /storage/framework HTTP/1.1" 301 262 "https://www.furfotos.clickysoft.net/storage/framework" "Mozilla/5.0 (Windows NT 10.0; Win64; x64) AppleWebKit/537.36 (KHTML, like Gecko) Chrome/114.0.0.0 Safari/537.36 Edg/114.0.1823.43"
47.82.60.245 - - [08/Jun/2025:04:29:53 +0200] "GET /storage/framework/ HTTP/1.1" 200 1333 "https://www.furfotos.clickysoft.net/storage/framework" "Mozilla/5.0 (Windows NT 10.0; Win64; x64) AppleWebKit/537.36 (KHTML, like Gecko) Chrome/114.0.0.0 Safari/537.36 Edg/114.0.1823.43"
20.171.207.201 - - [08/Jun/2025:04:30:06 +0200] "GET /vendor/laravel/sail/runtimes/8.0/supervisord.conf HTTP/1.1" 200 337 "-" "Mozilla/5.0 AppleWebKit/537.36 (KHTML, like Gecko; compatible; GPTBot/1.2; +https://openai.com/gptbot)"
47.82.60.235 - - [08/Jun/2025:04:30:10 +0200] "GET /storage/oauth-public.key HTTP/1.1" 200 812 "https://www.furfotos.clickysoft.net/storage/oauth-public.key" "Mozilla/5.0 (Windows NT 10.0; Win64; x64) AppleWebKit/537.36 (KHTML, like Gecko) Chrome/114.0.0.0 Safari/537.36 Edg/114.0.1823.43"
20.171.207.161 - - [08/Jun/2025:04:30:15 +0200] "GET /vendor/psr/http-client/src/?C=M%3BO%3DA HTTP/1.1" 200 1451 "-" "Mozilla/5.0 AppleWebKit/537.36 (KHTML, like Gecko; compatible; GPTBot/1.2; +https://openai.com/gptbot)"
20.171.207.201 - - [08/Jun/2025:04:30:26 +0200] "GET /vendor/symfony/event-dispatcher/Debug/TraceableEventDispatcher.php HTTP/1.1" 500 - "-" "Mozilla/5.0 AppleWebKit/537.36 (KHTML, like Gecko; compatible; GPTBot/1.2; +https://openai.com/gptbot)"
20.171.207.201 - - [08/Jun/2025:04:30:44 +0200] "GET /storage/framework/views/65b3d01cc4dc8b20acbc2009724293e012c0922c.php HTTP/1.1" 200 227 "-" "Mozilla/5.0 AppleWebKit/537.36 (KHTML, like Gecko; compatible; GPTBot/1.2; +https://openai.com/gptbot)"
20.171.207.161 - - [08/Jun/2025:04:31:13 +0200] "GET /vendor/spatie/ray/src/?C=M%3BO%3DA HTTP/1.1" 200 3148 "-" "Mozilla/5.0 AppleWebKit/537.36 (KHTML, like Gecko; compatible; GPTBot/1.2; +https://openai.com/gptbot)"
47.79.123.171 - - [08/Jun/2025:04:31:18 +0200] "GET /storage/app HTTP/1.1" 301 256 "https://www.furfotos.clickysoft.net/storage/app" "Mozilla/5.0 (Windows NT 10.0; Win64; x64) AppleWebKit/537.36 (KHTML, like Gecko) Chrome/114.0.0.0 Safari/537.36 Edg/114.0.1823.43"
47.79.123.171 - - [08/Jun/2025:04:31:18 +0200] "GET /storage/app/ HTTP/1.1" 200 795 "https://www.furfotos.clickysoft.net/storage/app" "Mozilla/5.0 (Windows NT 10.0; Win64; x64) AppleWebKit/537.36 (KHTML, like Gecko) Chrome/114.0.0.0 Safari/537.36 Edg/114.0.1823.43"
20.171.207.201 - - [08/Jun/2025:04:31:36 +0200] "GET /vendor/laravel/sail/runtimes/8.2/start-container HTTP/1.1" 200 558 "-" "Mozilla/5.0 AppleWebKit/537.36 (KHTML, like Gecko; compatible; GPTBot/1.2; +https://openai.com/gptbot)"
20.171.207.161 - - [08/Jun/2025:04:32:04 +0200] "GET /vendor/spatie/ray/src/?C=S%3BO%3DA HTTP/1.1" 200 3148 "-" "Mozilla/5.0 AppleWebKit/537.36 (KHTML, like Gecko; compatible; GPTBot/1.2; +https://openai.com/gptbot)"
20.171.207.201 - - [08/Jun/2025:04:32:20 +0200] "GET /vendor/laravel/sail/runtimes/8.1/start-container HTTP/1.1" 200 558 "-" "Mozilla/5.0 AppleWebKit/537.36 (KHTML, like Gecko; compatible; GPTBot/1.2; +https://openai.com/gptbot)"
20.171.207.161 - - [08/Jun/2025:04:32:50 +0200] "GET /vendor/spatie/ray/bin/?C=M%3BO%3DA HTTP/1.1" 200 831 "-" "Mozilla/5.0 AppleWebKit/537.36 (KHTML, like Gecko; compatible; GPTBot/1.2; +https://openai.com/gptbot)"
20.171.207.201 - - [08/Jun/2025:04:33:02 +0200] "GET /vendor/laravel/sail/runtimes/8.1/supervisord.conf HTTP/1.1" 200 337 "-" "Mozilla/5.0 AppleWebKit/537.36 (KHTML, like Gecko; compatible; GPTBot/1.2; +https://openai.com/gptbot)"
47.82.60.73 - - [08/Jun/2025:04:34:09 +0200] "GET /tests/CreatesApplication.php HTTP/1.1" 200 - "https://www.furfotos.clickysoft.net/tests/CreatesApplication.php" "Mozilla/5.0 (Windows NT 10.0; Win64; x64) AppleWebKit/537.36 (KHTML, like Gecko) Chrome/114.0.0.0 Safari/537.36 Edg/114.0.1823.43"
20.171.207.201 - - [08/Jun/2025:04:35:28 +0200] "GET /vendor/laravel/sail/runtimes/8.2/supervisord.conf HTTP/1.1" 200 337 "-" "Mozilla/5.0 AppleWebKit/537.36 (KHTML, like Gecko; compatible; GPTBot/1.2; +https://openai.com/gptbot)"
20.171.207.161 - - [08/Jun/2025:04:35:28 +0200] "GET /vendor/symfony/translation/Catalogue/OperationInterface.php HTTP/1.1" 200 - "-" "Mozilla/5.0 AppleWebKit/537.36 (KHTML, like Gecko; compatible; GPTBot/1.2; +https://openai.com/gptbot)"
20.171.207.201 - - [08/Jun/2025:04:35:35 +0200] "GET /vendor/aws/aws-sdk-php/src/data/elasticloadbalancingv2/2015-12-01/smoke.json.php HTTP/1.1" 200 - "-" "Mozilla/5.0 AppleWebKit/537.36 (KHTML, like Gecko; compatible; GPTBot/1.2; +https://openai.com/gptbot)"
20.171.207.161 - - [08/Jun/2025:04:35:52 +0200] "GET /vendor/spatie/laravel-medialibrary-pro/resources/lang/ru/ HTTP/1.1" 200 938 "-" "Mozilla/5.0 AppleWebKit/537.36 (KHTML, like Gecko; compatible; GPTBot/1.2; +https://openai.com/gptbot)"
20.171.207.201 - - [08/Jun/2025:04:35:59 +0200] "GET /vendor/symfony/http-kernel/EventListener/LocaleListener.php HTTP/1.1" 500 - "-" "Mozilla/5.0 AppleWebKit/537.36 (KHTML, like Gecko; compatible; GPTBot/1.2; +https://openai.com/gptbot)"
20.171.207.161 - - [08/Jun/2025:04:36:02 +0200] "GET /vendor/staudenmeir/eloquent-has-many-deep/src/ HTTP/1.1" 200 1637 "-" "Mozilla/5.0 AppleWebKit/537.36 (KHTML, like Gecko; compatible; GPTBot/1.2; +https://openai.com/gptbot)"
47.82.60.204 - - [08/Jun/2025:04:36:18 +0200] "GET /tests/TestCase.php HTTP/1.1" 500 - "https://www.furfotos.clickysoft.net/tests/TestCase.php" "Mozilla/5.0 (Windows NT 10.0; Win64; x64) AppleWebKit/537.36 (KHTML, like Gecko) Chrome/114.0.0.0 Safari/537.36 Edg/114.0.1823.43"
20.171.207.201 - - [08/Jun/2025:04:36:27 +0200] "GET /vendor/aws/aws-sdk-php/src/data/elasticloadbalancingv2/2015-12-01/paginators-1.json.php HTTP/1.1" 200 - "-" "Mozilla/5.0 AppleWebKit/537.36 (KHTML, like Gecko; compatible; GPTBot/1.2; +https://openai.com/gptbot)"
20.171.207.161 - - [08/Jun/2025:04:36:31 +0200] "GET /resources/views/livewire/pages/verify-email.blade.php HTTP/1.1" 200 1054 "-" "Mozilla/5.0 AppleWebKit/537.36 (KHTML, like Gecko; compatible; GPTBot/1.2; +https://openai.com/gptbot)"
20.171.207.161 - - [08/Jun/2025:04:36:59 +0200] "GET /vendor/symfony/polyfill-intl-normalizer/Resources/ HTTP/1.1" 200 1078 "-" "Mozilla/5.0 AppleWebKit/537.36 (KHTML, like Gecko; compatible; GPTBot/1.2; +https://openai.com/gptbot)"
20.171.207.161 - - [08/Jun/2025:04:37:24 +0200] "GET /vendor/symfony/psr-http-message-bridge/ArgumentValueResolver/PsrServerRequestResolver.php HTTP/1.1" 500 - "-" "Mozilla/5.0 AppleWebKit/537.36 (KHTML, like Gecko; compatible; GPTBot/1.2; +https://openai.com/gptbot)"
20.171.207.201 - - [08/Jun/2025:04:37:27 +0200] "GET /vendor/aws/aws-sdk-php/src/data/elasticloadbalancingv2/2015-12-01/endpoint-rule-set-1.json.php HTTP/1.1" 200 - "-" "Mozilla/5.0 AppleWebKit/537.36 (KHTML, like Gecko; compatible; GPTBot/1.2; +https://openai.com/gptbot)"
20.171.207.161 - - [08/Jun/2025:04:37:46 +0200] "GET /vendor/doctrine/dbal/src/?C=S%3BO%3DA HTTP/1.1" 200 6629 "-" "Mozilla/5.0 AppleWebKit/537.36 (KHTML, like Gecko; compatible; GPTBot/1.2; +https://openai.com/gptbot)"
20.171.207.201 - - [08/Jun/2025:04:38:24 +0200] "GET /vendor/aws/aws-sdk-php/src/data/elasticloadbalancingv2/2015-12-01/waiters-2.json.php HTTP/1.1" 200 - "-" "Mozilla/5.0 AppleWebKit/537.36 (KHTML, like Gecko; compatible; GPTBot/1.2; +https://openai.com/gptbot)"
20.171.207.161 - - [08/Jun/2025:04:38:47 +0200] "GET /vendor/psr/http-client/src/?C=N%3BO%3DD HTTP/1.1" 200 1451 "-" "Mozilla/5.0 AppleWebKit/537.36 (KHTML, like Gecko; compatible; GPTBot/1.2; +https://openai.com/gptbot)"
47.82.60.184 - - [08/Jun/2025:04:38:57 +0200] "GET /tests/Feature HTTP/1.1" 301 258 "https://www.furfotos.clickysoft.net/tests/Feature" "Mozilla/5.0 (Windows NT 10.0; Win64; x64) AppleWebKit/537.36 (KHTML, like Gecko) Chrome/114.0.0.0 Safari/537.36 Edg/114.0.1823.43"
47.82.60.184 - - [08/Jun/2025:04:38:58 +0200] "GET /tests/Feature/ HTTP/1.1" 200 805 "https://www.furfotos.clickysoft.net/tests/Feature" "Mozilla/5.0 (Windows NT 10.0; Win64; x64) AppleWebKit/537.36 (KHTML, like Gecko) Chrome/114.0.0.0 Safari/537.36 Edg/114.0.1823.43"
20.171.207.201 - - [08/Jun/2025:04:39:17 +0200] "GET /vendor/aws/aws-sdk-php/src/data/elasticloadbalancingv2/2015-12-01/api-2.json.php HTTP/1.1" 200 - "-" "Mozilla/5.0 AppleWebKit/537.36 (KHTML, like Gecko; compatible; GPTBot/1.2; +https://openai.com/gptbot)"
20.171.207.161 - - [08/Jun/2025:04:39:44 +0200] "GET /vendor/doctrine/dbal/src/?C=M%3BO%3DA HTTP/1.1" 200 6629 "-" "Mozilla/5.0 AppleWebKit/537.36 (KHTML, like Gecko; compatible; GPTBot/1.2; +https://openai.com/gptbot)"
47.82.60.162 - - [08/Jun/2025:04:39:45 +0200] "GET /vendor/brick HTTP/1.1" 301 257 "https://www.furfotos.clickysoft.net/vendor/brick" "Mozilla/5.0 (Windows NT 10.0; Win64; x64) AppleWebKit/537.36 (KHTML, like Gecko) Chrome/114.0.0.0 Safari/537.36 Edg/114.0.1823.43"
47.82.60.162 - - [08/Jun/2025:04:39:45 +0200] "GET /vendor/brick/ HTTP/1.1" 200 794 "https://www.furfotos.clickysoft.net/vendor/brick" "Mozilla/5.0 (Windows NT 10.0; Win64; x64) AppleWebKit/537.36 (KHTML, like Gecko) Chrome/114.0.0.0 Safari/537.36 Edg/114.0.1823.43"
20.171.207.201 - - [08/Jun/2025:04:40:03 +0200] "GET /vendor/laravel/sail/runtimes/8.3/start-container HTTP/1.1" 200 558 "-" "Mozilla/5.0 AppleWebKit/537.36 (KHTML, like Gecko; compatible; GPTBot/1.2; +https://openai.com/gptbot)"
47.79.123.148 - - [08/Jun/2025:04:40:05 +0200] "GET /vendor/dflydev HTTP/1.1" 301 259 "https://www.furfotos.clickysoft.net/vendor/dflydev" "Mozilla/5.0 (Windows NT 10.0; Win64; x64) AppleWebKit/537.36 (KHTML, like Gecko) Chrome/114.0.0.0 Safari/537.36 Edg/114.0.1823.43"
47.79.123.148 - - [08/Jun/2025:04:40:05 +0200] "GET /vendor/dflydev/ HTTP/1.1" 200 809 "https://www.furfotos.clickysoft.net/vendor/dflydev" "Mozilla/5.0 (Windows NT 10.0; Win64; x64) AppleWebKit/537.36 (KHTML, like Gecko) Chrome/114.0.0.0 Safari/537.36 Edg/114.0.1823.43"
47.79.0.139 - - [08/Jun/2025:04:40:14 +0200] "GET /vendor/tijsverkoyen HTTP/1.1" 301 264 "https://www.furfotos.clickysoft.net/vendor/tijsverkoyen" "Mozilla/5.0 (Windows NT 10.0; Win64; x64) AppleWebKit/537.36 (KHTML, like Gecko) Chrome/114.0.0.0 Safari/537.36 Edg/114.0.1823.43"
47.79.0.139 - - [08/Jun/2025:04:40:14 +0200] "GET /vendor/tijsverkoyen/ HTTP/1.1" 200 824 "https://www.furfotos.clickysoft.net/vendor/tijsverkoyen" "Mozilla/5.0 (Windows NT 10.0; Win64; x64) AppleWebKit/537.36 (KHTML, like Gecko) Chrome/114.0.0.0 Safari/537.36 Edg/114.0.1823.43"
47.79.98.168 - - [08/Jun/2025:04:40:33 +0200] "GET /vendor/vlucas HTTP/1.1" 301 258 "https://www.furfotos.clickysoft.net/vendor/vlucas" "Mozilla/5.0 (Windows NT 10.0; Win64; x64) AppleWebKit/537.36 (KHTML, like Gecko) Chrome/114.0.0.0 Safari/537.36 Edg/114.0.1823.43"
47.79.123.96 - - [08/Jun/2025:04:40:33 +0200] "GET /vendor/psy HTTP/1.1" 301 255 "https://www.furfotos.clickysoft.net/vendor/psy" "Mozilla/5.0 (Windows NT 10.0; Win64; x64) AppleWebKit/537.36 (KHTML, like Gecko) Chrome/114.0.0.0 Safari/537.36 Edg/114.0.1823.43"
47.79.98.168 - - [08/Jun/2025:04:40:33 +0200] "GET /vendor/vlucas/ HTTP/1.1" 200 801 "https://www.furfotos.clickysoft.net/vendor/vlucas" "Mozilla/5.0 (Windows NT 10.0; Win64; x64) AppleWebKit/537.36 (KHTML, like Gecko) Chrome/114.0.0.0 Safari/537.36 Edg/114.0.1823.43"
47.79.123.96 - - [08/Jun/2025:04:40:33 +0200] "GET /vendor/psy/ HTTP/1.1" 200 791 "https://www.furfotos.clickysoft.net/vendor/psy" "Mozilla/5.0 (Windows NT 10.0; Win64; x64) AppleWebKit/537.36 (KHTML, like Gecko) Chrome/114.0.0.0 Safari/537.36 Edg/114.0.1823.43"
20.171.207.161 - - [08/Jun/2025:04:40:35 +0200] "GET /vendor/psr/http-client/src/?C=D%3BO%3DA HTTP/1.1" 200 1451 "-" "Mozilla/5.0 AppleWebKit/537.36 (KHTML, like Gecko; compatible; GPTBot/1.2; +https://openai.com/gptbot)"
47.82.60.50 - - [08/Jun/2025:04:40:42 +0200] "GET /vendor/maennchen HTTP/1.1" 301 261 "https://www.furfotos.clickysoft.net/vendor/maennchen" "Mozilla/5.0 (Windows NT 10.0; Win64; x64) AppleWebKit/537.36 (KHTML, like Gecko) Chrome/114.0.0.0 Safari/537.36 Edg/114.0.1823.43"
47.82.60.50 - - [08/Jun/2025:04:40:42 +0200] "GET /vendor/maennchen/ HTTP/1.1" 200 811 "https://www.furfotos.clickysoft.net/vendor/maennchen" "Mozilla/5.0 (Windows NT 10.0; Win64; x64) AppleWebKit/537.36 (KHTML, like Gecko) Chrome/114.0.0.0 Safari/537.36 Edg/114.0.1823.43"
20.171.207.201 - - [08/Jun/2025:04:40:43 +0200] "GET /vendor/laravel/sail/runtimes/8.3/supervisord.conf HTTP/1.1" 200 337 "-" "Mozilla/5.0 AppleWebKit/537.36 (KHTML, like Gecko; compatible; GPTBot/1.2; +https://openai.com/gptbot)"
47.82.60.36 - - [08/Jun/2025:04:40:47 +0200] "GET /vendor/berkayk HTTP/1.1" 301 259 "https://www.furfotos.clickysoft.net/vendor/berkayk" "Mozilla/5.0 (Windows NT 10.0; Win64; x64) AppleWebKit/537.36 (KHTML, like Gecko) Chrome/114.0.0.0 Safari/537.36 Edg/114.0.1823.43"
47.82.60.36 - - [08/Jun/2025:04:40:47 +0200] "GET /vendor/berkayk/ HTTP/1.1" 200 811 "https://www.furfotos.clickysoft.net/vendor/berkayk" "Mozilla/5.0 (Windows NT 10.0; Win64; x64) AppleWebKit/537.36 (KHTML, like Gecko) Chrome/114.0.0.0 Safari/537.36 Edg/114.0.1823.43"
20.171.207.201 - - [08/Jun/2025:04:41:19 +0200] "GET /storage/framework/views/e4b08e3854897dd2b7ffb8b6f2b251743d06644b.php HTTP/1.1" 200 32 "-" "Mozilla/5.0 AppleWebKit/537.36 (KHTML, like Gecko; compatible; GPTBot/1.2; +https://openai.com/gptbot)"
20.171.207.161 - - [08/Jun/2025:04:41:20 +0200] "GET /vendor/egulias/email-validator/src/EmailLexer.php HTTP/1.1" 500 - "-" "Mozilla/5.0 AppleWebKit/537.36 (KHTML, like Gecko; compatible; GPTBot/1.2; +https://openai.com/gptbot)"
47.82.60.114 - - [08/Jun/2025:04:41:46 +0200] "GET /vendor/sabberworm HTTP/1.1" 301 262 "https://www.furfotos.clickysoft.net/vendor/sabberworm" "Mozilla/5.0 (Windows NT 10.0; Win64; x64) AppleWebKit/537.36 (KHTML, like Gecko) Chrome/114.0.0.0 Safari/537.36 Edg/114.0.1823.43"
47.82.60.114 - - [08/Jun/2025:04:41:46 +0200] "GET /vendor/sabberworm/ HTTP/1.1" 200 814 "https://www.furfotos.clickysoft.net/vendor/sabberworm" "Mozilla/5.0 (Windows NT 10.0; Win64; x64) AppleWebKit/537.36 (KHTML, like Gecko) Chrome/114.0.0.0 Safari/537.36 Edg/114.0.1823.43"
47.82.60.132 - - [08/Jun/2025:04:41:52 +0200] "GET /vendor/rector HTTP/1.1" 301 258 "https://www.furfotos.clickysoft.net/vendor/rector" "Mozilla/5.0 (Windows NT 10.0; Win64; x64) AppleWebKit/537.36 (KHTML, like Gecko) Chrome/114.0.0.0 Safari/537.36 Edg/114.0.1823.43"
47.82.60.132 - - [08/Jun/2025:04:41:52 +0200] "GET /vendor/rector/ HTTP/1.1" 200 798 "https://www.furfotos.clickysoft.net/vendor/rector" "Mozilla/5.0 (Windows NT 10.0; Win64; x64) AppleWebKit/537.36 (KHTML, like Gecko) Chrome/114.0.0.0 Safari/537.36 Edg/114.0.1823.43"
20.171.207.201 - - [08/Jun/2025:04:41:52 +0200] "GET /vendor/symfony/cache/DependencyInjection/CacheCollectorPass.php HTTP/1.1" 500 - "-" "Mozilla/5.0 AppleWebKit/537.36 (KHTML, like Gecko; compatible; GPTBot/1.2; +https://openai.com/gptbot)"
47.79.121.231 - - [08/Jun/2025:04:41:56 +0200] "GET /vendor/google HTTP/1.1" 301 258 "https://www.furfotos.clickysoft.net/vendor/google" "Mozilla/5.0 (Windows NT 10.0; Win64; x64) AppleWebKit/537.36 (KHTML, like Gecko) Chrome/114.0.0.0 Safari/537.36 Edg/114.0.1823.43"
47.79.121.231 - - [08/Jun/2025:04:41:57 +0200] "GET /vendor/google/ HTTP/1.1" 200 796 "https://www.furfotos.clickysoft.net/vendor/google" "Mozilla/5.0 (Windows NT 10.0; Win64; x64) AppleWebKit/537.36 (KHTML, like Gecko) Chrome/114.0.0.0 Safari/537.36 Edg/114.0.1823.43"
20.171.207.161 - - [08/Jun/2025:04:42:01 +0200] "GET /vendor/egulias/email-validator/src/EmailParser.php HTTP/1.1" 500 - "-" "Mozilla/5.0 AppleWebKit/537.36 (KHTML, like Gecko; compatible; GPTBot/1.2; +https://openai.com/gptbot)"
20.171.207.201 - - [08/Jun/2025:04:42:22 +0200] "GET /vendor/fruitcake/php-cors/LICENSE HTTP/1.1" 200 1134 "-" "Mozilla/5.0 AppleWebKit/537.36 (KHTML, like Gecko; compatible; GPTBot/1.2; +https://openai.com/gptbot)"
47.82.60.82 - - [08/Jun/2025:04:42:31 +0200] "GET /vendor/fruitcake HTTP/1.1" 301 261 "https://www.furfotos.clickysoft.net/vendor/fruitcake" "Mozilla/5.0 (Windows NT 10.0; Win64; x64) AppleWebKit/537.36 (KHTML, like Gecko) Chrome/114.0.0.0 Safari/537.36 Edg/114.0.1823.43"
47.82.60.82 - - [08/Jun/2025:04:42:31 +0200] "GET /vendor/fruitcake/ HTTP/1.1" 200 987 "https://www.furfotos.clickysoft.net/vendor/fruitcake" "Mozilla/5.0 (Windows NT 10.0; Win64; x64) AppleWebKit/537.36 (KHTML, like Gecko) Chrome/114.0.0.0 Safari/537.36 Edg/114.0.1823.43"
47.79.123.171 - - [08/Jun/2025:04:42:33 +0200] "GET /vendor/doctrine HTTP/1.1" 301 260 "https://www.furfotos.clickysoft.net/vendor/doctrine" "Mozilla/5.0 (Windows NT 10.0; Win64; x64) AppleWebKit/537.36 (KHTML, like Gecko) Chrome/114.0.0.0 Safari/537.36 Edg/114.0.1823.43"
47.79.123.171 - - [08/Jun/2025:04:42:33 +0200] "GET /vendor/doctrine/ HTTP/1.1" 200 1870 "https://www.furfotos.clickysoft.net/vendor/doctrine" "Mozilla/5.0 (Windows NT 10.0; Win64; x64) AppleWebKit/537.36 (KHTML, like Gecko) Chrome/114.0.0.0 Safari/537.36 Edg/114.0.1823.43"
47.82.61.4 - - [08/Jun/2025:04:42:34 +0200] "GET /vendor/stripe HTTP/1.1" 301 258 "https://www.furfotos.clickysoft.net/vendor/stripe" "Mozilla/5.0 (Windows NT 10.0; Win64; x64) AppleWebKit/537.36 (KHTML, like Gecko) Chrome/114.0.0.0 Safari/537.36 Edg/114.0.1823.43"
47.82.61.4 - - [08/Jun/2025:04:42:34 +0200] "GET /vendor/stripe/ HTTP/1.1" 200 802 "https://www.furfotos.clickysoft.net/vendor/stripe" "Mozilla/5.0 (Windows NT 10.0; Win64; x64) AppleWebKit/537.36 (KHTML, like Gecko) Chrome/114.0.0.0 Safari/537.36 Edg/114.0.1823.43"
47.82.60.72 - - [08/Jun/2025:04:42:35 +0200] "GET /vendor/autoload.php HTTP/1.1" 500 107 "https://www.furfotos.clickysoft.net/vendor/autoload.php" "Mozilla/5.0 (Windows NT 10.0; Win64; x64) AppleWebKit/537.36 (KHTML, like Gecko) Chrome/114.0.0.0 Safari/537.36 Edg/114.0.1823.43"
47.79.0.217 - - [08/Jun/2025:04:42:37 +0200] "GET /vendor/imdhemy HTTP/1.1" 301 259 "https://www.furfotos.clickysoft.net/vendor/imdhemy" "Mozilla/5.0 (Windows NT 10.0; Win64; x64) AppleWebKit/537.36 (KHTML, like Gecko) Chrome/114.0.0.0 Safari/537.36 Edg/114.0.1823.43"
47.79.0.217 - - [08/Jun/2025:04:42:37 +0200] "GET /vendor/imdhemy/ HTTP/1.1" 200 1180 "https://www.furfotos.clickysoft.net/vendor/imdhemy" "Mozilla/5.0 (Windows NT 10.0; Win64; x64) AppleWebKit/537.36 (KHTML, like Gecko) Chrome/114.0.0.0 Safari/537.36 Edg/114.0.1823.43"
47.82.60.145 - - [08/Jun/2025:04:42:47 +0200] "GET /vendor/bin HTTP/1.1" 301 255 "https://www.furfotos.clickysoft.net/vendor/bin" "Mozilla/5.0 (Windows NT 10.0; Win64; x64) AppleWebKit/537.36 (KHTML, like Gecko) Chrome/114.0.0.0 Safari/537.36 Edg/114.0.1823.43"
47.82.60.145 - - [08/Jun/2025:04:42:47 +0200] "GET /vendor/bin/ HTTP/1.1" 200 3291 "https://www.furfotos.clickysoft.net/vendor/bin" "Mozilla/5.0 (Windows NT 10.0; Win64; x64) AppleWebKit/537.36 (KHTML, like Gecko) Chrome/114.0.0.0 Safari/537.36 Edg/114.0.1823.43"
47.82.60.131 - - [08/Jun/2025:04:42:56 +0200] "GET /vendor/intervention HTTP/1.1" 301 264 "https://www.furfotos.clickysoft.net/vendor/intervention" "Mozilla/5.0 (Windows NT 10.0; Win64; x64) AppleWebKit/537.36 (KHTML, like Gecko) Chrome/114.0.0.0 Safari/537.36 Edg/114.0.1823.43"
47.82.60.131 - - [08/Jun/2025:04:42:56 +0200] "GET /vendor/intervention/ HTTP/1.1" 200 809 "https://www.furfotos.clickysoft.net/vendor/intervention" "Mozilla/5.0 (Windows NT 10.0; Win64; x64) AppleWebKit/537.36 (KHTML, like Gecko) Chrome/114.0.0.0 Safari/537.36 Edg/114.0.1823.43"
20.171.207.161 - - [08/Jun/2025:04:43:07 +0200] "GET /vendor/symfony/translation/Loader/ArrayLoader.php HTTP/1.1" 500 - "-" "Mozilla/5.0 AppleWebKit/537.36 (KHTML, like Gecko; compatible; GPTBot/1.2; +https://openai.com/gptbot)"
47.82.60.169 - - [08/Jun/2025:04:43:16 +0200] "GET /vendor/myclabs HTTP/1.1" 301 259 "https://www.furfotos.clickysoft.net/vendor/myclabs" "Mozilla/5.0 (Windows NT 10.0; Win64; x64) AppleWebKit/537.36 (KHTML, like Gecko) Chrome/114.0.0.0 Safari/537.36 Edg/114.0.1823.43"
47.82.60.169 - - [08/Jun/2025:04:43:16 +0200] "GET /vendor/myclabs/ HTTP/1.1" 200 803 "https://www.furfotos.clickysoft.net/vendor/myclabs" "Mozilla/5.0 (Windows NT 10.0; Win64; x64) AppleWebKit/537.36 (KHTML, like Gecko) Chrome/114.0.0.0 Safari/537.36 Edg/114.0.1823.43"
47.79.123.148 - - [08/Jun/2025:04:43:22 +0200] "GET /vendor/nunomaduro HTTP/1.1" 301 262 "https://www.furfotos.clickysoft.net/vendor/nunomaduro" "Mozilla/5.0 (Windows NT 10.0; Win64; x64) AppleWebKit/537.36 (KHTML, like Gecko) Chrome/114.0.0.0 Safari/537.36 Edg/114.0.1823.43"
47.79.123.148 - - [08/Jun/2025:04:43:22 +0200] "GET /vendor/nunomaduro/ HTTP/1.1" 200 986 "https://www.furfotos.clickysoft.net/vendor/nunomaduro" "Mozilla/5.0 (Windows NT 10.0; Win64; x64) AppleWebKit/537.36 (KHTML, like Gecko) Chrome/114.0.0.0 Safari/537.36 Edg/114.0.1823.43"
47.79.121.52 - - [08/Jun/2025:04:43:23 +0200] "GET /vendor/spatie HTTP/1.1" 301 258 "https://www.furfotos.clickysoft.net/vendor/spatie" "Mozilla/5.0 (Windows NT 10.0; Win64; x64) AppleWebKit/537.36 (KHTML, like Gecko) Chrome/114.0.0.0 Safari/537.36 Edg/114.0.1823.43"
47.79.121.52 - - [08/Jun/2025:04:43:23 +0200] "GET /vendor/spatie/ HTTP/1.1" 200 2996 "https://www.furfotos.clickysoft.net/vendor/spatie" "Mozilla/5.0 (Windows NT 10.0; Win64; x64) AppleWebKit/537.36 (KHTML, like Gecko) Chrome/114.0.0.0 Safari/537.36 Edg/114.0.1823.43"
20.171.207.201 - - [08/Jun/2025:04:43:27 +0200] "GET /vendor/aws/aws-sdk-php/src/data/route53/ HTTP/1.1" 200 879 "-" "Mozilla/5.0 AppleWebKit/537.36 (KHTML, like Gecko; compatible; GPTBot/1.2; +https://openai.com/gptbot)"
47.79.2.41 - - [08/Jun/2025:04:43:36 +0200] "GET /vendor/laravel HTTP/1.1" 301 259 "https://www.furfotos.clickysoft.net/vendor/laravel" "Mozilla/5.0 (Windows NT 10.0; Win64; x64) AppleWebKit/537.36 (KHTML, like Gecko) Chrome/114.0.0.0 Safari/537.36 Edg/114.0.1823.43"
47.79.2.41 - - [08/Jun/2025:04:43:36 +0200] "GET /vendor/laravel/ HTTP/1.1" 200 2047 "https://www.furfotos.clickysoft.net/vendor/laravel" "Mozilla/5.0 (Windows NT 10.0; Win64; x64) AppleWebKit/537.36 (KHTML, like Gecko) Chrome/114.0.0.0 Safari/537.36 Edg/114.0.1823.43"
47.79.121.52 - - [08/Jun/2025:04:43:46 +0200] "GET /vendor/nikic HTTP/1.1" 301 257 "https://www.furfotos.clickysoft.net/vendor/nikic" "Mozilla/5.0 (Windows NT 10.0; Win64; x64) AppleWebKit/537.36 (KHTML, like Gecko) Chrome/114.0.0.0 Safari/537.36 Edg/114.0.1823.43"
47.79.121.52 - - [08/Jun/2025:04:43:46 +0200] "GET /vendor/nikic/ HTTP/1.1" 200 800 "https://www.furfotos.clickysoft.net/vendor/nikic" "Mozilla/5.0 (Windows NT 10.0; Win64; x64) AppleWebKit/537.36 (KHTML, like Gecko) Chrome/114.0.0.0 Safari/537.36 Edg/114.0.1823.43"
47.79.4.196 - - [08/Jun/2025:04:43:47 +0200] "GET /vendor/firebase HTTP/1.1" 301 260 "https://www.furfotos.clickysoft.net/vendor/firebase" "Mozilla/5.0 (Windows NT 10.0; Win64; x64) AppleWebKit/537.36 (KHTML, like Gecko) Chrome/114.0.0.0 Safari/537.36 Edg/114.0.1823.43"
47.79.4.196 - - [08/Jun/2025:04:43:48 +0200] "GET /vendor/firebase/ HTTP/1.1" 200 803 "https://www.furfotos.clickysoft.net/vendor/firebase" "Mozilla/5.0 (Windows NT 10.0; Win64; x64) AppleWebKit/537.36 (KHTML, like Gecko) Chrome/114.0.0.0 Safari/537.36 Edg/114.0.1823.43"
47.82.60.84 - - [08/Jun/2025:04:43:49 +0200] "GET /vendor/webmozart HTTP/1.1" 301 261 "https://www.furfotos.clickysoft.net/vendor/webmozart" "Mozilla/5.0 (Windows NT 10.0; Win64; x64) AppleWebKit/537.36 (KHTML, like Gecko) Chrome/114.0.0.0 Safari/537.36 Edg/114.0.1823.43"
47.82.60.84 - - [08/Jun/2025:04:43:49 +0200] "GET /vendor/webmozart/ HTTP/1.1" 200 804 "https://www.furfotos.clickysoft.net/vendor/webmozart" "Mozilla/5.0 (Windows NT 10.0; Win64; x64) AppleWebKit/537.36 (KHTML, like Gecko) Chrome/114.0.0.0 Safari/537.36 Edg/114.0.1823.43"
47.82.60.102 - - [08/Jun/2025:04:43:53 +0200] "GET /vendor/ramsey HTTP/1.1" 301 258 "https://www.furfotos.clickysoft.net/vendor/ramsey" "Mozilla/5.0 (Windows NT 10.0; Win64; x64) AppleWebKit/537.36 (KHTML, like Gecko) Chrome/114.0.0.0 Safari/537.36 Edg/114.0.1823.43"
47.82.60.102 - - [08/Jun/2025:04:43:53 +0200] "GET /vendor/ramsey/ HTTP/1.1" 200 975 "https://www.furfotos.clickysoft.net/vendor/ramsey" "Mozilla/5.0 (Windows NT 10.0; Win64; x64) AppleWebKit/537.36 (KHTML, like Gecko) Chrome/114.0.0.0 Safari/537.36 Edg/114.0.1823.43"
47.79.98.205 - - [08/Jun/2025:04:43:54 +0200] "GET /vendor/nyholm HTTP/1.1" 301 258 "https://www.furfotos.clickysoft.net/vendor/nyholm" "Mozilla/5.0 (Windows NT 10.0; Win64; x64) AppleWebKit/537.36 (KHTML, like Gecko) Chrome/114.0.0.0 Safari/537.36 Edg/114.0.1823.43"
47.79.98.205 - - [08/Jun/2025:04:43:54 +0200] "GET /vendor/nyholm/ HTTP/1.1" 200 796 "https://www.furfotos.clickysoft.net/vendor/nyholm" "Mozilla/5.0 (Windows NT 10.0; Win64; x64) AppleWebKit/537.36 (KHTML, like Gecko) Chrome/114.0.0.0 Safari/537.36 Edg/114.0.1823.43"
47.82.60.74 - - [08/Jun/2025:04:43:57 +0200] "GET /vendor/defuse HTTP/1.1" 301 258 "https://www.furfotos.clickysoft.net/vendor/defuse" "Mozilla/5.0 (Windows NT 10.0; Win64; x64) AppleWebKit/537.36 (KHTML, like Gecko) Chrome/114.0.0.0 Safari/537.36 Edg/114.0.1823.43"
47.82.60.74 - - [08/Jun/2025:04:43:58 +0200] "GET /vendor/defuse/ HTTP/1.1" 200 806 "https://www.furfotos.clickysoft.net/vendor/defuse" "Mozilla/5.0 (Windows NT 10.0; Win64; x64) AppleWebKit/537.36 (KHTML, like Gecko) Chrome/114.0.0.0 Safari/537.36 Edg/114.0.1823.43"
47.79.6.175 - - [08/Jun/2025:04:43:58 +0200] "GET /vendor/phpseclib HTTP/1.1" 301 261 "https://www.furfotos.clickysoft.net/vendor/phpseclib" "Mozilla/5.0 (Windows NT 10.0; Win64; x64) AppleWebKit/537.36 (KHTML, like Gecko) Chrome/114.0.0.0 Safari/537.36 Edg/114.0.1823.43"
47.79.6.175 - - [08/Jun/2025:04:43:58 +0200] "GET /vendor/phpseclib/ HTTP/1.1" 200 807 "https://www.furfotos.clickysoft.net/vendor/phpseclib" "Mozilla/5.0 (Windows NT 10.0; Win64; x64) AppleWebKit/537.36 (KHTML, like Gecko) Chrome/114.0.0.0 Safari/537.36 Edg/114.0.1823.43"
47.82.60.102 - - [08/Jun/2025:04:43:58 +0200] "GET /vendor/phpstan HTTP/1.1" 301 259 "https://www.furfotos.clickysoft.net/vendor/phpstan" "Mozilla/5.0 (Windows NT 10.0; Win64; x64) AppleWebKit/537.36 (KHTML, like Gecko) Chrome/114.0.0.0 Safari/537.36 Edg/114.0.1823.43"
47.82.60.102 - - [08/Jun/2025:04:43:58 +0200] "GET /vendor/phpstan/ HTTP/1.1" 200 801 "https://www.furfotos.clickysoft.net/vendor/phpstan" "Mozilla/5.0 (Windows NT 10.0; Win64; x64) AppleWebKit/537.36 (KHTML, like Gecko) Chrome/114.0.0.0 Safari/537.36 Edg/114.0.1823.43"
47.79.123.96 - - [08/Jun/2025:04:44:03 +0200] "GET /vendor/graham-campbell HTTP/1.1" 301 267 "https://www.furfotos.clickysoft.net/vendor/graham-campbell" "Mozilla/5.0 (Windows NT 10.0; Win64; x64) AppleWebKit/537.36 (KHTML, like Gecko) Chrome/114.0.0.0 Safari/537.36 Edg/114.0.1823.43"
