20.171.207.201 - - [08/Jun/2025:12:16:31 +0200] "GET /furfotos-api/resources/views/livewire/partials/post-dialog.blade.php HTTP/1.1" 200 17932 "-" "Mozilla/5.0 AppleWebKit/537.36 (KHTML, like Gecko; compatible; GPTBot/1.2; +https://openai.com/gptbot)"
20.171.207.161 - - [08/Jun/2025:12:16:43 +0200] "GET /vendor/symfony/polyfill-intl-icu/DateFormat/YearTransformer.php HTTP/1.1" 500 - "-" "Mozilla/5.0 AppleWebKit/537.36 (KHTML, like Gecko; compatible; GPTBot/1.2; +https://openai.com/gptbot)"
20.171.207.201 - - [08/Jun/2025:12:17:03 +0200] "GET /furfotos-api/resources/views/livewire/partials/pet-add.blade.php HTTP/1.1" 200 8861 "-" "Mozilla/5.0 AppleWebKit/537.36 (KHTML, like Gecko; compatible; GPTBot/1.2; +https://openai.com/gptbot)"
20.171.207.201 - - [08/Jun/2025:12:17:33 +0200] "GET /furfotos-api/resources/views/livewire/partials/faq.blade.php HTTP/1.1" 200 2505 "-" "Mozilla/5.0 AppleWebKit/537.36 (KHTML, like Gecko; compatible; GPTBot/1.2; +https://openai.com/gptbot)"
20.171.207.161 - - [08/Jun/2025:12:17:48 +0200] "GET /vendor/symfony/http-client-contracts/Exception/RedirectionExceptionInterface.php HTTP/1.1" 500 - "-" "Mozilla/5.0 AppleWebKit/537.36 (KHTML, like Gecko; compatible; GPTBot/1.2; +https://openai.com/gptbot)"
20.171.207.201 - - [08/Jun/2025:12:18:01 +0200] "GET /furfotos-api/resources/views/livewire/partials/pet-settings.blade.php HTTP/1.1" 200 13194 "-" "Mozilla/5.0 AppleWebKit/537.36 (KHTML, like Gecko; compatible; GPTBot/1.2; +https://openai.com/gptbot)"
20.171.207.201 - - [08/Jun/2025:12:18:26 +0200] "GET /furfotos-api/resources/views/livewire/partials/human-invite.blade.php HTTP/1.1" 200 3469 "-" "Mozilla/5.0 AppleWebKit/537.36 (KHTML, like Gecko; compatible; GPTBot/1.2; +https://openai.com/gptbot)"
47.82.61.15 - - [08/Jun/2025:12:18:44 +0200] "GET / HTTP/1.1" 200 4000 "https://www.furfotos.clickysoft.net/" "Mozilla/5.0 (Windows NT 10.0; Win64; x64) AppleWebKit/537.36 (KHTML, like Gecko) Chrome/114.0.0.0 Safari/537.36 Edg/114.0.1823.43"
20.171.207.201 - - [08/Jun/2025:12:18:48 +0200] "GET /vendor_static/spatie/laravel-medialibrary-pro/resources/js/media-library-pro-vue2-collection/ HTTP/1.1" 200 1727 "-" "Mozilla/5.0 AppleWebKit/537.36 (KHTML, like Gecko; compatible; GPTBot/1.2; +https://openai.com/gptbot)"
20.171.207.161 - - [08/Jun/2025:12:18:51 +0200] "GET /vendor/spatie/laravel-ignition/src/ignition-routes.php HTTP/1.1" 500 - "-" "Mozilla/5.0 AppleWebKit/537.36 (KHTML, like Gecko; compatible; GPTBot/1.2; +https://openai.com/gptbot)"
20.171.207.201 - - [08/Jun/2025:12:19:07 +0200] "GET /vendor_static/spatie/laravel-medialibrary-pro/resources/js/media-library-pro-vue2-attachment/ HTTP/1.1" 200 1727 "-" "Mozilla/5.0 AppleWebKit/537.36 (KHTML, like Gecko; compatible; GPTBot/1.2; +https://openai.com/gptbot)"
20.171.207.201 - - [08/Jun/2025:12:19:24 +0200] "GET /vendor/masterminds/html5/LICENSE.txt HTTP/1.1" 200 2973 "-" "Mozilla/5.0 AppleWebKit/537.36 (KHTML, like Gecko; compatible; GPTBot/1.2; +https://openai.com/gptbot)"
20.171.207.201 - - [08/Jun/2025:12:19:53 +0200] "GET /vendor/symfony/routing/Router.php HTTP/1.1" 500 - "-" "Mozilla/5.0 AppleWebKit/537.36 (KHTML, like Gecko; compatible; GPTBot/1.2; +https://openai.com/gptbot)"
20.171.207.161 - - [08/Jun/2025:12:19:56 +0200] "GET /vendor/symfony/http-client-contracts/Exception/?C=S%3BO%3DA HTTP/1.1" 200 2311 "-" "Mozilla/5.0 AppleWebKit/537.36 (KHTML, like Gecko; compatible; GPTBot/1.2; +https://openai.com/gptbot)"
20.171.207.201 - - [08/Jun/2025:12:20:07 +0200] "GET /vendor/laravel/cashier/config/cashier.php HTTP/1.1" 500 - "-" "Mozilla/5.0 AppleWebKit/537.36 (KHTML, like Gecko; compatible; GPTBot/1.2; +https://openai.com/gptbot)"
20.171.207.201 - - [08/Jun/2025:12:20:50 +0200] "GET /vendor/mockery/mockery/library/helpers.php HTTP/1.1" 200 - "-" "Mozilla/5.0 AppleWebKit/537.36 (KHTML, like Gecko; compatible; GPTBot/1.2; +https://openai.com/gptbot)"
20.171.207.161 - - [08/Jun/2025:12:21:00 +0200] "GET /vendor/symfony/http-client-contracts/Exception/?C=M%3BO%3DA HTTP/1.1" 200 2311 "-" "Mozilla/5.0 AppleWebKit/537.36 (KHTML, like Gecko; compatible; GPTBot/1.2; +https://openai.com/gptbot)"
20.171.207.201 - - [08/Jun/2025:12:21:55 +0200] "GET /vendor/spatie/laravel-ignition/config/ignition.php HTTP/1.1" 500 - "-" "Mozilla/5.0 AppleWebKit/537.36 (KHTML, like Gecko; compatible; GPTBot/1.2; +https://openai.com/gptbot)"
20.171.207.161 - - [08/Jun/2025:12:21:55 +0200] "GET /vendor/spatie/laravel-medialibrary-pro/src/Rules/ItemRules/MediaItemRule.php HTTP/1.1" 500 - "-" "Mozilla/5.0 AppleWebKit/537.36 (KHTML, like Gecko; compatible; GPTBot/1.2; +https://openai.com/gptbot)"
20.171.207.161 - - [08/Jun/2025:12:22:47 +0200] "GET /vendor/aws/?C=N%3BO%3DD HTTP/1.1" 200 977 "-" "Mozilla/5.0 AppleWebKit/537.36 (KHTML, like Gecko; compatible; GPTBot/1.2; +https://openai.com/gptbot)"
20.171.207.201 - - [08/Jun/2025:12:22:50 +0200] "GET /vendor/league/uri-interfaces/IPv4/NativeCalculator.php HTTP/1.1" 500 - "-" "Mozilla/5.0 AppleWebKit/537.36 (KHTML, like Gecko; compatible; GPTBot/1.2; +https://openai.com/gptbot)"
20.171.207.161 - - [08/Jun/2025:12:23:48 +0200] "GET /vendor/aws/?C=D%3BO%3DA HTTP/1.1" 200 977 "-" "Mozilla/5.0 AppleWebKit/537.36 (KHTML, like Gecko; compatible; GPTBot/1.2; +https://openai.com/gptbot)"
20.171.207.201 - - [08/Jun/2025:12:23:53 +0200] "GET /furfotos-api/resources/views/livewire/partials/%7B%7B$avatar_url%7D%7D HTTP/1.1" 404 - "-" "Mozilla/5.0 AppleWebKit/537.36 (KHTML, like Gecko; compatible; GPTBot/1.2; +https://openai.com/gptbot)"
20.171.207.161 - - [08/Jun/2025:12:24:43 +0200] "GET /vendor/psy/?C=M%3BO%3DA HTTP/1.1" 200 791 "-" "Mozilla/5.0 AppleWebKit/537.36 (KHTML, like Gecko; compatible; GPTBot/1.2; +https://openai.com/gptbot)"
20.171.207.201 - - [08/Jun/2025:12:24:53 +0200] "GET /furfotos-api/resources/views/livewire/partials/%7B%7Broute('web.pet-profile',%20['pet'%20=%3E%20$tagName])%7D%7D HTTP/1.1" 404 - "-" "Mozilla/5.0 AppleWebKit/537.36 (KHTML, like Gecko; compatible; GPTBot/1.2; +https://openai.com/gptbot)"
20.171.207.161 - - [08/Jun/2025:12:25:32 +0200] "GET /vendor/psr/?C=S%3BO%3DA HTTP/1.1" 200 2223 "-" "Mozilla/5.0 AppleWebKit/537.36 (KHTML, like Gecko; compatible; GPTBot/1.2; +https://openai.com/gptbot)"
20.171.207.201 - - [08/Jun/2025:12:25:54 +0200] "GET /vendor/phar-io/manifest/src/exceptions/ManifestDocumentMapperException.php HTTP/1.1" 500 - "-" "Mozilla/5.0 AppleWebKit/537.36 (KHTML, like Gecko; compatible; GPTBot/1.2; +https://openai.com/gptbot)"
20.171.207.161 - - [08/Jun/2025:12:26:17 +0200] "GET /vendor/psy/?C=S%3BO%3DA HTTP/1.1" 200 791 "-" "Mozilla/5.0 AppleWebKit/537.36 (KHTML, like Gecko; compatible; GPTBot/1.2; +https://openai.com/gptbot)"
20.171.207.161 - - [08/Jun/2025:12:26:56 +0200] "GET /vendor/bin/?C=S%3BO%3DA HTTP/1.1" 200 3291 "-" "Mozilla/5.0 AppleWebKit/537.36 (KHTML, like Gecko; compatible; GPTBot/1.2; +https://openai.com/gptbot)"
20.171.207.201 - - [08/Jun/2025:12:26:59 +0200] "GET /vendor/phar-io/manifest/src/exceptions/ElementCollectionException.php HTTP/1.1" 500 - "-" "Mozilla/5.0 AppleWebKit/537.36 (KHTML, like Gecko; compatible; GPTBot/1.2; +https://openai.com/gptbot)"
20.171.207.161 - - [08/Jun/2025:12:27:34 +0200] "GET /vendor/aws/?C=M%3BO%3DA HTTP/1.1" 200 977 "-" "Mozilla/5.0 AppleWebKit/537.36 (KHTML, like Gecko; compatible; GPTBot/1.2; +https://openai.com/gptbot)"
20.171.207.201 - - [08/Jun/2025:12:28:03 +0200] "GET /vendor/sebastian/code-unit/src/exceptions/InvalidCodeUnitException.php HTTP/1.1" 500 - "-" "Mozilla/5.0 AppleWebKit/537.36 (KHTML, like Gecko; compatible; GPTBot/1.2; +https://openai.com/gptbot)"
20.171.207.161 - - [08/Jun/2025:12:28:08 +0200] "GET /vendor/symfony/http-client-contracts/Exception/RedirectionExceptionInterface.php HTTP/1.1" 500 - "-" "Mozilla/5.0 AppleWebKit/537.36 (KHTML, like Gecko; compatible; GPTBot/1.2; +https://openai.com/gptbot)"
20.171.207.161 - - [08/Jun/2025:12:28:38 +0200] "GET /vendor/psy/?C=D%3BO%3DA HTTP/1.1" 200 791 "-" "Mozilla/5.0 AppleWebKit/537.36 (KHTML, like Gecko; compatible; GPTBot/1.2; +https://openai.com/gptbot)"
20.171.207.201 - - [08/Jun/2025:12:29:06 +0200] "GET /vendor/phar-io/manifest/src/exceptions/ManifestDocumentException.php HTTP/1.1" 500 - "-" "Mozilla/5.0 AppleWebKit/537.36 (KHTML, like Gecko; compatible; GPTBot/1.2; +https://openai.com/gptbot)"
20.171.207.161 - - [08/Jun/2025:12:29:42 +0200] "GET /vendor/psy/?C=N%3BO%3DD HTTP/1.1" 200 791 "-" "Mozilla/5.0 AppleWebKit/537.36 (KHTML, like Gecko; compatible; GPTBot/1.2; +https://openai.com/gptbot)"
20.171.207.201 - - [08/Jun/2025:12:30:08 +0200] "GET /vendor/sebastian/cli-parser/src/exceptions/UnknownOptionException.php HTTP/1.1" 500 - "-" "Mozilla/5.0 AppleWebKit/537.36 (KHTML, like Gecko; compatible; GPTBot/1.2; +https://openai.com/gptbot)"
20.171.207.161 - - [08/Jun/2025:12:30:37 +0200] "GET /app/Models/?C=S%3BO%3DA HTTP/1.1" 200 4797 "-" "Mozilla/5.0 AppleWebKit/537.36 (KHTML, like Gecko; compatible; GPTBot/1.2; +https://openai.com/gptbot)"
20.171.207.201 - - [08/Jun/2025:12:31:09 +0200] "GET /vendor/phar-io/version/src/constraints/SpecificMajorVersionConstraint.php HTTP/1.1" 500 - "-" "Mozilla/5.0 AppleWebKit/537.36 (KHTML, like Gecko; compatible; GPTBot/1.2; +https://openai.com/gptbot)"
20.171.207.161 - - [08/Jun/2025:12:31:29 +0200] "GET /vendor/psr/?C=M%3BO%3DA HTTP/1.1" 200 2223 "-" "Mozilla/5.0 AppleWebKit/537.36 (KHTML, like Gecko; compatible; GPTBot/1.2; +https://openai.com/gptbot)"
20.171.207.201 - - [08/Jun/2025:12:32:15 +0200] "GET /resources/views/livewire/pages/%7B%7B%20asset('img/content/Taryn.jpg')%20%7D%7D HTTP/1.1" 404 - "-" "Mozilla/5.0 AppleWebKit/537.36 (KHTML, like Gecko; compatible; GPTBot/1.2; +https://openai.com/gptbot)"
20.171.207.161 - - [08/Jun/2025:12:32:16 +0200] "GET /vendor/php-ffmpeg/php-ffmpeg/src/Alchemy/ HTTP/1.1" 200 884 "-" "Mozilla/5.0 AppleWebKit/537.36 (KHTML, like Gecko; compatible; GPTBot/1.2; +https://openai.com/gptbot)"
20.171.207.161 - - [08/Jun/2025:12:32:59 +0200] "GET /vendor/doctrine/instantiator/src/Doctrine/Instantiator/Exception/ HTTP/1.1" 200 1361 "-" "Mozilla/5.0 AppleWebKit/537.36 (KHTML, like Gecko; compatible; GPTBot/1.2; +https://openai.com/gptbot)"
20.171.207.201 - - [08/Jun/2025:12:33:15 +0200] "GET /resources/views/livewire/pages/%7B%7B%20asset('img/content/Nick-Mclean.jpeg')%20%7D%7D HTTP/1.1" 404 - "-" "Mozilla/5.0 AppleWebKit/537.36 (KHTML, like Gecko; compatible; GPTBot/1.2; +https://openai.com/gptbot)"
20.171.207.161 - - [08/Jun/2025:12:33:35 +0200] "GET /vendor/spatie/ray/src/Settings/SettingsFactory.php HTTP/1.1" 200 - "-" "Mozilla/5.0 AppleWebKit/537.36 (KHTML, like Gecko; compatible; GPTBot/1.2; +https://openai.com/gptbot)"
20.171.207.161 - - [08/Jun/2025:12:34:09 +0200] "GET /vendor/monolog/monolog/src/Monolog/ HTTP/1.1" 200 3033 "-" "Mozilla/5.0 AppleWebKit/537.36 (KHTML, like Gecko; compatible; GPTBot/1.2; +https://openai.com/gptbot)"
20.171.207.201 - - [08/Jun/2025:12:34:20 +0200] "GET /resources/views/livewire/pages/%7B%7B%20asset('img/bgs/ginger-cat-upside-down.jpg')%20%7D%7D HTTP/1.1" 404 - "-" "Mozilla/5.0 AppleWebKit/537.36 (KHTML, like Gecko; compatible; GPTBot/1.2; +https://openai.com/gptbot)"
20.171.207.161 - - [08/Jun/2025:12:34:40 +0200] "GET /furfotos-api/database/migrations/2021_11_26_154723_remove_other_gender_from_pets.php HTTP/1.1" 500 - "-" "Mozilla/5.0 AppleWebKit/537.36 (KHTML, like Gecko; compatible; GPTBot/1.2; +https://openai.com/gptbot)"
20.171.207.161 - - [08/Jun/2025:12:35:06 +0200] "GET /vendor/symfony/css-selector/Parser/Handler/StringHandler.php HTTP/1.1" 500 - "-" "Mozilla/5.0 AppleWebKit/537.36 (KHTML, like Gecko; compatible; GPTBot/1.2; +https://openai.com/gptbot)"
20.171.207.201 - - [08/Jun/2025:12:35:24 +0200] "GET /resources/views/livewire/pages/%7B%7B%20asset('img/bgs/woman-park-with-pug-768.jpg')%20%7D%7D HTTP/1.1" 404 - "-" "Mozilla/5.0 AppleWebKit/537.36 (KHTML, like Gecko; compatible; GPTBot/1.2; +https://openai.com/gptbot)"
20.171.207.161 - - [08/Jun/2025:12:36:06 +0200] "GET /vendor/spatie/flare-client-php/?C=S%3BO%3DA HTTP/1.1" 200 1195 "-" "Mozilla/5.0 AppleWebKit/537.36 (KHTML, like Gecko; compatible; GPTBot/1.2; +https://openai.com/gptbot)"
20.171.207.201 - - [08/Jun/2025:12:36:25 +0200] "GET /resources/views/livewire/pages/%7B%7B%20asset('img/bgs/hugging-dog.jpg')%20%7D%7D HTTP/1.1" 404 - "-" "Mozilla/5.0 AppleWebKit/537.36 (KHTML, like Gecko; compatible; GPTBot/1.2; +https://openai.com/gptbot)"
20.171.207.161 - - [08/Jun/2025:12:37:09 +0200] "GET /vendor/spatie/flare-client-php/?C=M%3BO%3DA HTTP/1.1" 200 1195 "-" "Mozilla/5.0 AppleWebKit/537.36 (KHTML, like Gecko; compatible; GPTBot/1.2; +https://openai.com/gptbot)"
20.171.207.201 - - [08/Jun/2025:12:37:25 +0200] "GET /resources/views/livewire/pages/%7B%7B%20asset('img/content/Kendra-McBride.jpg')%20%7D%7D HTTP/1.1" 404 - "-" "Mozilla/5.0 AppleWebKit/537.36 (KHTML, like Gecko; compatible; GPTBot/1.2; +https://openai.com/gptbot)"
20.171.207.161 - - [08/Jun/2025:12:38:06 +0200] "GET /vendor/symfony/var-exporter/?C=D%3BO%3DA HTTP/1.1" 200 2843 "-" "Mozilla/5.0 AppleWebKit/537.36 (KHTML, like Gecko; compatible; GPTBot/1.2; +https://openai.com/gptbot)"
20.171.207.201 - - [08/Jun/2025:12:38:30 +0200] "GET /resources/views/livewire/pages/%7B%7B%20asset('img/bgs/owner-petting-adorable-cat-768.jpg')%20%7D%7D HTTP/1.1" 404 - "-" "Mozilla/5.0 AppleWebKit/537.36 (KHTML, like Gecko; compatible; GPTBot/1.2; +https://openai.com/gptbot)"
20.171.207.161 - - [08/Jun/2025:12:38:56 +0200] "GET /app/Models/SubscriptionInappPurchasePlan.php HTTP/1.1" 500 - "-" "Mozilla/5.0 AppleWebKit/537.36 (KHTML, like Gecko; compatible; GPTBot/1.2; +https://openai.com/gptbot)"
20.171.207.201 - - [08/Jun/2025:12:39:35 +0200] "GET /favicon.ico HTTP/1.1" 404 - "-" "Mozilla/5.0 AppleWebKit/537.36 (KHTML, like Gecko; compatible; GPTBot/1.2; +https://openai.com/gptbot)"
20.171.207.161 - - [08/Jun/2025:12:39:40 +0200] "GET /app/Models/SiteNotification.php HTTP/1.1" 500 - "-" "Mozilla/5.0 AppleWebKit/537.36 (KHTML, like Gecko; compatible; GPTBot/1.2; +https://openai.com/gptbot)"
20.171.207.201 - - [08/Jun/2025:12:40:41 +0200] "GET /resources/views/livewire/pages/%7B%7B%20asset('img/bgs/owner-petting-adorable-cat-768.jpg')%20%7D%7D HTTP/1.1" 404 - "-" "Mozilla/5.0 AppleWebKit/537.36 (KHTML, like Gecko; compatible; GPTBot/1.2; +https://openai.com/gptbot)"
20.171.207.161 - - [08/Jun/2025:12:40:44 +0200] "GET /vendor/doctrine/instantiator/src/Doctrine/Instantiator/Exception/InvalidArgumentException.php HTTP/1.1" 500 - "-" "Mozilla/5.0 AppleWebKit/537.36 (KHTML, like Gecko; compatible; GPTBot/1.2; +https://openai.com/gptbot)"
20.171.207.201 - - [08/Jun/2025:12:41:43 +0200] "GET /resources/views/livewire/pages/%7B%7B%20asset('img/content/Taryn.jpg')%20%7D%7D HTTP/1.1" 404 - "-" "Mozilla/5.0 AppleWebKit/537.36 (KHTML, like Gecko; compatible; GPTBot/1.2; +https://openai.com/gptbot)"
20.171.207.161 - - [08/Jun/2025:12:41:48 +0200] "GET /vendor/doctrine/instantiator/src/Doctrine/Instantiator/Exception/UnexpectedValueException.php HTTP/1.1" 500 - "-" "Mozilla/5.0 AppleWebKit/537.36 (KHTML, like Gecko; compatible; GPTBot/1.2; +https://openai.com/gptbot)"
20.171.207.201 - - [08/Jun/2025:12:42:47 +0200] "GET /resources/views/livewire/pages/%7B%7B%20asset('img/bgs/hugging-dog.jpg')%20%7D%7D HTTP/1.1" 404 - "-" "Mozilla/5.0 AppleWebKit/537.36 (KHTML, like Gecko; compatible; GPTBot/1.2; +https://openai.com/gptbot)"
20.171.207.161 - - [08/Jun/2025:12:42:50 +0200] "GET /app/Models/SubscriptionInappPurchase.php HTTP/1.1" 500 - "-" "Mozilla/5.0 AppleWebKit/537.36 (KHTML, like Gecko; compatible; GPTBot/1.2; +https://openai.com/gptbot)"
20.171.207.201 - - [08/Jun/2025:12:43:48 +0200] "GET /resources/views/livewire/pages/%7B%7B%20asset('img/content/Kendra-McBride.jpg')%20%7D%7D HTTP/1.1" 404 - "-" "Mozilla/5.0 AppleWebKit/537.36 (KHTML, like Gecko; compatible; GPTBot/1.2; +https://openai.com/gptbot)"
20.171.207.161 - - [08/Jun/2025:12:43:54 +0200] "GET /vendor/monolog/monolog/src/Monolog/DateTimeImmutable.php HTTP/1.1" 200 - "-" "Mozilla/5.0 AppleWebKit/537.36 (KHTML, like Gecko; compatible; GPTBot/1.2; +https://openai.com/gptbot)"
20.171.207.201 - - [08/Jun/2025:12:44:53 +0200] "GET /resources/views/livewire/pages/%7B%7B%20asset('img/bgs/woman-park-with-pug-768.jpg')%20%7D%7D HTTP/1.1" 404 - "-" "Mozilla/5.0 AppleWebKit/537.36 (KHTML, like Gecko; compatible; GPTBot/1.2; +https://openai.com/gptbot)"
20.171.207.161 - - [08/Jun/2025:12:44:57 +0200] "GET /vendor/monolog/monolog/src/Monolog/?C=M%3BO%3DA HTTP/1.1" 200 3033 "-" "Mozilla/5.0 AppleWebKit/537.36 (KHTML, like Gecko; compatible; GPTBot/1.2; +https://openai.com/gptbot)"
20.171.207.161 - - [08/Jun/2025:12:45:55 +0200] "GET /vendor/monolog/monolog/src/Monolog/?C=D%3BO%3DA HTTP/1.1" 200 3033 "-" "Mozilla/5.0 AppleWebKit/537.36 (KHTML, like Gecko; compatible; GPTBot/1.2; +https://openai.com/gptbot)"
20.171.207.201 - - [08/Jun/2025:12:45:57 +0200] "GET /resources/views/livewire/pages/%7B%7B%20asset('img/bgs/ginger-cat-upside-down.jpg')%20%7D%7D HTTP/1.1" 404 - "-" "Mozilla/5.0 AppleWebKit/537.36 (KHTML, like Gecko; compatible; GPTBot/1.2; +https://openai.com/gptbot)"
20.171.207.161 - - [08/Jun/2025:12:46:47 +0200] "GET /vendor/monolog/monolog/src/Monolog/?C=N%3BO%3DD HTTP/1.1" 200 3033 "-" "Mozilla/5.0 AppleWebKit/537.36 (KHTML, like Gecko; compatible; GPTBot/1.2; +https://openai.com/gptbot)"
20.171.207.201 - - [08/Jun/2025:12:47:02 +0200] "GET /resources/views/livewire/pages/%7B%7B%20asset('img/bgs/hugging-dog.jpg')%20%7D%7D HTTP/1.1" 404 - "-" "Mozilla/5.0 AppleWebKit/537.36 (KHTML, like Gecko; compatible; GPTBot/1.2; +https://openai.com/gptbot)"
20.171.207.161 - - [08/Jun/2025:12:47:32 +0200] "GET /vendor/monolog/monolog/src/Monolog/Utils.php HTTP/1.1" 200 - "-" "Mozilla/5.0 AppleWebKit/537.36 (KHTML, like Gecko; compatible; GPTBot/1.2; +https://openai.com/gptbot)"
20.171.207.201 - - [08/Jun/2025:12:48:04 +0200] "GET /vendor/league/uri-interfaces/Exceptions/OffsetOutOfBounds.php HTTP/1.1" 500 - "-" "Mozilla/5.0 AppleWebKit/537.36 (KHTML, like Gecko; compatible; GPTBot/1.2; +https://openai.com/gptbot)"
20.171.207.161 - - [08/Jun/2025:12:48:12 +0200] "GET /app/Models/NewsletterEmail.php HTTP/1.1" 500 - "-" "Mozilla/5.0 AppleWebKit/537.36 (KHTML, like Gecko; compatible; GPTBot/1.2; +https://openai.com/gptbot)"
20.171.207.161 - - [08/Jun/2025:12:48:49 +0200] "GET /app/Models/User.php HTTP/1.1" 500 - "-" "Mozilla/5.0 AppleWebKit/537.36 (KHTML, like Gecko; compatible; GPTBot/1.2; +https://openai.com/gptbot)"
20.171.207.201 - - [08/Jun/2025:12:49:07 +0200] "GET /vendor/league/uri-interfaces/Exceptions/MissingFeature.php HTTP/1.1" 500 - "-" "Mozilla/5.0 AppleWebKit/537.36 (KHTML, like Gecko; compatible; GPTBot/1.2; +https://openai.com/gptbot)"
20.171.207.161 - - [08/Jun/2025:12:49:53 +0200] "GET /app/Models/Page.php HTTP/1.1" 500 - "-" "Mozilla/5.0 AppleWebKit/537.36 (KHTML, like Gecko; compatible; GPTBot/1.2; +https://openai.com/gptbot)"
20.171.207.201 - - [08/Jun/2025:12:50:08 +0200] "GET /vendor/league/uri-interfaces/Exceptions/ConversionFailed.php HTTP/1.1" 500 - "-" "Mozilla/5.0 AppleWebKit/537.36 (KHTML, like Gecko; compatible; GPTBot/1.2; +https://openai.com/gptbot)"
20.171.207.161 - - [08/Jun/2025:12:50:56 +0200] "GET /app/Models/Post.php HTTP/1.1" 500 - "-" "Mozilla/5.0 AppleWebKit/537.36 (KHTML, like Gecko; compatible; GPTBot/1.2; +https://openai.com/gptbot)"
20.171.207.201 - - [08/Jun/2025:12:51:10 +0200] "GET /furfotos-api/app/Policies/PostPolicy.php HTTP/1.1" 200 - "-" "Mozilla/5.0 AppleWebKit/537.36 (KHTML, like Gecko; compatible; GPTBot/1.2; +https://openai.com/gptbot)"
20.171.207.161 - - [08/Jun/2025:12:52:00 +0200] "GET /vendor/symfony/var-exporter/?C=N%3BO%3DD HTTP/1.1" 200 2843 "-" "Mozilla/5.0 AppleWebKit/537.36 (KHTML, like Gecko; compatible; GPTBot/1.2; +https://openai.com/gptbot)"
20.171.207.201 - - [08/Jun/2025:12:52:13 +0200] "GET /vendor/imdhemy/laravel-purchases/src/ServerNotifications/ HTTP/1.1" 200 1342 "-" "Mozilla/5.0 AppleWebKit/537.36 (KHTML, like Gecko; compatible; GPTBot/1.2; +https://openai.com/gptbot)"
20.171.207.161 - - [08/Jun/2025:12:53:05 +0200] "GET /furfotos-api/app/Exceptions/?C=N%3BO%3DD HTTP/1.1" 200 840 "-" "Mozilla/5.0 AppleWebKit/537.36 (KHTML, like Gecko; compatible; GPTBot/1.2; +https://openai.com/gptbot)"
20.171.207.201 - - [08/Jun/2025:12:53:10 +0200] "GET /vendor/imdhemy/google-play-billing/tests/DeveloperNotifications/ HTTP/1.1" 200 2095 "-" "Mozilla/5.0 AppleWebKit/537.36 (KHTML, like Gecko; compatible; GPTBot/1.2; +https://openai.com/gptbot)"
20.171.207.201 - - [08/Jun/2025:12:53:59 +0200] "GET /resources/views/vendor/mail/html/themes/ HTTP/1.1" 200 880 "-" "Mozilla/5.0 AppleWebKit/537.36 (KHTML, like Gecko; compatible; GPTBot/1.2; +https://openai.com/gptbot)"
20.171.207.161 - - [08/Jun/2025:12:54:04 +0200] "GET /furfotos-api/app/Exceptions/?C=D%3BO%3DA HTTP/1.1" 200 840 "-" "Mozilla/5.0 AppleWebKit/537.36 (KHTML, like Gecko; compatible; GPTBot/1.2; +https://openai.com/gptbot)"
20.171.207.201 - - [08/Jun/2025:12:54:45 +0200] "GET /vendor/google/auth/VERSION HTTP/1.1" 200 7 "-" "Mozilla/5.0 AppleWebKit/537.36 (KHTML, like Gecko; compatible; GPTBot/1.2; +https://openai.com/gptbot)"
20.171.207.161 - - [08/Jun/2025:12:54:55 +0200] "GET /vendor/sebastian/cli-parser/?C=D%3BO%3DA HTTP/1.1" 200 1551 "-" "Mozilla/5.0 AppleWebKit/537.36 (KHTML, like Gecko; compatible; GPTBot/1.2; +https://openai.com/gptbot)"
20.171.207.201 - - [08/Jun/2025:12:55:26 +0200] "GET /vendor/google/auth/LICENSE HTTP/1.1" 200 10256 "-" "Mozilla/5.0 AppleWebKit/537.36 (KHTML, like Gecko; compatible; GPTBot/1.2; +https://openai.com/gptbot)"
20.171.207.161 - - [08/Jun/2025:12:55:42 +0200] "GET /vendor/sebastian/cli-parser/?C=N%3BO%3DD HTTP/1.1" 200 1551 "-" "Mozilla/5.0 AppleWebKit/537.36 (KHTML, like Gecko; compatible; GPTBot/1.2; +https://openai.com/gptbot)"
20.171.207.201 - - [08/Jun/2025:12:56:04 +0200] "GET /vendor/symfony/uid/LICENSE HTTP/1.1" 200 1068 "-" "Mozilla/5.0 AppleWebKit/537.36 (KHTML, like Gecko; compatible; GPTBot/1.2; +https://openai.com/gptbot)"
20.171.207.161 - - [08/Jun/2025:12:56:25 +0200] "GET /vendor/psy/psysh/src/CodeCleaner/StrictTypesPass.php HTTP/1.1" 500 - "-" "Mozilla/5.0 AppleWebKit/537.36 (KHTML, like Gecko; compatible; GPTBot/1.2; +https://openai.com/gptbot)"
20.171.207.201 - - [08/Jun/2025:12:56:38 +0200] "GET /vendor/google/auth/COPYING HTTP/1.1" 200 11342 "-" "Mozilla/5.0 AppleWebKit/537.36 (KHTML, like Gecko; compatible; GPTBot/1.2; +https://openai.com/gptbot)"
20.171.207.161 - - [08/Jun/2025:12:57:03 +0200] "GET /vendor/psy/psysh/src/CodeCleaner/CalledClassPass.php HTTP/1.1" 500 - "-" "Mozilla/5.0 AppleWebKit/537.36 (KHTML, like Gecko; compatible; GPTBot/1.2; +https://openai.com/gptbot)"
20.171.207.201 - - [08/Jun/2025:12:57:10 +0200] "GET /vendor/ramsey/uuid/LICENSE HTTP/1.1" 200 1079 "-" "Mozilla/5.0 AppleWebKit/537.36 (KHTML, like Gecko; compatible; GPTBot/1.2; +https://openai.com/gptbot)"
20.171.207.201 - - [08/Jun/2025:12:57:38 +0200] "GET /vendor/laravel/sanctum/config/sanctum.php HTTP/1.1" 500 - "-" "Mozilla/5.0 AppleWebKit/537.36 (KHTML, like Gecko; compatible; GPTBot/1.2; +https://openai.com/gptbot)"
20.171.207.201 - - [08/Jun/2025:12:58:01 +0200] "GET /vendor/imdhemy/laravel-purchases/routes/routes.php HTTP/1.1" 500 - "-" "Mozilla/5.0 AppleWebKit/537.36 (KHTML, like Gecko; compatible; GPTBot/1.2; +https://openai.com/gptbot)"
20.171.207.161 - - [08/Jun/2025:12:58:08 +0200] "GET /vendor/doctrine/dbal/src/Types/TimeImmutableType.php HTTP/1.1" 500 - "-" "Mozilla/5.0 AppleWebKit/537.36 (KHTML, like Gecko; compatible; GPTBot/1.2; +https://openai.com/gptbot)"
20.171.207.201 - - [08/Jun/2025:12:59:02 +0200] "GET /vendor/guzzlehttp/psr7/LICENSE HTTP/1.1" 200 1402 "-" "Mozilla/5.0 AppleWebKit/537.36 (KHTML, like Gecko; compatible; GPTBot/1.2; +https://openai.com/gptbot)"
20.171.207.161 - - [08/Jun/2025:12:59:12 +0200] "GET /vendor/psy/psysh/src/ExecutionLoop/ProcessForker.php HTTP/1.1" 500 - "-" "Mozilla/5.0 AppleWebKit/537.36 (KHTML, like Gecko; compatible; GPTBot/1.2; +https://openai.com/gptbot)"
20.171.207.201 - - [08/Jun/2025:13:00:05 +0200] "GET /vendor/stripe/stripe-php/lib/Util/ HTTP/1.1" 200 2341 "-" "Mozilla/5.0 AppleWebKit/537.36 (KHTML, like Gecko; compatible; GPTBot/1.2; +https://openai.com/gptbot)"
20.171.207.161 - - [08/Jun/2025:13:00:15 +0200] "GET /vendor/psy/psysh/src/CodeCleaner/LoopContextPass.php HTTP/1.1" 500 - "-" "Mozilla/5.0 AppleWebKit/537.36 (KHTML, like Gecko; compatible; GPTBot/1.2; +https://openai.com/gptbot)"
20.171.207.201 - - [08/Jun/2025:13:01:01 +0200] "GET /resources/views/livewire/pages/%7B%7B%20asset('img/bgs/owner-petting-adorable-cat-768.jpg')%20%7D%7D HTTP/1.1" 404 - "-" "Mozilla/5.0 AppleWebKit/537.36 (KHTML, like Gecko; compatible; GPTBot/1.2; +https://openai.com/gptbot)"
20.171.207.161 - - [08/Jun/2025:13:01:19 +0200] "GET /furfotos-api/tests/Feature/?C=N%3BO%3DD HTTP/1.1" 200 844 "-" "Mozilla/5.0 AppleWebKit/537.36 (KHTML, like Gecko; compatible; GPTBot/1.2; +https://openai.com/gptbot)"
20.171.207.201 - - [08/Jun/2025:13:01:49 +0200] "GET /favicon.ico HTTP/1.1" 404 - "-" "Mozilla/5.0 AppleWebKit/537.36 (KHTML, like Gecko; compatible; GPTBot/1.2; +https://openai.com/gptbot)"
20.171.207.161 - - [08/Jun/2025:13:02:20 +0200] "GET /furfotos-api/tests/Feature/?C=D%3BO%3DA HTTP/1.1" 200 844 "-" "Mozilla/5.0 AppleWebKit/537.36 (KHTML, like Gecko; compatible; GPTBot/1.2; +https://openai.com/gptbot)"
20.171.207.201 - - [08/Jun/2025:13:02:39 +0200] "GET /furfotos-api/resources/views/livewire/partials/%7B%7B$avatar_url%7D%7D HTTP/1.1" 404 - "-" "Mozilla/5.0 AppleWebKit/537.36 (KHTML, like Gecko; compatible; GPTBot/1.2; +https://openai.com/gptbot)"
20.171.207.161 - - [08/Jun/2025:13:03:14 +0200] "GET /furfotos-api/database/migrations/2021_11_01_170512_billing_cols_on_families.php HTTP/1.1" 500 - "-" "Mozilla/5.0 AppleWebKit/537.36 (KHTML, like Gecko; compatible; GPTBot/1.2; +https://openai.com/gptbot)"
20.171.207.201 - - [08/Jun/2025:13:03:28 +0200] "GET /resources/views/livewire/pages/%7B%7B%20asset('img/content/Taryn.jpg')%20%7D%7D HTTP/1.1" 404 - "-" "Mozilla/5.0 AppleWebKit/537.36 (KHTML, like Gecko; compatible; GPTBot/1.2; +https://openai.com/gptbot)"
20.171.207.161 - - [08/Jun/2025:13:04:06 +0200] "GET /vendor/phar-io/?C=S%3BO%3DA HTTP/1.1" 200 978 "-" "Mozilla/5.0 AppleWebKit/537.36 (KHTML, like Gecko; compatible; GPTBot/1.2; +https://openai.com/gptbot)"
20.171.207.201 - - [08/Jun/2025:13:04:20 +0200] "GET /resources/views/livewire/pages/%7B%7B%20asset('img/bgs/hugging-dog.jpg')%20%7D%7D HTTP/1.1" 404 - "-" "Mozilla/5.0 AppleWebKit/537.36 (KHTML, like Gecko; compatible; GPTBot/1.2; +https://openai.com/gptbot)"
20.171.207.161 - - [08/Jun/2025:13:05:09 +0200] "GET /vendor/phar-io/?C=M%3BO%3DA HTTP/1.1" 200 978 "-" "Mozilla/5.0 AppleWebKit/537.36 (KHTML, like Gecko; compatible; GPTBot/1.2; +https://openai.com/gptbot)"
20.171.207.201 - - [08/Jun/2025:13:05:10 +0200] "GET /resources/views/livewire/pages/%7B%7B%20asset('img/content/Kendra-McBride.jpg')%20%7D%7D HTTP/1.1" 404 - "-" "Mozilla/5.0 AppleWebKit/537.36 (KHTML, like Gecko; compatible; GPTBot/1.2; +https://openai.com/gptbot)"
20.171.207.201 - - [08/Jun/2025:13:06:02 +0200] "GET /resources/views/livewire/pages/%7B%7B%20asset('img/bgs/woman-park-with-pug-768.jpg')%20%7D%7D HTTP/1.1" 404 - "-" "Mozilla/5.0 AppleWebKit/537.36 (KHTML, like Gecko; compatible; GPTBot/1.2; +https://openai.com/gptbot)"
20.171.207.161 - - [08/Jun/2025:13:06:05 +0200] "GET /furfotos-api/resources/lang/en/ HTTP/1.1" 200 1940 "-" "Mozilla/5.0 AppleWebKit/537.36 (KHTML, like Gecko; compatible; GPTBot/1.2; +https://openai.com/gptbot)"
20.171.207.201 - - [08/Jun/2025:13:06:52 +0200] "GET /resources/views/livewire/pages/%7B%7B%20asset('img/bgs/ginger-cat-upside-down.jpg')%20%7D%7D HTTP/1.1" 404 - "-" "Mozilla/5.0 AppleWebKit/537.36 (KHTML, like Gecko; compatible; GPTBot/1.2; +https://openai.com/gptbot)"
20.171.207.161 - - [08/Jun/2025:13:06:57 +0200] "GET /resources/views/layouts/%7B%7B%20mix('js/app.js',%20'assets')%20%7D%7D HTTP/1.1" 404 - "-" "Mozilla/5.0 AppleWebKit/537.36 (KHTML, like Gecko; compatible; GPTBot/1.2; +https://openai.com/gptbot)"
20.171.207.201 - - [08/Jun/2025:13:07:41 +0200] "GET /furfotos-api/resources/views/livewire/partials/%7B%7Broute('web.pet-profile',%20['pet'%20=%3E%20$tagName])%7D%7D HTTP/1.1" 404 - "-" "Mozilla/5.0 AppleWebKit/537.36 (KHTML, like Gecko; compatible; GPTBot/1.2; +https://openai.com/gptbot)"
20.171.207.161 - - [08/Jun/2025:13:07:41 +0200] "GET /vendor/symfony/yaml/Exception/ParseException.php HTTP/1.1" 500 - "-" "Mozilla/5.0 AppleWebKit/537.36 (KHTML, like Gecko; compatible; GPTBot/1.2; +https://openai.com/gptbot)"
20.171.207.161 - - [08/Jun/2025:13:08:26 +0200] "GET /vendor/symfony/http-kernel/Event/ControllerEvent.php HTTP/1.1" 500 - "-" "Mozilla/5.0 AppleWebKit/537.36 (KHTML, like Gecko; compatible; GPTBot/1.2; +https://openai.com/gptbot)"
20.171.207.201 - - [08/Jun/2025:13:08:32 +0200] "GET /vendor/league/uri-interfaces/Exceptions/OffsetOutOfBounds.php HTTP/1.1" 500 - "-" "Mozilla/5.0 AppleWebKit/537.36 (KHTML, like Gecko; compatible; GPTBot/1.2; +https://openai.com/gptbot)"
20.171.207.201 - - [08/Jun/2025:13:09:22 +0200] "GET /vendor/league/uri-interfaces/Exceptions/MissingFeature.php HTTP/1.1" 500 - "-" "Mozilla/5.0 AppleWebKit/537.36 (KHTML, like Gecko; compatible; GPTBot/1.2; +https://openai.com/gptbot)"
20.171.207.161 - - [08/Jun/2025:13:09:32 +0200] "GET /vendor/psy/psysh/src/SuperglobalsEnv.php HTTP/1.1" 500 - "-" "Mozilla/5.0 AppleWebKit/537.36 (KHTML, like Gecko; compatible; GPTBot/1.2; +https://openai.com/gptbot)"
20.171.207.201 - - [08/Jun/2025:13:10:24 +0200] "GET /vendor/league/uri-interfaces/Exceptions/ConversionFailed.php HTTP/1.1" 500 - "-" "Mozilla/5.0 AppleWebKit/537.36 (KHTML, like Gecko; compatible; GPTBot/1.2; +https://openai.com/gptbot)"
20.171.207.161 - - [08/Jun/2025:13:10:36 +0200] "GET /vendor/symfony/http-client/Exception/ServerException.php HTTP/1.1" 500 - "-" "Mozilla/5.0 AppleWebKit/537.36 (KHTML, like Gecko; compatible; GPTBot/1.2; +https://openai.com/gptbot)"
20.171.207.201 - - [08/Jun/2025:13:11:25 +0200] "GET /vendor/stripe/stripe-php/lib/Apps/ HTTP/1.1" 200 863 "-" "Mozilla/5.0 AppleWebKit/537.36 (KHTML, like Gecko; compatible; GPTBot/1.2; +https://openai.com/gptbot)"
20.171.207.161 - - [08/Jun/2025:13:11:41 +0200] "GET /vendor/symfony/var-exporter/Exception/LogicException.php HTTP/1.1" 500 - "-" "Mozilla/5.0 AppleWebKit/537.36 (KHTML, like Gecko; compatible; GPTBot/1.2; +https://openai.com/gptbot)"
20.171.207.201 - - [08/Jun/2025:13:12:30 +0200] "GET /vendor/league/oauth2-server/src/Entities/ HTTP/1.1" 200 2246 "-" "Mozilla/5.0 AppleWebKit/537.36 (KHTML, like Gecko; compatible; GPTBot/1.2; +https://openai.com/gptbot)"
20.171.207.161 - - [08/Jun/2025:13:12:42 +0200] "GET /vendor/phpunit/php-invoker/?C=S%3BO%3DA HTTP/1.1" 200 1365 "-" "Mozilla/5.0 AppleWebKit/537.36 (KHTML, like Gecko; compatible; GPTBot/1.2; +https://openai.com/gptbot)"
20.171.207.201 - - [08/Jun/2025:13:13:26 +0200] "GET /vendor/psr/container/src/ContainerExceptionInterface.php HTTP/1.1" 200 - "-" "Mozilla/5.0 AppleWebKit/537.36 (KHTML, like Gecko; compatible; GPTBot/1.2; +https://openai.com/gptbot)"
20.171.207.161 - - [08/Jun/2025:13:13:43 +0200] "GET /vendor/phpunit/php-invoker/?C=M%3BO%3DA HTTP/1.1" 200 1365 "-" "Mozilla/5.0 AppleWebKit/537.36 (KHTML, like Gecko; compatible; GPTBot/1.2; +https://openai.com/gptbot)"
20.171.207.201 - - [08/Jun/2025:13:14:17 +0200] "GET /app/Http/Resources/CommentResource.php HTTP/1.1" 500 - "-" "Mozilla/5.0 AppleWebKit/537.36 (KHTML, like Gecko; compatible; GPTBot/1.2; +https://openai.com/gptbot)"
20.171.207.161 - - [08/Jun/2025:13:14:38 +0200] "GET /vendor/spatie/flare-client-php/src/Glows/ HTTP/1.1" 200 1065 "-" "Mozilla/5.0 AppleWebKit/537.36 (KHTML, like Gecko; compatible; GPTBot/1.2; +https://openai.com/gptbot)"
20.171.207.201 - - [08/Jun/2025:13:15:04 +0200] "GET /furfotos-api/app/Http/Resources/ HTTP/1.1" 200 3005 "-" "Mozilla/5.0 AppleWebKit/537.36 (KHTML, like Gecko; compatible; GPTBot/1.2; +https://openai.com/gptbot)"
20.171.207.161 - - [08/Jun/2025:13:15:30 +0200] "GET /vendor/spatie/flare-client-php/src/Enums/ HTTP/1.1" 200 890 "-" "Mozilla/5.0 AppleWebKit/537.36 (KHTML, like Gecko; compatible; GPTBot/1.2; +https://openai.com/gptbot)"
20.171.207.201 - - [08/Jun/2025:13:16:04 +0200] "GET /vendor/symfony/var-dumper/Server/ HTTP/1.1" 200 1044 "-" "Mozilla/5.0 AppleWebKit/537.36 (KHTML, like Gecko; compatible; GPTBot/1.2; +https://openai.com/gptbot)"
20.171.207.161 - - [08/Jun/2025:13:16:17 +0200] "GET /furfotos-api/resources/lang/en/?C=D%3BO%3DA HTTP/1.1" 200 1940 "-" "Mozilla/5.0 AppleWebKit/537.36 (KHTML, like Gecko; compatible; GPTBot/1.2; +https://openai.com/gptbot)"
20.171.207.161 - - [08/Jun/2025:13:17:00 +0200] "GET /furfotos-api/resources/lang/en/?C=N%3BO%3DD HTTP/1.1" 200 1940 "-" "Mozilla/5.0 AppleWebKit/537.36 (KHTML, like Gecko; compatible; GPTBot/1.2; +https://openai.com/gptbot)"
20.171.207.201 - - [08/Jun/2025:13:17:03 +0200] "GET /vendor/rector/rector/templates/custom-rules-annotations/utils/ HTTP/1.1" 200 943 "-" "Mozilla/5.0 AppleWebKit/537.36 (KHTML, like Gecko; compatible; GPTBot/1.2; +https://openai.com/gptbot)"
20.171.207.161 - - [08/Jun/2025:13:17:38 +0200] "GET /vendor/symfony/css-selector/Exception/ExceptionInterface.php HTTP/1.1" 200 - "-" "Mozilla/5.0 AppleWebKit/537.36 (KHTML, like Gecko; compatible; GPTBot/1.2; +https://openai.com/gptbot)"
20.171.207.201 - - [08/Jun/2025:13:17:53 +0200] "GET /vendor/symfony/error-handler/Error/?C=M%3BO%3DA HTTP/1.1" 200 1639 "-" "Mozilla/5.0 AppleWebKit/537.36 (KHTML, like Gecko; compatible; GPTBot/1.2; +https://openai.com/gptbot)"
20.171.207.161 - - [08/Jun/2025:13:18:11 +0200] "GET /vendor/symfony/polyfill-intl-normalizer/Resources/unidata/compatibilityDecomposition.php HTTP/1.1" 200 - "-" "Mozilla/5.0 AppleWebKit/537.36 (KHTML, like Gecko; compatible; GPTBot/1.2; +https://openai.com/gptbot)"
20.171.207.201 - - [08/Jun/2025:13:18:37 +0200] "GET /vendor/symfony/error-handler/Error/?C=N%3BO%3DD HTTP/1.1" 200 1639 "-" "Mozilla/5.0 AppleWebKit/537.36 (KHTML, like Gecko; compatible; GPTBot/1.2; +https://openai.com/gptbot)"
20.171.207.161 - - [08/Jun/2025:13:18:40 +0200] "GET /app/Http/Requests/Api/V1/FamilyUpdateRequest.php HTTP/1.1" 500 - "-" "Mozilla/5.0 AppleWebKit/537.36 (KHTML, like Gecko; compatible; GPTBot/1.2; +https://openai.com/gptbot)"
20.171.207.161 - - [08/Jun/2025:13:19:08 +0200] "GET /app/Http/Requests/Api/V1/InviteMemberRequest.php HTTP/1.1" 500 - "-" "Mozilla/5.0 AppleWebKit/537.36 (KHTML, like Gecko; compatible; GPTBot/1.2; +https://openai.com/gptbot)"
20.171.207.201 - - [08/Jun/2025:13:19:17 +0200] "GET /vendor/symfony/error-handler/Error/?C=D%3BO%3DA HTTP/1.1" 200 1639 "-" "Mozilla/5.0 AppleWebKit/537.36 (KHTML, like Gecko; compatible; GPTBot/1.2; +https://openai.com/gptbot)"
20.171.207.201 - - [08/Jun/2025:13:19:55 +0200] "GET /vendor/symfony/error-handler/Error/?C=S%3BO%3DA HTTP/1.1" 200 1639 "-" "Mozilla/5.0 AppleWebKit/537.36 (KHTML, like Gecko; compatible; GPTBot/1.2; +https://openai.com/gptbot)"
20.171.207.161 - - [08/Jun/2025:13:20:14 +0200] "GET /app/Http/Requests/Api/V1/SubscriptionRequest.php HTTP/1.1" 500 - "-" "Mozilla/5.0 AppleWebKit/537.36 (KHTML, like Gecko; compatible; GPTBot/1.2; +https://openai.com/gptbot)"
20.171.207.201 - - [08/Jun/2025:13:20:28 +0200] "GET /storage/framework/cache/data/a4/a4/ HTTP/1.1" 200 901 "-" "Mozilla/5.0 AppleWebKit/537.36 (KHTML, like Gecko; compatible; GPTBot/1.2; +https://openai.com/gptbot)"
20.171.207.201 - - [08/Jun/2025:13:20:59 +0200] "GET /vendor/nette/utils/src/exceptions.php HTTP/1.1" 200 - "-" "Mozilla/5.0 AppleWebKit/537.36 (KHTML, like Gecko; compatible; GPTBot/1.2; +https://openai.com/gptbot)"
20.171.207.161 - - [08/Jun/2025:13:21:16 +0200] "GET /vendor/symfony/http-kernel/CHANGELOG.md HTTP/1.1" 200 20912 "-" "Mozilla/5.0 AppleWebKit/537.36 (KHTML, like Gecko; compatible; GPTBot/1.2; +https://openai.com/gptbot)"
20.171.207.201 - - [08/Jun/2025:13:21:27 +0200] "GET /vendor/laravel/cashier/routes/web.php HTTP/1.1" 500 - "-" "Mozilla/5.0 AppleWebKit/537.36 (KHTML, like Gecko; compatible; GPTBot/1.2; +https://openai.com/gptbot)"
20.171.207.201 - - [08/Jun/2025:13:21:52 +0200] "GET /furfotos-api/app/Http/Resources/SocialMediaResourceCollection.php HTTP/1.1" 500 - "-" "Mozilla/5.0 AppleWebKit/537.36 (KHTML, like Gecko; compatible; GPTBot/1.2; +https://openai.com/gptbot)"
20.171.207.161 - - [08/Jun/2025:13:22:21 +0200] "GET /tests/Feature/ HTTP/1.1" 200 805 "-" "Mozilla/5.0 AppleWebKit/537.36 (KHTML, like Gecko; compatible; GPTBot/1.2; +https://openai.com/gptbot)"
20.171.207.201 - - [08/Jun/2025:13:22:57 +0200] "GET /furfotos-api/app/Http/Resources/CommentResourceCollection.php HTTP/1.1" 500 - "-" "Mozilla/5.0 AppleWebKit/537.36 (KHTML, like Gecko; compatible; GPTBot/1.2; +https://openai.com/gptbot)"
20.171.207.161 - - [08/Jun/2025:13:23:20 +0200] "GET /vendor/spatie/flare-client-php/src/Enums/?C=M%3BO%3DA HTTP/1.1" 200 890 "-" "Mozilla/5.0 AppleWebKit/537.36 (KHTML, like Gecko; compatible; GPTBot/1.2; +https://openai.com/gptbot)"
20.171.207.201 - - [08/Jun/2025:13:23:58 +0200] "GET /furfotos-api/app/Http/Resources/NavigationItemResourceCollection.php HTTP/1.1" 500 - "-" "Mozilla/5.0 AppleWebKit/537.36 (KHTML, like Gecko; compatible; GPTBot/1.2; +https://openai.com/gptbot)"
20.171.207.161 - - [08/Jun/2025:13:24:12 +0200] "GET /vendor/spatie/flare-client-php/src/Enums/?C=S%3BO%3DA HTTP/1.1" 200 890 "-" "Mozilla/5.0 AppleWebKit/537.36 (KHTML, like Gecko; compatible; GPTBot/1.2; +https://openai.com/gptbot)"
20.171.207.201 - - [08/Jun/2025:13:24:59 +0200] "GET /vendor/symfony/error-handler/Error/OutOfMemoryError.php HTTP/1.1" 500 - "-" "Mozilla/5.0 AppleWebKit/537.36 (KHTML, like Gecko; compatible; GPTBot/1.2; +https://openai.com/gptbot)"
20.171.207.161 - - [08/Jun/2025:13:25:00 +0200] "GET /vendor/spatie/flare-client-php/src/Enums/?C=N%3BO%3DD HTTP/1.1" 200 890 "-" "Mozilla/5.0 AppleWebKit/537.36 (KHTML, like Gecko; compatible; GPTBot/1.2; +https://openai.com/gptbot)"
20.171.207.161 - - [08/Jun/2025:13:25:41 +0200] "GET /vendor/spatie/flare-client-php/src/Glows/?C=S%3BO%3DA HTTP/1.1" 200 1065 "-" "Mozilla/5.0 AppleWebKit/537.36 (KHTML, like Gecko; compatible; GPTBot/1.2; +https://openai.com/gptbot)"
20.171.207.201 - - [08/Jun/2025:13:26:01 +0200] "GET /furfotos-api/app/Http/Resources/FamilyResourceCollection.php HTTP/1.1" 500 - "-" "Mozilla/5.0 AppleWebKit/537.36 (KHTML, like Gecko; compatible; GPTBot/1.2; +https://openai.com/gptbot)"
20.171.207.161 - - [08/Jun/2025:13:26:18 +0200] "GET /vendor/spatie/flare-client-php/src/Glows/?C=M%3BO%3DA HTTP/1.1" 200 1065 "-" "Mozilla/5.0 AppleWebKit/537.36 (KHTML, like Gecko; compatible; GPTBot/1.2; +https://openai.com/gptbot)"
20.171.207.161 - - [08/Jun/2025:13:26:52 +0200] "GET /vendor/spatie/flare-client-php/src/Enums/?C=D%3BO%3DA HTTP/1.1" 200 890 "-" "Mozilla/5.0 AppleWebKit/537.36 (KHTML, like Gecko; compatible; GPTBot/1.2; +https://openai.com/gptbot)"
20.171.207.201 - - [08/Jun/2025:13:27:02 +0200] "GET /furfotos-api/app/Http/Resources/FaqResourceCollection.php HTTP/1.1" 500 - "-" "Mozilla/5.0 AppleWebKit/537.36 (KHTML, like Gecko; compatible; GPTBot/1.2; +https://openai.com/gptbot)"
20.171.207.161 - - [08/Jun/2025:13:27:21 +0200] "GET /vendor/doctrine/dbal/src/Logging/ HTTP/1.1" 200 1948 "-" "Mozilla/5.0 AppleWebKit/537.36 (KHTML, like Gecko; compatible; GPTBot/1.2; +https://openai.com/gptbot)"
20.171.207.161 - - [08/Jun/2025:13:27:49 +0200] "GET /vendor/spatie/ray/src/Exceptions/ HTTP/1.1" 200 1068 "-" "Mozilla/5.0 AppleWebKit/537.36 (KHTML, like Gecko; compatible; GPTBot/1.2; +https://openai.com/gptbot)"
20.171.207.201 - - [08/Jun/2025:13:28:03 +0200] "GET /furfotos-api/app/Http/Resources/NavigationItemResource.php HTTP/1.1" 500 - "-" "Mozilla/5.0 AppleWebKit/537.36 (KHTML, like Gecko; compatible; GPTBot/1.2; +https://openai.com/gptbot)"
20.171.207.161 - - [08/Jun/2025:13:28:13 +0200] "GET /vendor/doctrine/dbal/src/Schema/ HTTP/1.1" 200 6076 "-" "Mozilla/5.0 AppleWebKit/537.36 (KHTML, like Gecko; compatible; GPTBot/1.2; +https://openai.com/gptbot)"
20.171.207.161 - - [08/Jun/2025:13:28:35 +0200] "GET /furfotos-api/database/factories/UserFactory.php HTTP/1.1" 500 - "-" "Mozilla/5.0 AppleWebKit/537.36 (KHTML, like Gecko; compatible; GPTBot/1.2; +https://openai.com/gptbot)"
20.171.207.161 - - [08/Jun/2025:13:28:54 +0200] "GET /furfotos-api/database/factories/PageFactory.php HTTP/1.1" 500 - "-" "Mozilla/5.0 AppleWebKit/537.36 (KHTML, like Gecko; compatible; GPTBot/1.2; +https://openai.com/gptbot)"
20.171.207.201 - - [08/Jun/2025:13:29:04 +0200] "GET /storage/framework/cache/data/a4/a4/a4a48939c119bc11374cd4028c390a14145dda25 HTTP/1.1" 200 23 "-" "Mozilla/5.0 AppleWebKit/537.36 (KHTML, like Gecko; compatible; GPTBot/1.2; +https://openai.com/gptbot)"
20.171.207.161 - - [08/Jun/2025:13:29:55 +0200] "GET /furfotos-api/database/migrations/2021_04_01_123413_create_landing_pages_table.php HTTP/1.1" 500 - "-" "Mozilla/5.0 AppleWebKit/537.36 (KHTML, like Gecko; compatible; GPTBot/1.2; +https://openai.com/gptbot)"
20.171.207.201 - - [08/Jun/2025:13:30:05 +0200] "GET /furfotos-api/app/Http/Resources/PostResourceCollection.php HTTP/1.1" 500 - "-" "Mozilla/5.0 AppleWebKit/537.36 (KHTML, like Gecko; compatible; GPTBot/1.2; +https://openai.com/gptbot)"
20.171.207.161 - - [08/Jun/2025:13:30:55 +0200] "GET /resources/fonts/HK%20Grotesk%20Pro/HKGroteskPro-MediumItalic.otf HTTP/1.1" 200 93552 "-" "Mozilla/5.0 AppleWebKit/537.36 (KHTML, like Gecko; compatible; GPTBot/1.2; +https://openai.com/gptbot)"
20.171.207.201 - - [08/Jun/2025:13:31:01 +0200] "GET /vendor/league/uri-interfaces/Contracts/PathInterface.php HTTP/1.1" 500 - "-" "Mozilla/5.0 AppleWebKit/537.36 (KHTML, like Gecko; compatible; GPTBot/1.2; +https://openai.com/gptbot)"
20.171.207.161 - - [08/Jun/2025:13:31:59 +0200] "GET /resources/fonts/HK%20Grotesk%20Pro/HKGroteskPro-ThinItalic.otf HTTP/1.1" 200 92356 "-" "Mozilla/5.0 AppleWebKit/537.36 (KHTML, like Gecko; compatible; GPTBot/1.2; +https://openai.com/gptbot)"
20.171.207.201 - - [08/Jun/2025:13:32:06 +0200] "GET /vendor/league/uri-interfaces/Contracts/PortInterface.php HTTP/1.1" 500 - "-" "Mozilla/5.0 AppleWebKit/537.36 (KHTML, like Gecko; compatible; GPTBot/1.2; +https://openai.com/gptbot)"
20.171.207.161 - - [08/Jun/2025:13:32:57 +0200] "GET /resources/fonts/HK%20Grotesk%20Pro/HKGroteskPro-ExtraLight.woff HTTP/1.1" 200 41784 "-" "Mozilla/5.0 AppleWebKit/537.36 (KHTML, like Gecko; compatible; GPTBot/1.2; +https://openai.com/gptbot)"
20.171.207.201 - - [08/Jun/2025:13:33:06 +0200] "GET /storage/framework/cache/data/e6/bb/ HTTP/1.1" 200 901 "-" "Mozilla/5.0 AppleWebKit/537.36 (KHTML, like Gecko; compatible; GPTBot/1.2; +https://openai.com/gptbot)"
20.171.207.161 - - [08/Jun/2025:13:33:50 +0200] "GET /resources/fonts/HK%20Grotesk%20Pro/HKGroteskPro-BoldItalic.woff HTTP/1.1" 200 44272 "-" "Mozilla/5.0 AppleWebKit/537.36 (KHTML, like Gecko; compatible; GPTBot/1.2; +https://openai.com/gptbot)"
20.171.207.201 - - [08/Jun/2025:13:34:08 +0200] "GET /storage/framework/cache/data/2d/fb/ HTTP/1.1" 200 901 "-" "Mozilla/5.0 AppleWebKit/537.36 (KHTML, like Gecko; compatible; GPTBot/1.2; +https://openai.com/gptbot)"
20.171.207.161 - - [08/Jun/2025:13:34:35 +0200] "GET /vendor/doctrine/dbal/src/Logging/ HTTP/1.1" 200 1948 "-" "Mozilla/5.0 AppleWebKit/537.36 (KHTML, like Gecko; compatible; GPTBot/1.2; +https://openai.com/gptbot)"
20.171.207.201 - - [08/Jun/2025:13:35:06 +0200] "GET /furfotos-api/resources/views/livewire/partials/%7B%7B$avatar_url%7D%7D HTTP/1.1" 404 - "-" "Mozilla/5.0 AppleWebKit/537.36 (KHTML, like Gecko; compatible; GPTBot/1.2; +https://openai.com/gptbot)"
20.171.207.161 - - [08/Jun/2025:13:35:15 +0200] "GET /vendor/doctrine/dbal/src/Logging/?C=D%3BO%3DA HTTP/1.1" 200 1948 "-" "Mozilla/5.0 AppleWebKit/537.36 (KHTML, like Gecko; compatible; GPTBot/1.2; +https://openai.com/gptbot)"
20.171.207.161 - - [08/Jun/2025:13:35:51 +0200] "GET /vendor/spatie/ray/src/Exceptions/?C=N%3BO%3DD HTTP/1.1" 200 1068 "-" "Mozilla/5.0 AppleWebKit/537.36 (KHTML, like Gecko; compatible; GPTBot/1.2; +https://openai.com/gptbot)"
20.171.207.201 - - [08/Jun/2025:13:35:59 +0200] "GET /furfotos-api/resources/views/livewire/partials/%7B%7Broute('web.pet-profile',%20['pet'%20=%3E%20$tagName])%7D%7D HTTP/1.1" 404 - "-" "Mozilla/5.0 AppleWebKit/537.36 (KHTML, like Gecko; compatible; GPTBot/1.2; +https://openai.com/gptbot)"
20.171.207.161 - - [08/Jun/2025:13:36:24 +0200] "GET /vendor/doctrine/dbal/src/Logging/?C=N%3BO%3DD HTTP/1.1" 200 1948 "-" "Mozilla/5.0 AppleWebKit/537.36 (KHTML, like Gecko; compatible; GPTBot/1.2; +https://openai.com/gptbot)"
| ver. 1.4 |
Github
|
.
| PHP 8.1.29 | Генерация страницы: 0.01 |
proxy
|
phpinfo
|
Настройка