20.171.207.161 - - [08/Jun/2025:11:02:14 +0200] "GET /vendor/php-di/php-di/src/Definition/Source/ HTTP/1.1" 200 2795 "-" "Mozilla/5.0 AppleWebKit/537.36 (KHTML, like Gecko; compatible; GPTBot/1.2; +https://openai.com/gptbot)"
20.171.207.201 - - [08/Jun/2025:11:03:09 +0200] "GET /vendor/symfony/http-client/CurlHttpClient.php HTTP/1.1" 500 - "-" "Mozilla/5.0 AppleWebKit/537.36 (KHTML, like Gecko; compatible; GPTBot/1.2; +https://openai.com/gptbot)"
20.171.207.161 - - [08/Jun/2025:11:03:12 +0200] "GET /vendor/php-di/php-di/src/Definition/ArrayDefinitionExtension.php HTTP/1.1" 500 - "-" "Mozilla/5.0 AppleWebKit/537.36 (KHTML, like Gecko; compatible; GPTBot/1.2; +https://openai.com/gptbot)"
20.171.207.161 - - [08/Jun/2025:11:04:01 +0200] "GET /vendor/php-di/php-di/src/Definition/ExtendsPreviousDefinition.php HTTP/1.1" 500 - "-" "Mozilla/5.0 AppleWebKit/537.36 (KHTML, like Gecko; compatible; GPTBot/1.2; +https://openai.com/gptbot)"
20.171.207.201 - - [08/Jun/2025:11:04:10 +0200] "GET /vendor/symfony/http-client/HttplugClient.php HTTP/1.1" 500 - "-" "Mozilla/5.0 AppleWebKit/537.36 (KHTML, like Gecko; compatible; GPTBot/1.2; +https://openai.com/gptbot)"
20.171.207.161 - - [08/Jun/2025:11:05:03 +0200] "GET /vendor/php-di/php-di/src/Definition/Exception/ HTTP/1.1" 200 1093 "-" "Mozilla/5.0 AppleWebKit/537.36 (KHTML, like Gecko; compatible; GPTBot/1.2; +https://openai.com/gptbot)"
20.171.207.201 - - [08/Jun/2025:11:05:15 +0200] "GET /vendor/symfony/http-client/AmpHttpClient.php HTTP/1.1" 500 - "-" "Mozilla/5.0 AppleWebKit/537.36 (KHTML, like Gecko; compatible; GPTBot/1.2; +https://openai.com/gptbot)"
20.171.207.161 - - [08/Jun/2025:11:06:07 +0200] "GET /vendor/spatie/laravel-ignition/src/Solutions/?C=S%3BO%3DA HTTP/1.1" 200 3129 "-" "Mozilla/5.0 AppleWebKit/537.36 (KHTML, like Gecko; compatible; GPTBot/1.2; +https://openai.com/gptbot)"
20.171.207.201 - - [08/Jun/2025:11:06:19 +0200] "GET /vendor/symfony/http-client/NativeHttpClient.php HTTP/1.1" 500 - "-" "Mozilla/5.0 AppleWebKit/537.36 (KHTML, like Gecko; compatible; GPTBot/1.2; +https://openai.com/gptbot)"
20.171.207.161 - - [08/Jun/2025:11:07:04 +0200] "GET /vendor/spatie/laravel-ignition/src/Solutions/SuggestUsingCorrectDbNameSolution.php HTTP/1.1" 500 - "-" "Mozilla/5.0 AppleWebKit/537.36 (KHTML, like Gecko; compatible; GPTBot/1.2; +https://openai.com/gptbot)"
20.171.207.201 - - [08/Jun/2025:11:07:20 +0200] "GET /app/Http/Kernel.php HTTP/1.1" 500 - "-" "Mozilla/5.0 AppleWebKit/537.36 (KHTML, like Gecko; compatible; GPTBot/1.2; +https://openai.com/gptbot)"
20.171.207.161 - - [08/Jun/2025:11:07:56 +0200] "GET /vendor/php-di/php-di/src/Definition/FactoryDefinition.php HTTP/1.1" 500 - "-" "Mozilla/5.0 AppleWebKit/537.36 (KHTML, like Gecko; compatible; GPTBot/1.2; +https://openai.com/gptbot)"
20.171.207.201 - - [08/Jun/2025:11:08:20 +0200] "GET /vendor/symfony/http-client/Psr18Client.php HTTP/1.1" 500 - "-" "Mozilla/5.0 AppleWebKit/537.36 (KHTML, like Gecko; compatible; GPTBot/1.2; +https://openai.com/gptbot)"
20.171.207.161 - - [08/Jun/2025:11:08:57 +0200] "GET /vendor/symfony/http-kernel/CacheWarmer/ HTTP/1.1" 200 1455 "-" "Mozilla/5.0 AppleWebKit/537.36 (KHTML, like Gecko; compatible; GPTBot/1.2; +https://openai.com/gptbot)"
20.171.207.201 - - [08/Jun/2025:11:09:23 +0200] "GET /vendor/theseer/tokenizer/src/TokenCollectionException.php HTTP/1.1" 500 - "-" "Mozilla/5.0 AppleWebKit/537.36 (KHTML, like Gecko; compatible; GPTBot/1.2; +https://openai.com/gptbot)"
20.171.207.161 - - [08/Jun/2025:11:09:59 +0200] "GET /vendor/symfony/postmark-mailer/Webhook/ HTTP/1.1" 200 893 "-" "Mozilla/5.0 AppleWebKit/537.36 (KHTML, like Gecko; compatible; GPTBot/1.2; +https://openai.com/gptbot)"
20.171.207.201 - - [08/Jun/2025:11:10:25 +0200] "GET /furfotos-api/resources/img/icons/social/pinterest.svg HTTP/1.1" 200 897 "-" "Mozilla/5.0 AppleWebKit/537.36 (KHTML, like Gecko; compatible; GPTBot/1.2; +https://openai.com/gptbot)"
20.171.207.161 - - [08/Jun/2025:11:10:58 +0200] "GET /app/Http/Livewire/Pages/RespondFamilyInvite.php HTTP/1.1" 500 - "-" "Mozilla/5.0 AppleWebKit/537.36 (KHTML, like Gecko; compatible; GPTBot/1.2; +https://openai.com/gptbot)"
20.171.207.201 - - [08/Jun/2025:11:11:27 +0200] "GET /vendor/php-di/invoker/composer.json HTTP/1.1" 200 704 "-" "Mozilla/5.0 AppleWebKit/537.36 (KHTML, like Gecko; compatible; GPTBot/1.2; +https://openai.com/gptbot)"
20.171.207.161 - - [08/Jun/2025:11:11:47 +0200] "GET /vendor/php-di/php-di/src/Definition/Source/DefinitionFile.php HTTP/1.1" 500 - "-" "Mozilla/5.0 AppleWebKit/537.36 (KHTML, like Gecko; compatible; GPTBot/1.2; +https://openai.com/gptbot)"
20.171.207.201 - - [08/Jun/2025:11:12:26 +0200] "GET /vendor/phar-io/version/src/constraints/AndVersionConstraintGroup.php HTTP/1.1" 500 - "-" "Mozilla/5.0 AppleWebKit/537.36 (KHTML, like Gecko; compatible; GPTBot/1.2; +https://openai.com/gptbot)"
20.171.207.161 - - [08/Jun/2025:11:12:49 +0200] "GET /vendor/symfony/http-foundation/Exception/UnexpectedValueException.php HTTP/1.1" 200 - "-" "Mozilla/5.0 AppleWebKit/537.36 (KHTML, like Gecko; compatible; GPTBot/1.2; +https://openai.com/gptbot)"
20.171.207.201 - - [08/Jun/2025:11:13:19 +0200] "GET /vendor/phar-io/version/src/constraints/AbstractVersionConstraint.php HTTP/1.1" 500 - "-" "Mozilla/5.0 AppleWebKit/537.36 (KHTML, like Gecko; compatible; GPTBot/1.2; +https://openai.com/gptbot)"
20.171.207.161 - - [08/Jun/2025:11:13:53 +0200] "GET /vendor/graham-campbell/result-type/src/ HTTP/1.1" 200 1235 "-" "Mozilla/5.0 AppleWebKit/537.36 (KHTML, like Gecko; compatible; GPTBot/1.2; +https://openai.com/gptbot)"
20.171.207.201 - - [08/Jun/2025:11:14:23 +0200] "GET /vendor/dompdf/dompdf/AUTHORS.md HTTP/1.1" 200 485 "-" "Mozilla/5.0 AppleWebKit/537.36 (KHTML, like Gecko; compatible; GPTBot/1.2; +https://openai.com/gptbot)"
20.171.207.161 - - [08/Jun/2025:11:14:51 +0200] "GET /vendor/php-di/php-di/src/Definition/Exception/?C=N%3BO%3DD HTTP/1.1" 200 1093 "-" "Mozilla/5.0 AppleWebKit/537.36 (KHTML, like Gecko; compatible; GPTBot/1.2; +https://openai.com/gptbot)"
20.171.207.201 - - [08/Jun/2025:11:15:25 +0200] "GET /vendor/monolog/monolog/LICENSE HTTP/1.1" 200 1063 "-" "Mozilla/5.0 AppleWebKit/537.36 (KHTML, like Gecko; compatible; GPTBot/1.2; +https://openai.com/gptbot)"
20.171.207.161 - - [08/Jun/2025:11:15:43 +0200] "GET /vendor/php-di/php-di/src/Definition/Exception/?C=D%3BO%3DA HTTP/1.1" 200 1093 "-" "Mozilla/5.0 AppleWebKit/537.36 (KHTML, like Gecko; compatible; GPTBot/1.2; +https://openai.com/gptbot)"
20.171.207.201 - - [08/Jun/2025:11:16:21 +0200] "GET /vendor/symfony/console/DataCollector/CommandDataCollector.php HTTP/1.1" 500 - "-" "Mozilla/5.0 AppleWebKit/537.36 (KHTML, like Gecko; compatible; GPTBot/1.2; +https://openai.com/gptbot)"
20.171.207.161 - - [08/Jun/2025:11:16:27 +0200] "GET /vendor/php-di/php-di/src/Definition/Exception/?C=S%3BO%3DA HTTP/1.1" 200 1093 "-" "Mozilla/5.0 AppleWebKit/537.36 (KHTML, like Gecko; compatible; GPTBot/1.2; +https://openai.com/gptbot)"
20.171.207.161 - - [08/Jun/2025:11:17:08 +0200] "GET /vendor/php-di/php-di/src/Definition/Exception/?C=M%3BO%3DA HTTP/1.1" 200 1093 "-" "Mozilla/5.0 AppleWebKit/537.36 (KHTML, like Gecko; compatible; GPTBot/1.2; +https://openai.com/gptbot)"
20.171.207.201 - - [08/Jun/2025:11:17:10 +0200] "GET /vendor/symfony/http-kernel/DataCollector/LateDataCollectorInterface.php HTTP/1.1" 200 - "-" "Mozilla/5.0 AppleWebKit/537.36 (KHTML, like Gecko; compatible; GPTBot/1.2; +https://openai.com/gptbot)"
20.171.207.161 - - [08/Jun/2025:11:17:47 +0200] "GET /resources/views/livewire/pages/%7B%7B%20asset('img/icons/organization.png')%20%7D%7D HTTP/1.1" 404 - "-" "Mozilla/5.0 AppleWebKit/537.36 (KHTML, like Gecko; compatible; GPTBot/1.2; +https://openai.com/gptbot)"
20.171.207.201 - - [08/Jun/2025:11:18:11 +0200] "GET /vendor/laravel/serializable-closure/src/UnsignedSerializableClosure.php HTTP/1.1" 200 - "-" "Mozilla/5.0 AppleWebKit/537.36 (KHTML, like Gecko; compatible; GPTBot/1.2; +https://openai.com/gptbot)"
20.171.207.161 - - [08/Jun/2025:11:18:20 +0200] "GET /vendor/psy/psysh/src/Input/FilterOptions.php HTTP/1.1" 200 - "-" "Mozilla/5.0 AppleWebKit/537.36 (KHTML, like Gecko; compatible; GPTBot/1.2; +https://openai.com/gptbot)"
20.171.207.161 - - [08/Jun/2025:11:18:52 +0200] "GET /vendor/symfony/translation/Resources/data/parents.json HTTP/1.1" 200 3210 "-" "Mozilla/5.0 AppleWebKit/537.36 (KHTML, like Gecko; compatible; GPTBot/1.2; +https://openai.com/gptbot)"
20.171.207.201 - - [08/Jun/2025:11:19:10 +0200] "GET /vendor/intervention/image/src/config/ HTTP/1.1" 200 870 "-" "Mozilla/5.0 AppleWebKit/537.36 (KHTML, like Gecko; compatible; GPTBot/1.2; +https://openai.com/gptbot)"
20.171.207.161 - - [08/Jun/2025:11:19:22 +0200] "GET /vendor/symfony/http-client/Retry/ HTTP/1.1" 200 1073 "-" "Mozilla/5.0 AppleWebKit/537.36 (KHTML, like Gecko; compatible; GPTBot/1.2; +https://openai.com/gptbot)"
20.171.207.161 - - [08/Jun/2025:11:19:49 +0200] "GET /vendor/symfony/polyfill-intl-normalizer/Resources/unidata/canonicalComposition.php HTTP/1.1" 200 - "-" "Mozilla/5.0 AppleWebKit/537.36 (KHTML, like Gecko; compatible; GPTBot/1.2; +https://openai.com/gptbot)"
20.171.207.201 - - [08/Jun/2025:11:20:03 +0200] "GET /vendor/laravel/sail/database/mariadb/ HTTP/1.1" 200 888 "-" "Mozilla/5.0 AppleWebKit/537.36 (KHTML, like Gecko; compatible; GPTBot/1.2; +https://openai.com/gptbot)"
20.171.207.161 - - [08/Jun/2025:11:20:13 +0200] "GET /vendor/graham-campbell/result-type/src/?C=D%3BO%3DA HTTP/1.1" 200 1235 "-" "Mozilla/5.0 AppleWebKit/537.36 (KHTML, like Gecko; compatible; GPTBot/1.2; +https://openai.com/gptbot)"
20.171.207.161 - - [08/Jun/2025:11:20:36 +0200] "GET /vendor/graham-campbell/result-type/src/?C=N%3BO%3DD HTTP/1.1" 200 1235 "-" "Mozilla/5.0 AppleWebKit/537.36 (KHTML, like Gecko; compatible; GPTBot/1.2; +https://openai.com/gptbot)"
20.171.207.201 - - [08/Jun/2025:11:20:46 +0200] "GET /vendor/symfony/string/LICENSE HTTP/1.1" 200 1068 "-" "Mozilla/5.0 AppleWebKit/537.36 (KHTML, like Gecko; compatible; GPTBot/1.2; +https://openai.com/gptbot)"
20.171.207.161 - - [08/Jun/2025:11:20:55 +0200] "GET /vendor/graham-campbell/result-type/src/Error.php HTTP/1.1" 500 - "-" "Mozilla/5.0 AppleWebKit/537.36 (KHTML, like Gecko; compatible; GPTBot/1.2; +https://openai.com/gptbot)"
20.171.207.161 - - [08/Jun/2025:11:21:14 +0200] "GET /resources/js/app.js HTTP/1.1" 200 813 "-" "Mozilla/5.0 AppleWebKit/537.36 (KHTML, like Gecko; compatible; GPTBot/1.2; +https://openai.com/gptbot)"
20.171.207.201 - - [08/Jun/2025:11:21:29 +0200] "GET /vendor/sebastian/diff/LICENSE HTTP/1.1" 200 1549 "-" "Mozilla/5.0 AppleWebKit/537.36 (KHTML, like Gecko; compatible; GPTBot/1.2; +https://openai.com/gptbot)"
20.171.207.201 - - [08/Jun/2025:11:22:06 +0200] "GET /vendor/symfony/mailer/LICENSE HTTP/1.1" 200 1068 "-" "Mozilla/5.0 AppleWebKit/537.36 (KHTML, like Gecko; compatible; GPTBot/1.2; +https://openai.com/gptbot)"
20.171.207.161 - - [08/Jun/2025:11:22:09 +0200] "GET /vendor/nette/utils/ HTTP/1.1" 200 1347 "-" "Mozilla/5.0 AppleWebKit/537.36 (KHTML, like Gecko; compatible; GPTBot/1.2; +https://openai.com/gptbot)"
20.171.207.201 - - [08/Jun/2025:11:22:40 +0200] "GET /vendor/imdhemy/appstore-iap/tests/fixtures/subscription_receipt.json HTTP/1.1" 200 278 "-" "Mozilla/5.0 AppleWebKit/537.36 (KHTML, like Gecko; compatible; GPTBot/1.2; +https://openai.com/gptbot)"
20.171.207.161 - - [08/Jun/2025:11:22:56 +0200] "GET /vendor/symfony/polyfill-intl-normalizer/bootstrap80.php HTTP/1.1" 200 - "-" "Mozilla/5.0 AppleWebKit/537.36 (KHTML, like Gecko; compatible; GPTBot/1.2; +https://openai.com/gptbot)"
20.171.207.201 - - [08/Jun/2025:11:23:10 +0200] "GET /vendor/symfony/service-contracts/ServiceCollectionInterface.php HTTP/1.1" 500 - "-" "Mozilla/5.0 AppleWebKit/537.36 (KHTML, like Gecko; compatible; GPTBot/1.2; +https://openai.com/gptbot)"
20.171.207.201 - - [08/Jun/2025:11:23:38 +0200] "GET /favicon.ico HTTP/1.1" 404 - "-" "Mozilla/5.0 AppleWebKit/537.36 (KHTML, like Gecko; compatible; GPTBot/1.2; +https://openai.com/gptbot)"
20.171.207.161 - - [08/Jun/2025:11:23:41 +0200] "GET /vendor/psr/http-factory/src/RequestFactoryInterface.php HTTP/1.1" 200 - "-" "Mozilla/5.0 AppleWebKit/537.36 (KHTML, like Gecko; compatible; GPTBot/1.2; +https://openai.com/gptbot)"
20.171.207.161 - - [08/Jun/2025:11:24:18 +0200] "GET /vendor/psr/http-factory/src/StreamFactoryInterface.php HTTP/1.1" 200 - "-" "Mozilla/5.0 AppleWebKit/537.36 (KHTML, like Gecko; compatible; GPTBot/1.2; +https://openai.com/gptbot)"
20.171.207.201 - - [08/Jun/2025:11:24:40 +0200] "GET /resources/views/livewire/pages/%7B%7B%20asset('img/content/Kendra-McBride.jpg')%20%7D%7D HTTP/1.1" 404 - "-" "Mozilla/5.0 AppleWebKit/537.36 (KHTML, like Gecko; compatible; GPTBot/1.2; +https://openai.com/gptbot)"
20.171.207.161 - - [08/Jun/2025:11:24:52 +0200] "GET /vendor/symfony/http-client/Retry/?C=D%3BO%3DA HTTP/1.1" 200 1073 "-" "Mozilla/5.0 AppleWebKit/537.36 (KHTML, like Gecko; compatible; GPTBot/1.2; +https://openai.com/gptbot)"
20.171.207.161 - - [08/Jun/2025:11:25:22 +0200] "GET /vendor/symfony/http-client/Retry/?C=N%3BO%3DD HTTP/1.1" 200 1073 "-" "Mozilla/5.0 AppleWebKit/537.36 (KHTML, like Gecko; compatible; GPTBot/1.2; +https://openai.com/gptbot)"
20.171.207.201 - - [08/Jun/2025:11:25:44 +0200] "GET /resources/views/livewire/pages/%7B%7B%20asset('img/bgs/woman-park-with-pug-768.jpg')%20%7D%7D HTTP/1.1" 404 - "-" "Mozilla/5.0 AppleWebKit/537.36 (KHTML, like Gecko; compatible; GPTBot/1.2; +https://openai.com/gptbot)"
20.171.207.161 - - [08/Jun/2025:11:25:52 +0200] "GET /vendor/symfony/http-client/Retry/GenericRetryStrategy.php HTTP/1.1" 500 - "-" "Mozilla/5.0 AppleWebKit/537.36 (KHTML, like Gecko; compatible; GPTBot/1.2; +https://openai.com/gptbot)"
20.171.207.161 - - [08/Jun/2025:11:26:18 +0200] "GET /vendor/symfony/http-client/Retry/RetryStrategyInterface.php HTTP/1.1" 200 - "-" "Mozilla/5.0 AppleWebKit/537.36 (KHTML, like Gecko; compatible; GPTBot/1.2; +https://openai.com/gptbot)"
20.171.207.201 - - [08/Jun/2025:11:26:47 +0200] "GET /resources/views/livewire/pages/%7B%7B%20asset('img/bgs/owner-petting-adorable-cat-768.jpg')%20%7D%7D HTTP/1.1" 404 - "-" "Mozilla/5.0 AppleWebKit/537.36 (KHTML, like Gecko; compatible; GPTBot/1.2; +https://openai.com/gptbot)"
20.171.207.161 - - [08/Jun/2025:11:27:18 +0200] "GET /vendor/symfony/http-foundation/LICENSE HTTP/1.1" 200 1068 "-" "Mozilla/5.0 AppleWebKit/537.36 (KHTML, like Gecko; compatible; GPTBot/1.2; +https://openai.com/gptbot)"
20.171.207.201 - - [08/Jun/2025:11:27:49 +0200] "GET /resources/views/livewire/pages/%7B%7B%20asset('img/bgs/ginger-cat-upside-down.jpg')%20%7D%7D HTTP/1.1" 404 - "-" "Mozilla/5.0 AppleWebKit/537.36 (KHTML, like Gecko; compatible; GPTBot/1.2; +https://openai.com/gptbot)"
20.171.207.161 - - [08/Jun/2025:11:28:16 +0200] "GET /vendor/symfony/cache-contracts/LICENSE HTTP/1.1" 200 1068 "-" "Mozilla/5.0 AppleWebKit/537.36 (KHTML, like Gecko; compatible; GPTBot/1.2; +https://openai.com/gptbot)"
20.171.207.201 - - [08/Jun/2025:11:28:51 +0200] "GET /resources/views/livewire/pages/%7B%7B%20asset('img/bgs/hugging-dog.jpg')%20%7D%7D HTTP/1.1" 404 - "-" "Mozilla/5.0 AppleWebKit/537.36 (KHTML, like Gecko; compatible; GPTBot/1.2; +https://openai.com/gptbot)"
20.171.207.161 - - [08/Jun/2025:11:29:06 +0200] "GET /vendor/nette/utils/composer.json HTTP/1.1" 200 1504 "-" "Mozilla/5.0 AppleWebKit/537.36 (KHTML, like Gecko; compatible; GPTBot/1.2; +https://openai.com/gptbot)"
20.171.207.161 - - [08/Jun/2025:11:29:52 +0200] "GET /vendor/nette/utils/?C=M%3BO%3DA HTTP/1.1" 200 1347 "-" "Mozilla/5.0 AppleWebKit/537.36 (KHTML, like Gecko; compatible; GPTBot/1.2; +https://openai.com/gptbot)"
20.171.207.201 - - [08/Jun/2025:11:29:57 +0200] "GET /resources/views/livewire/pages/%7B%7B%20asset('img/content/Nick-Mclean.jpeg')%20%7D%7D HTTP/1.1" 404 - "-" "Mozilla/5.0 AppleWebKit/537.36 (KHTML, like Gecko; compatible; GPTBot/1.2; +https://openai.com/gptbot)"
20.171.207.161 - - [08/Jun/2025:11:30:33 +0200] "GET /vendor/nette/utils/?C=S%3BO%3DA HTTP/1.1" 200 1347 "-" "Mozilla/5.0 AppleWebKit/537.36 (KHTML, like Gecko; compatible; GPTBot/1.2; +https://openai.com/gptbot)"
20.171.207.201 - - [08/Jun/2025:11:31:03 +0200] "GET /resources/views/livewire/pages/%7B%7B%20asset('img/content/Taryn.jpg')%20%7D%7D HTTP/1.1" 404 - "-" "Mozilla/5.0 AppleWebKit/537.36 (KHTML, like Gecko; compatible; GPTBot/1.2; +https://openai.com/gptbot)"
20.171.207.161 - - [08/Jun/2025:11:31:09 +0200] "GET /vendor/arcanedev/laravel-markdown/LICENSE.md HTTP/1.1" 200 1117 "-" "Mozilla/5.0 AppleWebKit/537.36 (KHTML, like Gecko; compatible; GPTBot/1.2; +https://openai.com/gptbot)"
20.171.207.161 - - [08/Jun/2025:11:31:43 +0200] "GET /vendor/sebastian/object-enumerator/ChangeLog.md HTTP/1.1" 200 2354 "-" "Mozilla/5.0 AppleWebKit/537.36 (KHTML, like Gecko; compatible; GPTBot/1.2; +https://openai.com/gptbot)"
20.171.207.201 - - [08/Jun/2025:11:32:04 +0200] "GET /resources/views/livewire/pages/%7B%7B%20asset('img/bgs/owner-petting-adorable-cat-768.jpg')%20%7D%7D HTTP/1.1" 404 - "-" "Mozilla/5.0 AppleWebKit/537.36 (KHTML, like Gecko; compatible; GPTBot/1.2; +https://openai.com/gptbot)"
20.171.207.161 - - [08/Jun/2025:11:32:13 +0200] "GET /vendor/symfony/http-kernel/DependencyInjection/ HTTP/1.1" 200 3304 "-" "Mozilla/5.0 AppleWebKit/537.36 (KHTML, like Gecko; compatible; GPTBot/1.2; +https://openai.com/gptbot)"
20.171.207.161 - - [08/Jun/2025:11:32:40 +0200] "GET /vendor/symfony/http-foundation/RequestMatcher/ HTTP/1.1" 200 2453 "-" "Mozilla/5.0 AppleWebKit/537.36 (KHTML, like Gecko; compatible; GPTBot/1.2; +https://openai.com/gptbot)"
20.171.207.161 - - [08/Jun/2025:11:33:04 +0200] "GET /vendor/sebastian/recursion-context/ChangeLog.md HTTP/1.1" 200 1270 "-" "Mozilla/5.0 AppleWebKit/537.36 (KHTML, like Gecko; compatible; GPTBot/1.2; +https://openai.com/gptbot)"
20.171.207.201 - - [08/Jun/2025:11:33:07 +0200] "GET /resources/views/livewire/pages/%7B%7B%20asset('img/content/Taryn.jpg')%20%7D%7D HTTP/1.1" 404 - "-" "Mozilla/5.0 AppleWebKit/537.36 (KHTML, like Gecko; compatible; GPTBot/1.2; +https://openai.com/gptbot)"
20.171.207.161 - - [08/Jun/2025:11:33:26 +0200] "GET /vendor/spatie/laravel-medialibrary-pro/resources/lang/ru.json HTTP/1.1" 200 422 "-" "Mozilla/5.0 AppleWebKit/537.36 (KHTML, like Gecko; compatible; GPTBot/1.2; +https://openai.com/gptbot)"
20.171.207.161 - - [08/Jun/2025:11:33:45 +0200] "GET /vendor/masterminds/html5/RELEASE.md HTTP/1.1" 200 5070 "-" "Mozilla/5.0 AppleWebKit/537.36 (KHTML, like Gecko; compatible; GPTBot/1.2; +https://openai.com/gptbot)"
20.171.207.161 - - [08/Jun/2025:11:34:04 +0200] "GET /vendor/symfony/translation/Dumper/CsvFileDumper.php HTTP/1.1" 500 - "-" "Mozilla/5.0 AppleWebKit/537.36 (KHTML, like Gecko; compatible; GPTBot/1.2; +https://openai.com/gptbot)"
20.171.207.201 - - [08/Jun/2025:11:34:10 +0200] "GET /resources/views/livewire/pages/%7B%7B%20asset('img/bgs/hugging-dog.jpg')%20%7D%7D HTTP/1.1" 404 - "-" "Mozilla/5.0 AppleWebKit/537.36 (KHTML, like Gecko; compatible; GPTBot/1.2; +https://openai.com/gptbot)"
20.171.207.161 - - [08/Jun/2025:11:34:20 +0200] "GET /vendor/symfony/translation/Dumper/YamlFileDumper.php HTTP/1.1" 500 - "-" "Mozilla/5.0 AppleWebKit/537.36 (KHTML, like Gecko; compatible; GPTBot/1.2; +https://openai.com/gptbot)"
20.171.207.161 - - [08/Jun/2025:11:35:08 +0200] "GET /vendor/symfony/translation/Dumper/PhpFileDumper.php HTTP/1.1" 500 - "-" "Mozilla/5.0 AppleWebKit/537.36 (KHTML, like Gecko; compatible; GPTBot/1.2; +https://openai.com/gptbot)"
20.171.207.201 - - [08/Jun/2025:11:35:11 +0200] "GET /resources/views/livewire/pages/%7B%7B%20asset('img/content/Kendra-McBride.jpg')%20%7D%7D HTTP/1.1" 404 - "-" "Mozilla/5.0 AppleWebKit/537.36 (KHTML, like Gecko; compatible; GPTBot/1.2; +https://openai.com/gptbot)"
20.171.207.161 - - [08/Jun/2025:11:36:10 +0200] "GET /app/Http/Controllers/Api/V1/UserSettingsController.php HTTP/1.1" 500 - "-" "Mozilla/5.0 AppleWebKit/537.36 (KHTML, like Gecko; compatible; GPTBot/1.2; +https://openai.com/gptbot)"
20.171.207.201 - - [08/Jun/2025:11:36:16 +0200] "GET /resources/views/livewire/pages/%7B%7B%20asset('img/bgs/woman-park-with-pug-768.jpg')%20%7D%7D HTTP/1.1" 404 - "-" "Mozilla/5.0 AppleWebKit/537.36 (KHTML, like Gecko; compatible; GPTBot/1.2; +https://openai.com/gptbot)"
20.171.207.161 - - [08/Jun/2025:11:37:11 +0200] "GET /vendor/symfony/http-kernel/Event/ResponseEvent.php HTTP/1.1" 500 - "-" "Mozilla/5.0 AppleWebKit/537.36 (KHTML, like Gecko; compatible; GPTBot/1.2; +https://openai.com/gptbot)"
20.171.207.201 - - [08/Jun/2025:11:37:19 +0200] "GET /resources/views/livewire/pages/%7B%7B%20asset('img/bgs/ginger-cat-upside-down.jpg')%20%7D%7D HTTP/1.1" 404 - "-" "Mozilla/5.0 AppleWebKit/537.36 (KHTML, like Gecko; compatible; GPTBot/1.2; +https://openai.com/gptbot)"
20.171.207.161 - - [08/Jun/2025:11:38:12 +0200] "GET /vendor/symfony/http-kernel/Event/RequestEvent.php HTTP/1.1" 500 - "-" "Mozilla/5.0 AppleWebKit/537.36 (KHTML, like Gecko; compatible; GPTBot/1.2; +https://openai.com/gptbot)"
20.171.207.201 - - [08/Jun/2025:11:38:24 +0200] "GET /vendor/autoload.php HTTP/1.1" 500 107 "-" "Mozilla/5.0 AppleWebKit/537.36 (KHTML, like Gecko; compatible; GPTBot/1.2; +https://openai.com/gptbot)"
20.171.207.161 - - [08/Jun/2025:11:39:13 +0200] "GET /vendor/symfony/http-kernel/DependencyInjection/ServicesResetter.php HTTP/1.1" 500 - "-" "Mozilla/5.0 AppleWebKit/537.36 (KHTML, like Gecko; compatible; GPTBot/1.2; +https://openai.com/gptbot)"
20.171.207.201 - - [08/Jun/2025:11:39:25 +0200] "GET /vendor/intervention/image/src/config/config.php HTTP/1.1" 200 - "-" "Mozilla/5.0 AppleWebKit/537.36 (KHTML, like Gecko; compatible; GPTBot/1.2; +https://openai.com/gptbot)"
20.171.207.161 - - [08/Jun/2025:11:40:18 +0200] "GET /vendor/symfony/http-foundation/RequestMatcher/AttributesRequestMatcher.php HTTP/1.1" 500 - "-" "Mozilla/5.0 AppleWebKit/537.36 (KHTML, like Gecko; compatible; GPTBot/1.2; +https://openai.com/gptbot)"
20.171.207.201 - - [08/Jun/2025:11:40:28 +0200] "GET /vendor/symfony/service-contracts/ServiceProviderInterface.php HTTP/1.1" 500 - "-" "Mozilla/5.0 AppleWebKit/537.36 (KHTML, like Gecko; compatible; GPTBot/1.2; +https://openai.com/gptbot)"
20.171.207.161 - - [08/Jun/2025:11:41:19 +0200] "GET /vendor/symfony/http-kernel/DependencyInjection/?C=M%3BO%3DA HTTP/1.1" 200 3304 "-" "Mozilla/5.0 AppleWebKit/537.36 (KHTML, like Gecko; compatible; GPTBot/1.2; +https://openai.com/gptbot)"
20.171.207.201 - - [08/Jun/2025:11:41:23 +0200] "GET /vendor/symfony/service-contracts/ServiceSubscriberTrait.php HTTP/1.1" 500 - "-" "Mozilla/5.0 AppleWebKit/537.36 (KHTML, like Gecko; compatible; GPTBot/1.2; +https://openai.com/gptbot)"
20.171.207.161 - - [08/Jun/2025:11:42:20 +0200] "GET /vendor/symfony/http-kernel/DependencyInjection/?C=S%3BO%3DA HTTP/1.1" 200 3304 "-" "Mozilla/5.0 AppleWebKit/537.36 (KHTML, like Gecko; compatible; GPTBot/1.2; +https://openai.com/gptbot)"
20.171.207.201 - - [08/Jun/2025:11:42:25 +0200] "GET /vendor/league/uri-interfaces/Exceptions/OffsetOutOfBounds.php HTTP/1.1" 500 - "-" "Mozilla/5.0 AppleWebKit/537.36 (KHTML, like Gecko; compatible; GPTBot/1.2; +https://openai.com/gptbot)"
20.171.207.161 - - [08/Jun/2025:11:43:19 +0200] "GET /vendor/symfony/http-kernel/DependencyInjection/FragmentRendererPass.php HTTP/1.1" 500 - "-" "Mozilla/5.0 AppleWebKit/537.36 (KHTML, like Gecko; compatible; GPTBot/1.2; +https://openai.com/gptbot)"
20.171.207.201 - - [08/Jun/2025:11:43:25 +0200] "GET /vendor/league/uri-interfaces/Exceptions/MissingFeature.php HTTP/1.1" 500 - "-" "Mozilla/5.0 AppleWebKit/537.36 (KHTML, like Gecko; compatible; GPTBot/1.2; +https://openai.com/gptbot)"
20.171.207.161 - - [08/Jun/2025:11:44:10 +0200] "GET /vendor/symfony/http-kernel/DependencyInjection/?C=D%3BO%3DA HTTP/1.1" 200 3304 "-" "Mozilla/5.0 AppleWebKit/537.36 (KHTML, like Gecko; compatible; GPTBot/1.2; +https://openai.com/gptbot)"
20.171.207.201 - - [08/Jun/2025:11:44:30 +0200] "GET /vendor/imdhemy/appstore-iap/tests/fixtures/server-notification.json HTTP/1.1" 200 50774 "-" "Mozilla/5.0 AppleWebKit/537.36 (KHTML, like Gecko; compatible; GPTBot/1.2; +https://openai.com/gptbot)"
20.171.207.161 - - [08/Jun/2025:11:45:14 +0200] "GET /vendor/symfony/http-kernel/DependencyInjection/?C=N%3BO%3DD HTTP/1.1" 200 3304 "-" "Mozilla/5.0 AppleWebKit/537.36 (KHTML, like Gecko; compatible; GPTBot/1.2; +https://openai.com/gptbot)"
20.171.207.201 - - [08/Jun/2025:11:45:36 +0200] "GET /vendor/aws/aws-sdk-php/src/Route53Resolver/ HTTP/1.1" 200 1075 "-" "Mozilla/5.0 AppleWebKit/537.36 (KHTML, like Gecko; compatible; GPTBot/1.2; +https://openai.com/gptbot)"
20.171.207.161 - - [08/Jun/2025:11:46:08 +0200] "GET /vendor/symfony/http-kernel/DependencyInjection/ResettableServicePass.php HTTP/1.1" 500 - "-" "Mozilla/5.0 AppleWebKit/537.36 (KHTML, like Gecko; compatible; GPTBot/1.2; +https://openai.com/gptbot)"
20.171.207.201 - - [08/Jun/2025:11:46:33 +0200] "GET /vendor/symfony/service-contracts/Attribute/SubscribedService.php HTTP/1.1" 200 - "-" "Mozilla/5.0 AppleWebKit/537.36 (KHTML, like Gecko; compatible; GPTBot/1.2; +https://openai.com/gptbot)"
20.171.207.161 - - [08/Jun/2025:11:47:01 +0200] "GET /vendor/symfony/http-foundation/RequestMatcher/ExpressionRequestMatcher.php HTTP/1.1" 500 - "-" "Mozilla/5.0 AppleWebKit/537.36 (KHTML, like Gecko; compatible; GPTBot/1.2; +https://openai.com/gptbot)"
20.171.207.201 - - [08/Jun/2025:11:47:24 +0200] "GET /furfotos-api/resources/img/favicon/favicon.ico HTTP/1.1" 200 15086 "-" "Mozilla/5.0 AppleWebKit/537.36 (KHTML, like Gecko; compatible; GPTBot/1.2; +https://openai.com/gptbot)"
20.171.207.161 - - [08/Jun/2025:11:48:01 +0200] "GET /vendor/symfony/http-kernel/Event/KernelEvent.php HTTP/1.1" 500 - "-" "Mozilla/5.0 AppleWebKit/537.36 (KHTML, like Gecko; compatible; GPTBot/1.2; +https://openai.com/gptbot)"
20.171.207.201 - - [08/Jun/2025:11:48:08 +0200] "GET /vendor/symfony/string/composer.json HTTP/1.1" 200 1401 "-" "Mozilla/5.0 AppleWebKit/537.36 (KHTML, like Gecko; compatible; GPTBot/1.2; +https://openai.com/gptbot)"
20.171.207.201 - - [08/Jun/2025:11:48:50 +0200] "GET /vendor/symfony/finder/composer.json HTTP/1.1" 200 766 "-" "Mozilla/5.0 AppleWebKit/537.36 (KHTML, like Gecko; compatible; GPTBot/1.2; +https://openai.com/gptbot)"
20.171.207.161 - - [08/Jun/2025:11:49:05 +0200] "GET /vendor/symfony/http-kernel/TerminableInterface.php HTTP/1.1" 200 - "-" "Mozilla/5.0 AppleWebKit/537.36 (KHTML, like Gecko; compatible; GPTBot/1.2; +https://openai.com/gptbot)"
20.171.207.201 - - [08/Jun/2025:11:49:28 +0200] "GET /vendor/sebastian/diff/composer.json HTTP/1.1" 200 1041 "-" "Mozilla/5.0 AppleWebKit/537.36 (KHTML, like Gecko; compatible; GPTBot/1.2; +https://openai.com/gptbot)"
20.171.207.201 - - [08/Jun/2025:11:50:03 +0200] "GET /vendor/symfony/mailer/composer.json HTTP/1.1" 200 1344 "-" "Mozilla/5.0 AppleWebKit/537.36 (KHTML, like Gecko; compatible; GPTBot/1.2; +https://openai.com/gptbot)"
20.171.207.161 - - [08/Jun/2025:11:50:05 +0200] "GET /vendor/symfony/http-foundation/RequestMatcher.php HTTP/1.1" 500 - "-" "Mozilla/5.0 AppleWebKit/537.36 (KHTML, like Gecko; compatible; GPTBot/1.2; +https://openai.com/gptbot)"
20.171.207.201 - - [08/Jun/2025:11:50:34 +0200] "GET /vendor/lcobucci/clock/composer.json HTTP/1.1" 200 1283 "-" "Mozilla/5.0 AppleWebKit/537.36 (KHTML, like Gecko; compatible; GPTBot/1.2; +https://openai.com/gptbot)"
20.171.207.201 - - [08/Jun/2025:11:51:01 +0200] "GET /vendor/doctrine/cache/composer.json HTTP/1.1" 200 1642 "-" "Mozilla/5.0 AppleWebKit/537.36 (KHTML, like Gecko; compatible; GPTBot/1.2; +https://openai.com/gptbot)"
20.171.207.161 - - [08/Jun/2025:11:51:01 +0200] "GET /vendor/symfony/http-kernel/DependencyInjection/ServicesResetter.php HTTP/1.1" 500 - "-" "Mozilla/5.0 AppleWebKit/537.36 (KHTML, like Gecko; compatible; GPTBot/1.2; +https://openai.com/gptbot)"
20.171.207.201 - - [08/Jun/2025:11:51:24 +0200] "GET /vendor/doctrine/lexer/composer.json HTTP/1.1" 200 1417 "-" "Mozilla/5.0 AppleWebKit/537.36 (KHTML, like Gecko; compatible; GPTBot/1.2; +https://openai.com/gptbot)"
20.171.207.201 - - [08/Jun/2025:11:51:46 +0200] "GET /vendor/laravel/tinker/composer.json HTTP/1.1" 200 1483 "-" "Mozilla/5.0 AppleWebKit/537.36 (KHTML, like Gecko; compatible; GPTBot/1.2; +https://openai.com/gptbot)"
20.171.207.161 - - [08/Jun/2025:11:52:04 +0200] "GET /vendor/symfony/http-client/AsyncDecoratorTrait.php HTTP/1.1" 500 - "-" "Mozilla/5.0 AppleWebKit/537.36 (KHTML, like Gecko; compatible; GPTBot/1.2; +https://openai.com/gptbot)"
20.171.207.201 - - [08/Jun/2025:11:52:06 +0200] "GET /resources/img/content/KendraMcBridge-2.png HTTP/1.1" 200 710820 "-" "Mozilla/5.0 AppleWebKit/537.36 (KHTML, like Gecko; compatible; GPTBot/1.2; +https://openai.com/gptbot)"
20.171.207.201 - - [08/Jun/2025:11:52:23 +0200] "GET /vendor/phpunit/php-code-coverage/src/StaticAnalysis/ HTTP/1.1" 200 2080 "-" "Mozilla/5.0 AppleWebKit/537.36 (KHTML, like Gecko; compatible; GPTBot/1.2; +https://openai.com/gptbot)"
20.171.207.201 - - [08/Jun/2025:11:52:40 +0200] "GET /vendor/livewire/livewire/dist/livewire.js.map HTTP/1.1" 200 485453 "-" "Mozilla/5.0 AppleWebKit/537.36 (KHTML, like Gecko; compatible; GPTBot/1.2; +https://openai.com/gptbot)"
20.171.207.201 - - [08/Jun/2025:11:52:54 +0200] "GET /resources/views/livewire/pages/%7B%7B%20asset('img/content/Taryn.jpg')%20%7D%7D HTTP/1.1" 404 - "-" "Mozilla/5.0 AppleWebKit/537.36 (KHTML, like Gecko; compatible; GPTBot/1.2; +https://openai.com/gptbot)"
20.171.207.201 - - [08/Jun/2025:11:53:07 +0200] "GET /resources/views/livewire/pages/%7B%7B%20asset('img/content/Nick-Mclean.jpeg')%20%7D%7D HTTP/1.1" 404 - "-" "Mozilla/5.0 AppleWebKit/537.36 (KHTML, like Gecko; compatible; GPTBot/1.2; +https://openai.com/gptbot)"
20.171.207.161 - - [08/Jun/2025:11:53:09 +0200] "GET /vendor/symfony/polyfill-intl-grapheme/?C=M%3BO%3DA HTTP/1.1" 200 1579 "-" "Mozilla/5.0 AppleWebKit/537.36 (KHTML, like Gecko; compatible; GPTBot/1.2; +https://openai.com/gptbot)"
20.171.207.201 - - [08/Jun/2025:11:53:20 +0200] "GET /resources/views/livewire/pages/%7B%7B%20asset('img/bgs/ginger-cat-upside-down.jpg')%20%7D%7D HTTP/1.1" 404 - "-" "Mozilla/5.0 AppleWebKit/537.36 (KHTML, like Gecko; compatible; GPTBot/1.2; +https://openai.com/gptbot)"
20.171.207.201 - - [08/Jun/2025:11:53:33 +0200] "GET /resources/views/livewire/pages/%7B%7B%20asset('img/bgs/hugging-dog.jpg')%20%7D%7D HTTP/1.1" 404 - "-" "Mozilla/5.0 AppleWebKit/537.36 (KHTML, like Gecko; compatible; GPTBot/1.2; +https://openai.com/gptbot)"
20.171.207.201 - - [08/Jun/2025:11:53:46 +0200] "GET /resources/views/livewire/pages/%7B%7B%20asset('img/content/Kendra-McBride.jpg')%20%7D%7D HTTP/1.1" 404 - "-" "Mozilla/5.0 AppleWebKit/537.36 (KHTML, like Gecko; compatible; GPTBot/1.2; +https://openai.com/gptbot)"
20.171.207.201 - - [08/Jun/2025:11:54:00 +0200] "GET /resources/views/livewire/pages/%7B%7B%20asset('img/bgs/owner-petting-adorable-cat-768.jpg')%20%7D%7D HTTP/1.1" 404 - "-" "Mozilla/5.0 AppleWebKit/537.36 (KHTML, like Gecko; compatible; GPTBot/1.2; +https://openai.com/gptbot)"
20.171.207.201 - - [08/Jun/2025:11:54:12 +0200] "GET /resources/views/livewire/pages/%7B%7B%20asset('img/bgs/woman-park-with-pug-768.jpg')%20%7D%7D HTTP/1.1" 404 - "-" "Mozilla/5.0 AppleWebKit/537.36 (KHTML, like Gecko; compatible; GPTBot/1.2; +https://openai.com/gptbot)"
20.171.207.161 - - [08/Jun/2025:11:54:12 +0200] "GET /vendor/symfony/http-kernel/DependencyInjection/FragmentRendererPass.php HTTP/1.1" 500 - "-" "Mozilla/5.0 AppleWebKit/537.36 (KHTML, like Gecko; compatible; GPTBot/1.2; +https://openai.com/gptbot)"
20.171.207.201 - - [08/Jun/2025:11:54:25 +0200] "GET /favicon.ico HTTP/1.1" 404 - "-" "Mozilla/5.0 AppleWebKit/537.36 (KHTML, like Gecko; compatible; GPTBot/1.2; +https://openai.com/gptbot)"
20.171.207.201 - - [08/Jun/2025:11:54:39 +0200] "GET /resources/views/livewire/pages/%7B%7B%20asset('img/bgs/owner-petting-adorable-cat-768.jpg')%20%7D%7D HTTP/1.1" 404 - "-" "Mozilla/5.0 AppleWebKit/537.36 (KHTML, like Gecko; compatible; GPTBot/1.2; +https://openai.com/gptbot)"
20.171.207.201 - - [08/Jun/2025:11:54:52 +0200] "GET /resources/views/livewire/pages/%7B%7B%20asset('img/content/Taryn.jpg')%20%7D%7D HTTP/1.1" 404 - "-" "Mozilla/5.0 AppleWebKit/537.36 (KHTML, like Gecko; compatible; GPTBot/1.2; +https://openai.com/gptbot)"
20.171.207.201 - - [08/Jun/2025:11:55:05 +0200] "GET /resources/views/livewire/pages/%7B%7B%20asset('img/bgs/hugging-dog.jpg')%20%7D%7D HTTP/1.1" 404 - "-" "Mozilla/5.0 AppleWebKit/537.36 (KHTML, like Gecko; compatible; GPTBot/1.2; +https://openai.com/gptbot)"
20.171.207.161 - - [08/Jun/2025:11:55:09 +0200] "GET /vendor/symfony/polyfill-intl-grapheme/?C=D%3BO%3DA HTTP/1.1" 200 1579 "-" "Mozilla/5.0 AppleWebKit/537.36 (KHTML, like Gecko; compatible; GPTBot/1.2; +https://openai.com/gptbot)"
20.171.207.201 - - [08/Jun/2025:11:55:17 +0200] "GET /resources/views/livewire/pages/%7B%7B%20asset('img/content/Kendra-McBride.jpg')%20%7D%7D HTTP/1.1" 404 - "-" "Mozilla/5.0 AppleWebKit/537.36 (KHTML, like Gecko; compatible; GPTBot/1.2; +https://openai.com/gptbot)"
20.171.207.201 - - [08/Jun/2025:11:55:31 +0200] "GET /resources/views/livewire/pages/%7B%7B%20asset('img/bgs/woman-park-with-pug-768.jpg')%20%7D%7D HTTP/1.1" 404 - "-" "Mozilla/5.0 AppleWebKit/537.36 (KHTML, like Gecko; compatible; GPTBot/1.2; +https://openai.com/gptbot)"
20.171.207.201 - - [08/Jun/2025:11:55:44 +0200] "GET /resources/views/livewire/pages/%7B%7B%20asset('img/bgs/ginger-cat-upside-down.jpg')%20%7D%7D HTTP/1.1" 404 - "-" "Mozilla/5.0 AppleWebKit/537.36 (KHTML, like Gecko; compatible; GPTBot/1.2; +https://openai.com/gptbot)"
20.171.207.201 - - [08/Jun/2025:11:55:56 +0200] "GET /vendor/league/uri-interfaces/Exceptions/OffsetOutOfBounds.php HTTP/1.1" 500 - "-" "Mozilla/5.0 AppleWebKit/537.36 (KHTML, like Gecko; compatible; GPTBot/1.2; +https://openai.com/gptbot)"
20.171.207.201 - - [08/Jun/2025:11:56:10 +0200] "GET /vendor/league/uri-interfaces/Exceptions/MissingFeature.php HTTP/1.1" 500 - "-" "Mozilla/5.0 AppleWebKit/537.36 (KHTML, like Gecko; compatible; GPTBot/1.2; +https://openai.com/gptbot)"
20.171.207.161 - - [08/Jun/2025:11:56:14 +0200] "GET /vendor/symfony/polyfill-mbstring/?C=S%3BO%3DA HTTP/1.1" 200 1747 "-" "Mozilla/5.0 AppleWebKit/537.36 (KHTML, like Gecko; compatible; GPTBot/1.2; +https://openai.com/gptbot)"
20.171.207.201 - - [08/Jun/2025:11:56:49 +0200] "GET /vendor/symfony/var-dumper/Dumper/DataDumperInterface.php HTTP/1.1" 200 - "-" "Mozilla/5.0 AppleWebKit/537.36 (KHTML, like Gecko; compatible; GPTBot/1.2; +https://openai.com/gptbot)"
20.171.207.161 - - [08/Jun/2025:11:57:12 +0200] "GET /vendor/symfony/postmark-mailer/?C=S%3BO%3DA HTTP/1.1" 200 1735 "-" "Mozilla/5.0 AppleWebKit/537.36 (KHTML, like Gecko; compatible; GPTBot/1.2; +https://openai.com/gptbot)"
20.171.207.201 - - [08/Jun/2025:11:57:50 +0200] "GET /vendor/mockery/mockery/docs/cookbook/detecting_mock_objects.rst HTTP/1.1" 200 394 "-" "Mozilla/5.0 AppleWebKit/537.36 (KHTML, like Gecko; compatible; GPTBot/1.2; +https://openai.com/gptbot)"
20.171.207.161 - - [08/Jun/2025:11:58:02 +0200] "GET /vendor/symfony/polyfill-intl-grapheme/?C=N%3BO%3DD HTTP/1.1" 200 1579 "-" "Mozilla/5.0 AppleWebKit/537.36 (KHTML, like Gecko; compatible; GPTBot/1.2; +https://openai.com/gptbot)"
20.171.207.161 - - [08/Jun/2025:11:58:49 +0200] "GET /vendor/symfony/postmark-mailer/?C=M%3BO%3DA HTTP/1.1" 200 1735 "-" "Mozilla/5.0 AppleWebKit/537.36 (KHTML, like Gecko; compatible; GPTBot/1.2; +https://openai.com/gptbot)"
20.171.207.201 - - [08/Jun/2025:11:58:49 +0200] "GET /vendor/laravel/sail/database/mariadb/create-testing-database.sh HTTP/1.1" 200 207 "-" "Mozilla/5.0 AppleWebKit/537.36 (KHTML, like Gecko; compatible; GPTBot/1.2; +https://openai.com/gptbot)"
20.171.207.161 - - [08/Jun/2025:11:59:32 +0200] "GET /vendor/symfony/polyfill-intl-grapheme/?C=S%3BO%3DA HTTP/1.1" 200 1579 "-" "Mozilla/5.0 AppleWebKit/537.36 (KHTML, like Gecko; compatible; GPTBot/1.2; +https://openai.com/gptbot)"
20.171.207.201 - - [08/Jun/2025:11:59:41 +0200] "GET /vendor/psr/event-dispatcher/LICENSE HTTP/1.1" 200 1064 "-" "Mozilla/5.0 AppleWebKit/537.36 (KHTML, like Gecko; compatible; GPTBot/1.2; +https://openai.com/gptbot)"
20.171.207.161 - - [08/Jun/2025:12:00:10 +0200] "GET /vendor/symfony/polyfill-mbstring/?C=M%3BO%3DA HTTP/1.1" 200 1747 "-" "Mozilla/5.0 AppleWebKit/537.36 (KHTML, like Gecko; compatible; GPTBot/1.2; +https://openai.com/gptbot)"
20.171.207.201 - - [08/Jun/2025:12:00:28 +0200] "GET /furfotos-api/vendor_static/spatie/laravel-medialibrary-pro/tsconfig.json HTTP/1.1" 200 445 "-" "Mozilla/5.0 AppleWebKit/537.36 (KHTML, like Gecko; compatible; GPTBot/1.2; +https://openai.com/gptbot)"
20.171.207.161 - - [08/Jun/2025:12:00:45 +0200] "GET /vendor/phar-io/version/ HTTP/1.1" 200 1357 "-" "Mozilla/5.0 AppleWebKit/537.36 (KHTML, like Gecko; compatible; GPTBot/1.2; +https://openai.com/gptbot)"
20.171.207.201 - - [08/Jun/2025:12:01:09 +0200] "GET /furfotos-api/vendor_static/spatie/laravel-medialibrary-pro/package.json HTTP/1.1" 200 1616 "-" "Mozilla/5.0 AppleWebKit/537.36 (KHTML, like Gecko; compatible; GPTBot/1.2; +https://openai.com/gptbot)"
20.171.207.161 - - [08/Jun/2025:12:01:15 +0200] "GET /vendor/spatie/laravel-medialibrary-pro/src/Rules/ HTTP/1.1" 200 1453 "-" "Mozilla/5.0 AppleWebKit/537.36 (KHTML, like Gecko; compatible; GPTBot/1.2; +https://openai.com/gptbot)"
20.171.207.161 - - [08/Jun/2025:12:01:41 +0200] "GET /vendor/symfony/http-client-contracts/Exception/ HTTP/1.1" 200 2311 "-" "Mozilla/5.0 AppleWebKit/537.36 (KHTML, like Gecko; compatible; GPTBot/1.2; +https://openai.com/gptbot)"
20.171.207.201 - - [08/Jun/2025:12:01:47 +0200] "GET /vendor/symfony/http-client/Messenger/PingWebhookMessage.php HTTP/1.1" 200 - "-" "Mozilla/5.0 AppleWebKit/537.36 (KHTML, like Gecko; compatible; GPTBot/1.2; +https://openai.com/gptbot)"
20.171.207.161 - - [08/Jun/2025:12:02:05 +0200] "GET /vendor/symfony/polyfill-intl-icu/DateFormat/ HTTP/1.1" 200 3927 "-" "Mozilla/5.0 AppleWebKit/537.36 (KHTML, like Gecko; compatible; GPTBot/1.2; +https://openai.com/gptbot)"
20.171.207.201 - - [08/Jun/2025:12:02:20 +0200] "GET /vendor/symfony/http-kernel/CacheWarmer/WarmableInterface.php HTTP/1.1" 200 - "-" "Mozilla/5.0 AppleWebKit/537.36 (KHTML, like Gecko; compatible; GPTBot/1.2; +https://openai.com/gptbot)"
20.171.207.161 - - [08/Jun/2025:12:02:27 +0200] "GET /vendor/spatie/laravel-ignition/src/?C=D%3BO%3DA HTTP/1.1" 200 3211 "-" "Mozilla/5.0 AppleWebKit/537.36 (KHTML, like Gecko; compatible; GPTBot/1.2; +https://openai.com/gptbot)"
20.171.207.161 - - [08/Jun/2025:12:02:47 +0200] "GET /vendor/spatie/laravel-ignition/src/?C=N%3BO%3DD HTTP/1.1" 200 3211 "-" "Mozilla/5.0 AppleWebKit/537.36 (KHTML, like Gecko; compatible; GPTBot/1.2; +https://openai.com/gptbot)"
20.171.207.201 - - [08/Jun/2025:12:02:50 +0200] "GET /vendor/league/uri-interfaces/Exceptions/OffsetOutOfBounds.php HTTP/1.1" 500 - "-" "Mozilla/5.0 AppleWebKit/537.36 (KHTML, like Gecko; compatible; GPTBot/1.2; +https://openai.com/gptbot)"
20.171.207.161 - - [08/Jun/2025:12:03:05 +0200] "GET /resources/views/vendor/ HTTP/1.1" 200 1358 "-" "Mozilla/5.0 AppleWebKit/537.36 (KHTML, like Gecko; compatible; GPTBot/1.2; +https://openai.com/gptbot)"
20.171.207.201 - - [08/Jun/2025:12:03:18 +0200] "GET /vendor/livewire/livewire/LICENSE.md HTTP/1.1" 200 1075 "-" "Mozilla/5.0 AppleWebKit/537.36 (KHTML, like Gecko; compatible; GPTBot/1.2; +https://openai.com/gptbot)"
20.171.207.161 - - [08/Jun/2025:12:03:21 +0200] "GET /vendor/mockery/mockery/library/Mockery/Generator/DefinedTargetClass.php HTTP/1.1" 500 - "-" "Mozilla/5.0 AppleWebKit/537.36 (KHTML, like Gecko; compatible; GPTBot/1.2; +https://openai.com/gptbot)"
20.171.207.161 - - [08/Jun/2025:12:03:35 +0200] "GET /vendor/mockery/mockery/library/Mockery/Generator/UndefinedTargetClass.php HTTP/1.1" 500 - "-" "Mozilla/5.0 AppleWebKit/537.36 (KHTML, like Gecko; compatible; GPTBot/1.2; +https://openai.com/gptbot)"
20.171.207.161 - - [08/Jun/2025:12:04:19 +0200] "GET /vendor/bin/?C=M%3BO%3DA HTTP/1.1" 200 3291 "-" "Mozilla/5.0 AppleWebKit/537.36 (KHTML, like Gecko; compatible; GPTBot/1.2; +https://openai.com/gptbot)"
20.171.207.201 - - [08/Jun/2025:12:04:23 +0200] "GET /vendor/league/uri-interfaces/Exceptions/ConversionFailed.php HTTP/1.1" 500 - "-" "Mozilla/5.0 AppleWebKit/537.36 (KHTML, like Gecko; compatible; GPTBot/1.2; +https://openai.com/gptbot)"
20.171.207.201 - - [08/Jun/2025:12:05:18 +0200] "GET /vendor/mockery/mockery/docs/reference/creating_test_doubles.rst HTTP/1.1" 200 14462 "-" "Mozilla/5.0 AppleWebKit/537.36 (KHTML, like Gecko; compatible; GPTBot/1.2; +https://openai.com/gptbot)"
20.171.207.161 - - [08/Jun/2025:12:05:19 +0200] "GET /vendor/aws/?C=S%3BO%3DA HTTP/1.1" 200 977 "-" "Mozilla/5.0 AppleWebKit/537.36 (KHTML, like Gecko; compatible; GPTBot/1.2; +https://openai.com/gptbot)"
20.171.207.161 - - [08/Jun/2025:12:06:15 +0200] "GET /vendor/spatie/laravel-medialibrary-pro/src/Rules/ItemRules/ HTTP/1.1" 200 2439 "-" "Mozilla/5.0 AppleWebKit/537.36 (KHTML, like Gecko; compatible; GPTBot/1.2; +https://openai.com/gptbot)"
20.171.207.201 - - [08/Jun/2025:12:06:19 +0200] "GET /vendor/mockery/mockery/docs/getting_started/quick_reference.rst HTTP/1.1" 200 5136 "-" "Mozilla/5.0 AppleWebKit/537.36 (KHTML, like Gecko; compatible; GPTBot/1.2; +https://openai.com/gptbot)"
20.171.207.161 - - [08/Jun/2025:12:07:07 +0200] "GET /vendor/spatie/laravel-medialibrary-pro/src/Rules/GroupRules/ HTTP/1.1" 200 1515 "-" "Mozilla/5.0 AppleWebKit/537.36 (KHTML, like Gecko; compatible; GPTBot/1.2; +https://openai.com/gptbot)"
20.171.207.201 - - [08/Jun/2025:12:07:14 +0200] "GET /vendor/mockery/mockery/docs/getting_started/simple_example.rst HTTP/1.1" 200 2115 "-" "Mozilla/5.0 AppleWebKit/537.36 (KHTML, like Gecko; compatible; GPTBot/1.2; +https://openai.com/gptbot)"
20.171.207.161 - - [08/Jun/2025:12:07:54 +0200] "GET /vendor/symfony/http-client-contracts/Exception/RedirectionExceptionInterface.php HTTP/1.1" 500 - "-" "Mozilla/5.0 AppleWebKit/537.36 (KHTML, like Gecko; compatible; GPTBot/1.2; +https://openai.com/gptbot)"
20.171.207.201 - - [08/Jun/2025:12:08:05 +0200] "GET /vendor/rector/rector/rules/Php56/ HTTP/1.1" 200 856 "-" "Mozilla/5.0 AppleWebKit/537.36 (KHTML, like Gecko; compatible; GPTBot/1.2; +https://openai.com/gptbot)"
20.171.207.161 - - [08/Jun/2025:12:08:34 +0200] "GET /vendor/symfony/polyfill-intl-icu/DateFormat/FullTransformer.php HTTP/1.1" 200 - "-" "Mozilla/5.0 AppleWebKit/537.36 (KHTML, like Gecko; compatible; GPTBot/1.2; +https://openai.com/gptbot)"
20.171.207.201 - - [08/Jun/2025:12:08:51 +0200] "GET /vendor/rector/rector/rules/Php84/ HTTP/1.1" 200 856 "-" "Mozilla/5.0 AppleWebKit/537.36 (KHTML, like Gecko; compatible; GPTBot/1.2; +https://openai.com/gptbot)"
20.171.207.201 - - [08/Jun/2025:12:09:32 +0200] "GET /vendor/rector/rector/rules/Php83/ HTTP/1.1" 200 856 "-" "Mozilla/5.0 AppleWebKit/537.36 (KHTML, like Gecko; compatible; GPTBot/1.2; +https://openai.com/gptbot)"
20.171.207.161 - - [08/Jun/2025:12:09:35 +0200] "GET /vendor/symfony/polyfill-intl-icu/DateFormat/HourTransformer.php HTTP/1.1" 500 - "-" "Mozilla/5.0 AppleWebKit/537.36 (KHTML, like Gecko; compatible; GPTBot/1.2; +https://openai.com/gptbot)"
20.171.207.201 - - [08/Jun/2025:12:10:10 +0200] "GET /vendor/rector/rector/rules/Php73/ HTTP/1.1" 200 856 "-" "Mozilla/5.0 AppleWebKit/537.36 (KHTML, like Gecko; compatible; GPTBot/1.2; +https://openai.com/gptbot)"
20.171.207.161 - - [08/Jun/2025:12:10:30 +0200] "GET /resources/views/vendor/?C=S%3BO%3DA HTTP/1.1" 200 1358 "-" "Mozilla/5.0 AppleWebKit/537.36 (KHTML, like Gecko; compatible; GPTBot/1.2; +https://openai.com/gptbot)"
20.171.207.201 - - [08/Jun/2025:12:10:42 +0200] "GET /vendor/rector/rector/rules/Php70/ HTTP/1.1" 200 1764 "-" "Mozilla/5.0 AppleWebKit/537.36 (KHTML, like Gecko; compatible; GPTBot/1.2; +https://openai.com/gptbot)"
20.171.207.201 - - [08/Jun/2025:12:11:11 +0200] "GET /vendor/rector/rector/rules/Php80/ HTTP/1.1" 200 3022 "-" "Mozilla/5.0 AppleWebKit/537.36 (KHTML, like Gecko; compatible; GPTBot/1.2; +https://openai.com/gptbot)"
20.171.207.161 - - [08/Jun/2025:12:11:33 +0200] "GET /resources/views/vendor/?C=M%3BO%3DA HTTP/1.1" 200 1358 "-" "Mozilla/5.0 AppleWebKit/537.36 (KHTML, like Gecko; compatible; GPTBot/1.2; +https://openai.com/gptbot)"
20.171.207.201 - - [08/Jun/2025:12:11:39 +0200] "GET /vendor/rector/rector/rules/Php53/ HTTP/1.1" 200 856 "-" "Mozilla/5.0 AppleWebKit/537.36 (KHTML, like Gecko; compatible; GPTBot/1.2; +https://openai.com/gptbot)"
20.171.207.201 - - [08/Jun/2025:12:12:03 +0200] "GET /vendor/rector/rector/rules/Php74/ HTTP/1.1" 200 1389 "-" "Mozilla/5.0 AppleWebKit/537.36 (KHTML, like Gecko; compatible; GPTBot/1.2; +https://openai.com/gptbot)"
20.171.207.201 - - [08/Jun/2025:12:12:25 +0200] "GET /vendor/rector/rector/rules/Php55/ HTTP/1.1" 200 1040 "-" "Mozilla/5.0 AppleWebKit/537.36 (KHTML, like Gecko; compatible; GPTBot/1.2; +https://openai.com/gptbot)"
20.171.207.161 - - [08/Jun/2025:12:12:29 +0200] "GET /resources/views/vendor/?C=N%3BO%3DD HTTP/1.1" 200 1358 "-" "Mozilla/5.0 AppleWebKit/537.36 (KHTML, like Gecko; compatible; GPTBot/1.2; +https://openai.com/gptbot)"
20.171.207.201 - - [08/Jun/2025:12:12:44 +0200] "GET /vendor/rector/rector/rules/Php54/ HTTP/1.1" 200 856 "-" "Mozilla/5.0 AppleWebKit/537.36 (KHTML, like Gecko; compatible; GPTBot/1.2; +https://openai.com/gptbot)"
20.171.207.201 - - [08/Jun/2025:12:13:01 +0200] "GET /vendor/rector/rector/rules/Php81/ HTTP/1.1" 200 1390 "-" "Mozilla/5.0 AppleWebKit/537.36 (KHTML, like Gecko; compatible; GPTBot/1.2; +https://openai.com/gptbot)"
20.171.207.201 - - [08/Jun/2025:12:13:17 +0200] "GET /vendor/rector/rector/rules/Php52/ HTTP/1.1" 200 856 "-" "Mozilla/5.0 AppleWebKit/537.36 (KHTML, like Gecko; compatible; GPTBot/1.2; +https://openai.com/gptbot)"
20.171.207.161 - - [08/Jun/2025:12:13:19 +0200] "GET /resources/views/vendor/?C=D%3BO%3DA HTTP/1.1" 200 1358 "-" "Mozilla/5.0 AppleWebKit/537.36 (KHTML, like Gecko; compatible; GPTBot/1.2; +https://openai.com/gptbot)"
20.171.207.201 - - [08/Jun/2025:12:13:32 +0200] "GET /vendor/rector/rector/rules/Php82/ HTTP/1.1" 200 856 "-" "Mozilla/5.0 AppleWebKit/537.36 (KHTML, like Gecko; compatible; GPTBot/1.2; +https://openai.com/gptbot)"
20.171.207.201 - - [08/Jun/2025:12:13:45 +0200] "GET /vendor/rector/rector/rules/Php71/ HTTP/1.1" 200 1236 "-" "Mozilla/5.0 AppleWebKit/537.36 (KHTML, like Gecko; compatible; GPTBot/1.2; +https://openai.com/gptbot)"
20.171.207.201 - - [08/Jun/2025:12:13:56 +0200] "GET /vendor/rector/rector/rules/Php72/ HTTP/1.1" 200 1216 "-" "Mozilla/5.0 AppleWebKit/537.36 (KHTML, like Gecko; compatible; GPTBot/1.2; +https://openai.com/gptbot)"
20.171.207.161 - - [08/Jun/2025:12:14:04 +0200] "GET /vendor/symfony/polyfill-intl-icu/DateFormat/DayTransformer.php HTTP/1.1" 500 - "-" "Mozilla/5.0 AppleWebKit/537.36 (KHTML, like Gecko; compatible; GPTBot/1.2; +https://openai.com/gptbot)"
20.171.207.201 - - [08/Jun/2025:12:14:07 +0200] "GET /furfotos-api/resources/views/livewire/partials/ HTTP/1.1" 200 2042 "-" "Mozilla/5.0 AppleWebKit/537.36 (KHTML, like Gecko; compatible; GPTBot/1.2; +https://openai.com/gptbot)"
20.171.207.201 - - [08/Jun/2025:12:14:16 +0200] "GET /storage/app/public/4/conversions/OdmttzKxan-watermark.png HTTP/1.1" 200 287080 "-" "Mozilla/5.0 AppleWebKit/537.36 (KHTML, like Gecko; compatible; GPTBot/1.2; +https://openai.com/gptbot)"
20.171.207.201 - - [08/Jun/2025:12:14:25 +0200] "GET /resources/img/icons/payment-methods/paypal.svg HTTP/1.1" 200 8572 "-" "Mozilla/5.0 AppleWebKit/537.36 (KHTML, like Gecko; compatible; GPTBot/1.2; +https://openai.com/gptbot)"
20.171.207.201 - - [08/Jun/2025:12:14:32 +0200] "GET /vendor/mockery/mockery/docs/requirements.txt HTTP/1.1" 200 521 "-" "Mozilla/5.0 AppleWebKit/537.36 (KHTML, like Gecko; compatible; GPTBot/1.2; +https://openai.com/gptbot)"
20.171.207.201 - - [08/Jun/2025:12:14:39 +0200] "GET /furfotos-api/vendor_static/spatie/laravel-medialibrary-pro/composer.json HTTP/1.1" 200 1819 "-" "Mozilla/5.0 AppleWebKit/537.36 (KHTML, like Gecko; compatible; GPTBot/1.2; +https://openai.com/gptbot)"
20.171.207.161 - - [08/Jun/2025:12:14:44 +0200] "GET /vendor/spatie/laravel-medialibrary-pro/src/Rules/ItemRules/ HTTP/1.1" 200 2439 "-" "Mozilla/5.0 AppleWebKit/537.36 (KHTML, like Gecko; compatible; GPTBot/1.2; +https://openai.com/gptbot)"
20.171.207.201 - - [08/Jun/2025:12:14:45 +0200] "GET /vendor/rinvex/countries/resources/translations/ru.json HTTP/1.1" 200 628 "-" "Mozilla/5.0 AppleWebKit/537.36 (KHTML, like Gecko; compatible; GPTBot/1.2; +https://openai.com/gptbot)"
20.171.207.201 - - [08/Jun/2025:12:14:51 +0200] "GET /vendor/evenement/evenement/src/EventEmitterInterface.php HTTP/1.1" 200 - "-" "Mozilla/5.0 AppleWebKit/537.36 (KHTML, like Gecko; compatible; GPTBot/1.2; +https://openai.com/gptbot)"
20.171.207.201 - - [08/Jun/2025:12:14:56 +0200] "GET /vendor/livewire/livewire/src/LivewireServiceProvider.php HTTP/1.1" 500 - "-" "Mozilla/5.0 AppleWebKit/537.36 (KHTML, like Gecko; compatible; GPTBot/1.2; +https://openai.com/gptbot)"
20.171.207.201 - - [08/Jun/2025:12:15:01 +0200] "GET /vendor/symfony/http-kernel/DataCollector/ExceptionDataCollector.php HTTP/1.1" 500 - "-" "Mozilla/5.0 AppleWebKit/537.36 (KHTML, like Gecko; compatible; GPTBot/1.2; +https://openai.com/gptbot)"
20.171.207.201 - - [08/Jun/2025:12:15:15 +0200] "GET /vendor/aws/aws-sdk-php/src/IoT1ClickDevicesService/ HTTP/1.1" 200 1099 "-" "Mozilla/5.0 AppleWebKit/537.36 (KHTML, like Gecko; compatible; GPTBot/1.2; +https://openai.com/gptbot)"
20.171.207.161 - - [08/Jun/2025:12:15:49 +0200] "GET /vendor/symfony/polyfill-intl-icu/DateFormat/MonthTransformer.php HTTP/1.1" 500 - "-" "Mozilla/5.0 AppleWebKit/537.36 (KHTML, like Gecko; compatible; GPTBot/1.2; +https://openai.com/gptbot)"
20.171.207.201 - - [08/Jun/2025:12:15:54 +0200] "GET /vendor_static/spatie/laravel-medialibrary-pro/resources/js/media-library-pro-vue3-attachment/ HTTP/1.1" 200 1727 "-" "Mozilla/5.0 AppleWebKit/537.36 (KHTML, like Gecko; compatible; GPTBot/1.2; +https://openai.com/gptbot)"
