167.94.138.63 - - [07/Jun/2025:23:04:19 +0200] "GET /favicon.ico HTTP/1.1" 404 - "-" "Mozilla/5.0 (compatible; CensysInspect/1.1; +https://about.censys.io/)"
20.171.207.242 - - [07/Jun/2025:23:04:26 +0200] "GET /vendor/symfony/console/Application.php HTTP/1.1" 500 - "-" "Mozilla/5.0 AppleWebKit/537.36 (KHTML, like Gecko; compatible; GPTBot/1.2; +https://openai.com/gptbot)"
20.171.207.123 - - [07/Jun/2025:23:04:57 +0200] "GET /vendor/moneyphp/money/src/Exchange.php HTTP/1.1" 200 - "-" "Mozilla/5.0 AppleWebKit/537.36 (KHTML, like Gecko; compatible; GPTBot/1.2; +https://openai.com/gptbot)"
167.94.138.63 - - [07/Jun/2025:23:05:09 +0200] "GET / HTTP/1.1" 200 4000 "-" "Mozilla/5.0 (compatible; CensysInspect/1.1; +https://about.censys.io/)"
167.94.138.63 - - [07/Jun/2025:23:05:12 +0200] "GET /routes HTTP/1.1" 301 247 "-" "Mozilla/5.0 (compatible; CensysInspect/1.1; +https://about.censys.io/)"
167.94.138.63 - - [07/Jun/2025:23:05:13 +0200] "GET /routes/ HTTP/1.1" 200 1311 "https://furfotos.clickysoft.net:443/routes" "Mozilla/5.0 (compatible; CensysInspect/1.1; +https://about.censys.io/)"
167.94.138.63 - - [07/Jun/2025:23:05:14 +0200] "GET /resources HTTP/1.1" 301 250 "-" "Mozilla/5.0 (compatible; CensysInspect/1.1; +https://about.censys.io/)"
167.94.138.63 - - [07/Jun/2025:23:05:15 +0200] "GET /resources/ HTTP/1.1" 200 1644 "https://furfotos.clickysoft.net:443/resources" "Mozilla/5.0 (compatible; CensysInspect/1.1; +https://about.censys.io/)"
167.94.138.63 - - [07/Jun/2025:23:05:17 +0200] "GET /resources/lang HTTP/1.1" 301 255 "-" "Mozilla/5.0 (compatible; CensysInspect/1.1; +https://about.censys.io/)"
167.94.138.63 - - [07/Jun/2025:23:05:18 +0200] "GET /resources/lang/ HTTP/1.1" 200 799 "https://furfotos.clickysoft.net:443/resources/lang" "Mozilla/5.0 (compatible; CensysInspect/1.1; +https://about.censys.io/)"
167.94.138.63 - - [07/Jun/2025:23:05:20 +0200] "GET /resources/lang/en HTTP/1.1" 301 258 "-" "Mozilla/5.0 (compatible; CensysInspect/1.1; +https://about.censys.io/)"
167.94.138.63 - - [07/Jun/2025:23:05:21 +0200] "GET /resources/lang/en/ HTTP/1.1" 200 1901 "https://furfotos.clickysoft.net:443/resources/lang/en" "Mozilla/5.0 (compatible; CensysInspect/1.1; +https://about.censys.io/)"
167.94.138.63 - - [07/Jun/2025:23:05:23 +0200] "GET /resources/views HTTP/1.1" 301 256 "-" "Mozilla/5.0 (compatible; CensysInspect/1.1; +https://about.censys.io/)"
167.94.138.63 - - [07/Jun/2025:23:05:24 +0200] "GET /resources/views/ HTTP/1.1" 200 1860 "https://furfotos.clickysoft.net:443/resources/views" "Mozilla/5.0 (compatible; CensysInspect/1.1; +https://about.censys.io/)"
167.94.138.63 - - [07/Jun/2025:23:05:25 +0200] "GET /resources/views/emails HTTP/1.1" 301 263 "-" "Mozilla/5.0 (compatible; CensysInspect/1.1; +https://about.censys.io/)"
167.94.138.63 - - [07/Jun/2025:23:05:26 +0200] "GET /resources/views/emails/ HTTP/1.1" 200 3035 "https://furfotos.clickysoft.net:443/resources/views/emails" "Mozilla/5.0 (compatible; CensysInspect/1.1; +https://about.censys.io/)"
167.94.138.63 - - [07/Jun/2025:23:05:27 +0200] "GET /resources/views/svgs HTTP/1.1" 301 261 "-" "Mozilla/5.0 (compatible; CensysInspect/1.1; +https://about.censys.io/)"
20.171.207.242 - - [07/Jun/2025:23:05:28 +0200] "GET /furfotos-api/app/Policies/ HTTP/1.1" 200 1571 "-" "Mozilla/5.0 AppleWebKit/537.36 (KHTML, like Gecko; compatible; GPTBot/1.2; +https://openai.com/gptbot)"
167.94.138.63 - - [07/Jun/2025:23:05:28 +0200] "GET /resources/views/svgs/ HTTP/1.1" 200 1399 "https://furfotos.clickysoft.net:443/resources/views/svgs" "Mozilla/5.0 (compatible; CensysInspect/1.1; +https://about.censys.io/)"
167.94.138.63 - - [07/Jun/2025:23:05:31 +0200] "GET /resources/css HTTP/1.1" 301 254 "-" "Mozilla/5.0 (compatible; CensysInspect/1.1; +https://about.censys.io/)"
167.94.138.63 - - [07/Jun/2025:23:05:33 +0200] "GET /resources/css/ HTTP/1.1" 200 1335 "https://furfotos.clickysoft.net:443/resources/css" "Mozilla/5.0 (compatible; CensysInspect/1.1; +https://about.censys.io/)"
167.94.138.63 - - [07/Jun/2025:23:05:34 +0200] "GET /resources/img HTTP/1.1" 301 254 "-" "Mozilla/5.0 (compatible; CensysInspect/1.1; +https://about.censys.io/)"
167.94.138.63 - - [07/Jun/2025:23:05:34 +0200] "GET /resources/img/ HTTP/1.1" 200 1853 "https://furfotos.clickysoft.net:443/resources/img" "Mozilla/5.0 (compatible; CensysInspect/1.1; +https://about.censys.io/)"
167.94.138.63 - - [07/Jun/2025:23:05:36 +0200] "GET /resources/js HTTP/1.1" 301 253 "-" "Mozilla/5.0 (compatible; CensysInspect/1.1; +https://about.censys.io/)"
167.94.138.63 - - [07/Jun/2025:23:05:37 +0200] "GET /resources/js/ HTTP/1.1" 200 2055 "https://furfotos.clickysoft.net:443/resources/js" "Mozilla/5.0 (compatible; CensysInspect/1.1; +https://about.censys.io/)"
167.94.138.63 - - [07/Jun/2025:23:05:41 +0200] "GET /resources/fonts HTTP/1.1" 301 256 "-" "Mozilla/5.0 (compatible; CensysInspect/1.1; +https://about.censys.io/)"
167.94.138.63 - - [07/Jun/2025:23:05:42 +0200] "GET /resources/fonts/ HTTP/1.1" 200 817 "https://furfotos.clickysoft.net:443/resources/fonts" "Mozilla/5.0 (compatible; CensysInspect/1.1; +https://about.censys.io/)"
167.94.138.63 - - [07/Jun/2025:23:05:44 +0200] "GET /furfotos-api HTTP/1.1" 301 253 "-" "Mozilla/5.0 (compatible; CensysInspect/1.1; +https://about.censys.io/)"
167.94.138.63 - - [07/Jun/2025:23:05:45 +0200] "GET /furfotos-api/ HTTP/1.1" 200 3639 "https://furfotos.clickysoft.net:443/furfotos-api" "Mozilla/5.0 (compatible; CensysInspect/1.1; +https://about.censys.io/)"
167.94.138.63 - - [07/Jun/2025:23:05:46 +0200] "GET /database HTTP/1.1" 301 249 "-" "Mozilla/5.0 (compatible; CensysInspect/1.1; +https://about.censys.io/)"
167.94.138.63 - - [07/Jun/2025:23:05:47 +0200] "GET /database/ HTTP/1.1" 200 1139 "https://furfotos.clickysoft.net:443/database" "Mozilla/5.0 (compatible; CensysInspect/1.1; +https://about.censys.io/)"
167.94.138.63 - - [07/Jun/2025:23:05:49 +0200] "GET /app HTTP/1.1" 301 244 "-" "Mozilla/5.0 (compatible; CensysInspect/1.1; +https://about.censys.io/)"
167.94.138.63 - - [07/Jun/2025:23:05:51 +0200] "GET /app/ HTTP/1.1" 200 3065 "https://furfotos.clickysoft.net:443/app" "Mozilla/5.0 (compatible; CensysInspect/1.1; +https://about.censys.io/)"
167.94.138.63 - - [07/Jun/2025:23:05:57 +0200] "GET /config HTTP/1.1" 301 247 "-" "Mozilla/5.0 (compatible; CensysInspect/1.1; +https://about.censys.io/)"
20.171.207.123 - - [07/Jun/2025:23:05:57 +0200] "GET /resources/fonts/HK%20Grotesk%20Pro/HKGroteskPro-Thin.otf HTTP/1.1" 200 89380 "-" "Mozilla/5.0 AppleWebKit/537.36 (KHTML, like Gecko; compatible; GPTBot/1.2; +https://openai.com/gptbot)"
167.94.138.63 - - [07/Jun/2025:23:05:57 +0200] "GET /config/ HTTP/1.1" 200 4372 "https://furfotos.clickysoft.net:443/config" "Mozilla/5.0 (compatible; CensysInspect/1.1; +https://about.censys.io/)"
167.94.138.63 - - [07/Jun/2025:23:05:59 +0200] "GET /public HTTP/1.1" 301 247 "-" "Mozilla/5.0 (compatible; CensysInspect/1.1; +https://about.censys.io/)"
167.94.138.63 - - [07/Jun/2025:23:06:00 +0200] "GET /public/ HTTP/1.1" 500 107 "https://furfotos.clickysoft.net:443/public" "Mozilla/5.0 (compatible; CensysInspect/1.1; +https://about.censys.io/)"
167.94.138.63 - - [07/Jun/2025:23:06:30 +0200] "GET /favicon.ico HTTP/1.1" 404 - "-" "Mozilla/5.0 (compatible; CensysInspect/1.1; +https://about.censys.io/)"
20.171.207.242 - - [07/Jun/2025:23:06:31 +0200] "GET /config/?C=S%3BO%3DA HTTP/1.1" 200 4372 "-" "Mozilla/5.0 AppleWebKit/537.36 (KHTML, like Gecko; compatible; GPTBot/1.2; +https://openai.com/gptbot)"
20.171.207.123 - - [07/Jun/2025:23:06:56 +0200] "GET /furfotos-api/phpunit.xml HTTP/1.1" 200 1202 "-" "Mozilla/5.0 AppleWebKit/537.36 (KHTML, like Gecko; compatible; GPTBot/1.2; +https://openai.com/gptbot)"
167.94.138.63 - - [07/Jun/2025:23:06:58 +0200] "GET /wiki HTTP/1.1" 404 - "-" "Mozilla/5.0 (compatible; CensysInspect/1.1; +https://about.censys.io/)"
167.94.138.63 - - [07/Jun/2025:23:07:04 +0200] "GET /favicon.ico HTTP/1.1" 404 - "-" "Mozilla/5.0 (compatible; CensysInspect/1.1; +https://about.censys.io/)"
20.171.207.242 - - [07/Jun/2025:23:07:27 +0200] "GET /furfotos-api/app/Policies/CommentPolicy.php HTTP/1.1" 200 - "-" "Mozilla/5.0 AppleWebKit/537.36 (KHTML, like Gecko; compatible; GPTBot/1.2; +https://openai.com/gptbot)"
20.171.207.123 - - [07/Jun/2025:23:07:49 +0200] "GET /vendor/php-di/invoker/src/Reflection/ HTTP/1.1" 200 878 "-" "Mozilla/5.0 AppleWebKit/537.36 (KHTML, like Gecko; compatible; GPTBot/1.2; +https://openai.com/gptbot)"
20.171.207.242 - - [07/Jun/2025:23:08:16 +0200] "GET /furfotos-api/app/Listeners/StripeWebhookReceivedListener.php HTTP/1.1" 200 - "-" "Mozilla/5.0 AppleWebKit/537.36 (KHTML, like Gecko; compatible; GPTBot/1.2; +https://openai.com/gptbot)"
20.171.207.123 - - [07/Jun/2025:23:08:35 +0200] "GET /vendor/paragonie/random_compat/ HTTP/1.1" 200 2086 "-" "Mozilla/5.0 AppleWebKit/537.36 (KHTML, like Gecko; compatible; GPTBot/1.2; +https://openai.com/gptbot)"
20.171.207.242 - - [07/Jun/2025:23:09:03 +0200] "GET /furfotos-api/app/Policies/FamilyPolicy.php HTTP/1.1" 200 - "-" "Mozilla/5.0 AppleWebKit/537.36 (KHTML, like Gecko; compatible; GPTBot/1.2; +https://openai.com/gptbot)"
20.171.207.123 - - [07/Jun/2025:23:09:17 +0200] "GET /vendor/doctrine/instantiator/src/Doctrine/Instantiator/?C=N%3BO%3DD HTTP/1.1" 200 1298 "-" "Mozilla/5.0 AppleWebKit/537.36 (KHTML, like Gecko; compatible; GPTBot/1.2; +https://openai.com/gptbot)"
20.171.207.242 - - [07/Jun/2025:23:09:44 +0200] "GET /furfotos-api/app/Policies/UserPolicy.php HTTP/1.1" 200 - "-" "Mozilla/5.0 AppleWebKit/537.36 (KHTML, like Gecko; compatible; GPTBot/1.2; +https://openai.com/gptbot)"
20.171.207.123 - - [07/Jun/2025:23:09:55 +0200] "GET /vendor/doctrine/instantiator/src/Doctrine/Instantiator/?C=M%3BO%3DA HTTP/1.1" 200 1298 "-" "Mozilla/5.0 AppleWebKit/537.36 (KHTML, like Gecko; compatible; GPTBot/1.2; +https://openai.com/gptbot)"
20.171.207.242 - - [07/Jun/2025:23:10:23 +0200] "GET /vendor/?C=M%3BO%3DA HTTP/1.1" 200 12958 "-" "Mozilla/5.0 AppleWebKit/537.36 (KHTML, like Gecko; compatible; GPTBot/1.2; +https://openai.com/gptbot)"
20.171.207.123 - - [07/Jun/2025:23:10:27 +0200] "GET /vendor/doctrine/instantiator/src/Doctrine/Instantiator/?C=S%3BO%3DA HTTP/1.1" 200 1298 "-" "Mozilla/5.0 AppleWebKit/537.36 (KHTML, like Gecko; compatible; GPTBot/1.2; +https://openai.com/gptbot)"
20.171.207.242 - - [07/Jun/2025:23:10:56 +0200] "GET /routes/?C=M%3BO%3DA HTTP/1.1" 200 1311 "-" "Mozilla/5.0 AppleWebKit/537.36 (KHTML, like Gecko; compatible; GPTBot/1.2; +https://openai.com/gptbot)"
20.171.207.123 - - [07/Jun/2025:23:10:57 +0200] "GET /vendor/doctrine/instantiator/src/Doctrine/Instantiator/?C=D%3BO%3DA HTTP/1.1" 200 1298 "-" "Mozilla/5.0 AppleWebKit/537.36 (KHTML, like Gecko; compatible; GPTBot/1.2; +https://openai.com/gptbot)"
20.171.207.123 - - [07/Jun/2025:23:11:24 +0200] "GET /vendor/doctrine/event-manager/psalm-baseline.xml HTTP/1.1" 200 296 "-" "Mozilla/5.0 AppleWebKit/537.36 (KHTML, like Gecko; compatible; GPTBot/1.2; +https://openai.com/gptbot)"
20.171.207.242 - - [07/Jun/2025:23:11:26 +0200] "GET /config/?C=M%3BO%3DA HTTP/1.1" 200 4372 "-" "Mozilla/5.0 AppleWebKit/537.36 (KHTML, like Gecko; compatible; GPTBot/1.2; +https://openai.com/gptbot)"
20.171.207.123 - - [07/Jun/2025:23:11:49 +0200] "GET /vendor/moneyphp/money/src/Exchange.php HTTP/1.1" 200 - "-" "Mozilla/5.0 AppleWebKit/537.36 (KHTML, like Gecko; compatible; GPTBot/1.2; +https://openai.com/gptbot)"
20.171.207.242 - - [07/Jun/2025:23:11:52 +0200] "GET /routes/?C=S%3BO%3DA HTTP/1.1" 200 1311 "-" "Mozilla/5.0 AppleWebKit/537.36 (KHTML, like Gecko; compatible; GPTBot/1.2; +https://openai.com/gptbot)"
20.171.207.123 - - [07/Jun/2025:23:12:11 +0200] "GET /vendor/symfony/http-kernel/Controller/TraceableArgumentResolver.php HTTP/1.1" 500 - "-" "Mozilla/5.0 AppleWebKit/537.36 (KHTML, like Gecko; compatible; GPTBot/1.2; +https://openai.com/gptbot)"
20.171.207.242 - - [07/Jun/2025:23:12:17 +0200] "GET /vendor/?C=S%3BO%3DA HTTP/1.1" 200 12958 "-" "Mozilla/5.0 AppleWebKit/537.36 (KHTML, like Gecko; compatible; GPTBot/1.2; +https://openai.com/gptbot)"
20.171.207.123 - - [07/Jun/2025:23:12:32 +0200] "GET /vendor/symfony/http-kernel/Controller/ArgumentResolverInterface.php HTTP/1.1" 200 - "-" "Mozilla/5.0 AppleWebKit/537.36 (KHTML, like Gecko; compatible; GPTBot/1.2; +https://openai.com/gptbot)"
20.171.207.242 - - [07/Jun/2025:23:12:38 +0200] "GET /vendor/paragonie/constant_time_encoding/src/Base64DotSlash.php HTTP/1.1" 500 - "-" "Mozilla/5.0 AppleWebKit/537.36 (KHTML, like Gecko; compatible; GPTBot/1.2; +https://openai.com/gptbot)"
20.171.207.242 - - [07/Jun/2025:23:12:58 +0200] "GET /config/mail.php HTTP/1.1" 500 - "-" "Mozilla/5.0 AppleWebKit/537.36 (KHTML, like Gecko; compatible; GPTBot/1.2; +https://openai.com/gptbot)"
20.171.207.123 - - [07/Jun/2025:23:13:30 +0200] "GET /vendor/symfony/polyfill-php83/?C=N%3BO%3DD HTTP/1.1" 200 1738 "-" "Mozilla/5.0 AppleWebKit/537.36 (KHTML, like Gecko; compatible; GPTBot/1.2; +https://openai.com/gptbot)"
20.171.207.242 - - [07/Jun/2025:23:13:55 +0200] "GET /config/queue.php HTTP/1.1" 500 - "-" "Mozilla/5.0 AppleWebKit/537.36 (KHTML, like Gecko; compatible; GPTBot/1.2; +https://openai.com/gptbot)"
20.171.207.123 - - [07/Jun/2025:23:14:26 +0200] "GET /vendor/symfony/polyfill-php83/?C=D%3BO%3DA HTTP/1.1" 200 1738 "-" "Mozilla/5.0 AppleWebKit/537.36 (KHTML, like Gecko; compatible; GPTBot/1.2; +https://openai.com/gptbot)"
20.171.207.242 - - [07/Jun/2025:23:14:56 +0200] "GET /config/cache.php HTTP/1.1" 500 - "-" "Mozilla/5.0 AppleWebKit/537.36 (KHTML, like Gecko; compatible; GPTBot/1.2; +https://openai.com/gptbot)"
20.171.207.123 - - [07/Jun/2025:23:15:12 +0200] "GET /resources/views/svgs/love-reaction.blade.php HTTP/1.1" 200 16367 "-" "Mozilla/5.0 AppleWebKit/537.36 (KHTML, like Gecko; compatible; GPTBot/1.2; +https://openai.com/gptbot)"
20.171.207.123 - - [07/Jun/2025:23:15:56 +0200] "GET /vendor/paragonie/random_compat/composer.json HTTP/1.1" 200 870 "-" "Mozilla/5.0 AppleWebKit/537.36 (KHTML, like Gecko; compatible; GPTBot/1.2; +https://openai.com/gptbot)"
20.171.207.242 - - [07/Jun/2025:23:15:59 +0200] "GET /config/media-library.php HTTP/1.1" 500 - "-" "Mozilla/5.0 AppleWebKit/537.36 (KHTML, like Gecko; compatible; GPTBot/1.2; +https://openai.com/gptbot)"
20.171.207.123 - - [07/Jun/2025:23:16:34 +0200] "GET /resources/views/svgs/like-reaction.blade.php HTTP/1.1" 200 6417 "-" "Mozilla/5.0 AppleWebKit/537.36 (KHTML, like Gecko; compatible; GPTBot/1.2; +https://openai.com/gptbot)"
20.171.207.242 - - [07/Jun/2025:23:17:02 +0200] "GET /config/hashing.php HTTP/1.1" 500 - "-" "Mozilla/5.0 AppleWebKit/537.36 (KHTML, like Gecko; compatible; GPTBot/1.2; +https://openai.com/gptbot)"
20.171.207.123 - - [07/Jun/2025:23:17:09 +0200] "GET /vendor/mockery/mockery/library/Mockery/CountValidator/?C=M%3BO%3DA HTTP/1.1" 200 1845 "-" "Mozilla/5.0 AppleWebKit/537.36 (KHTML, like Gecko; compatible; GPTBot/1.2; +https://openai.com/gptbot)"
20.171.207.123 - - [07/Jun/2025:23:17:42 +0200] "GET /vendor/doctrine/instantiator/src/Doctrine/Instantiator/?C=D%3BO%3DA HTTP/1.1" 200 1298 "-" "Mozilla/5.0 AppleWebKit/537.36 (KHTML, like Gecko; compatible; GPTBot/1.2; +https://openai.com/gptbot)"
20.171.207.242 - - [07/Jun/2025:23:18:08 +0200] "GET /routes/api.php HTTP/1.1" 500 - "-" "Mozilla/5.0 AppleWebKit/537.36 (KHTML, like Gecko; compatible; GPTBot/1.2; +https://openai.com/gptbot)"
20.171.207.123 - - [07/Jun/2025:23:18:11 +0200] "GET /vendor/mockery/mockery/library/Mockery/CountValidator/?C=N%3BO%3DD HTTP/1.1" 200 1845 "-" "Mozilla/5.0 AppleWebKit/537.36 (KHTML, like Gecko; compatible; GPTBot/1.2; +https://openai.com/gptbot)"
20.171.207.123 - - [07/Jun/2025:23:18:37 +0200] "GET /vendor/mockery/mockery/library/Mockery/CountValidator/?C=D%3BO%3DA HTTP/1.1" 200 1845 "-" "Mozilla/5.0 AppleWebKit/537.36 (KHTML, like Gecko; compatible; GPTBot/1.2; +https://openai.com/gptbot)"
20.171.207.123 - - [07/Jun/2025:23:19:00 +0200] "GET /vendor/laravel/passport/database/migrations/2016_06_01_000005_create_oauth_personal_access_clients_table.php HTTP/1.1" 500 - "-" "Mozilla/5.0 AppleWebKit/537.36 (KHTML, like Gecko; compatible; GPTBot/1.2; +https://openai.com/gptbot)"
20.171.207.242 - - [07/Jun/2025:23:19:09 +0200] "GET /routes/web.php HTTP/1.1" 500 - "-" "Mozilla/5.0 AppleWebKit/537.36 (KHTML, like Gecko; compatible; GPTBot/1.2; +https://openai.com/gptbot)"
20.171.207.123 - - [07/Jun/2025:23:19:20 +0200] "GET /vendor/symfony/polyfill-php83/?C=S%3BO%3DA HTTP/1.1" 200 1738 "-" "Mozilla/5.0 AppleWebKit/537.36 (KHTML, like Gecko; compatible; GPTBot/1.2; +https://openai.com/gptbot)"
20.171.207.242 - - [07/Jun/2025:23:20:13 +0200] "GET /config/cashier.php HTTP/1.1" 500 - "-" "Mozilla/5.0 AppleWebKit/537.36 (KHTML, like Gecko; compatible; GPTBot/1.2; +https://openai.com/gptbot)"
20.171.207.123 - - [07/Jun/2025:23:20:20 +0200] "GET /vendor/symfony/polyfill-php83/?C=M%3BO%3DA HTTP/1.1" 200 1738 "-" "Mozilla/5.0 AppleWebKit/537.36 (KHTML, like Gecko; compatible; GPTBot/1.2; +https://openai.com/gptbot)"
20.171.207.123 - - [07/Jun/2025:23:21:14 +0200] "GET /resources/fonts/HK%20Grotesk%20Pro/?C=N%3BO%3DD HTTP/1.1" 200 11310 "-" "Mozilla/5.0 AppleWebKit/537.36 (KHTML, like Gecko; compatible; GPTBot/1.2; +https://openai.com/gptbot)"
20.171.207.242 - - [07/Jun/2025:23:21:16 +0200] "GET /config/session.php HTTP/1.1" 500 - "-" "Mozilla/5.0 AppleWebKit/537.36 (KHTML, like Gecko; compatible; GPTBot/1.2; +https://openai.com/gptbot)"
20.171.207.123 - - [07/Jun/2025:23:22:06 +0200] "GET /resources/fonts/HK%20Grotesk%20Pro/?C=D%3BO%3DA HTTP/1.1" 200 11310 "-" "Mozilla/5.0 AppleWebKit/537.36 (KHTML, like Gecko; compatible; GPTBot/1.2; +https://openai.com/gptbot)"
20.171.207.242 - - [07/Jun/2025:23:22:18 +0200] "GET /routes/console.php HTTP/1.1" 500 - "-" "Mozilla/5.0 AppleWebKit/537.36 (KHTML, like Gecko; compatible; GPTBot/1.2; +https://openai.com/gptbot)"
20.171.207.123 - - [07/Jun/2025:23:22:52 +0200] "GET /app/Http/Requests/Api/V1/ProductSubscriptionRequest.php HTTP/1.1" 500 - "-" "Mozilla/5.0 AppleWebKit/537.36 (KHTML, like Gecko; compatible; GPTBot/1.2; +https://openai.com/gptbot)"
20.171.207.242 - - [07/Jun/2025:23:23:22 +0200] "GET /config/laravel-ffmpeg.php HTTP/1.1" 500 - "-" "Mozilla/5.0 AppleWebKit/537.36 (KHTML, like Gecko; compatible; GPTBot/1.2; +https://openai.com/gptbot)"
20.171.207.123 - - [07/Jun/2025:23:23:34 +0200] "GET /app/Http/Requests/Api/V1/UpdateJournalPostRequest.php HTTP/1.1" 500 - "-" "Mozilla/5.0 AppleWebKit/537.36 (KHTML, like Gecko; compatible; GPTBot/1.2; +https://openai.com/gptbot)"
20.171.207.242 - - [07/Jun/2025:23:24:23 +0200] "GET /config/logging.php HTTP/1.1" 500 - "-" "Mozilla/5.0 AppleWebKit/537.36 (KHTML, like Gecko; compatible; GPTBot/1.2; +https://openai.com/gptbot)"
20.171.207.123 - - [07/Jun/2025:23:24:36 +0200] "GET /app/Http/Requests/Api/V1/AcceptFamilyInviteRequest.php HTTP/1.1" 500 - "-" "Mozilla/5.0 AppleWebKit/537.36 (KHTML, like Gecko; compatible; GPTBot/1.2; +https://openai.com/gptbot)"
20.171.207.242 - - [07/Jun/2025:23:25:28 +0200] "GET /config/database.php HTTP/1.1" 500 - "-" "Mozilla/5.0 AppleWebKit/537.36 (KHTML, like Gecko; compatible; GPTBot/1.2; +https://openai.com/gptbot)"
20.171.207.123 - - [07/Jun/2025:23:25:41 +0200] "GET /vendor/evenement/evenement/src/ HTTP/1.1" 200 1246 "-" "Mozilla/5.0 AppleWebKit/537.36 (KHTML, like Gecko; compatible; GPTBot/1.2; +https://openai.com/gptbot)"
20.171.207.242 - - [07/Jun/2025:23:26:34 +0200] "GET /config/livewire.php HTTP/1.1" 500 - "-" "Mozilla/5.0 AppleWebKit/537.36 (KHTML, like Gecko; compatible; GPTBot/1.2; +https://openai.com/gptbot)"
20.171.207.123 - - [07/Jun/2025:23:26:42 +0200] "GET /vendor/psy/psysh/src/Readline/Hoa/ConsoleException.php HTTP/1.1" 500 - "-" "Mozilla/5.0 AppleWebKit/537.36 (KHTML, like Gecko; compatible; GPTBot/1.2; +https://openai.com/gptbot)"
20.171.207.123 - - [07/Jun/2025:23:27:37 +0200] "GET /vendor/symfony/mime/FileBinaryMimeTypeGuesser.php HTTP/1.1" 500 - "-" "Mozilla/5.0 AppleWebKit/537.36 (KHTML, like Gecko; compatible; GPTBot/1.2; +https://openai.com/gptbot)"
20.171.207.242 - - [07/Jun/2025:23:27:39 +0200] "GET /config/app.php HTTP/1.1" 500 - "-" "Mozilla/5.0 AppleWebKit/537.36 (KHTML, like Gecko; compatible; GPTBot/1.2; +https://openai.com/gptbot)"
20.171.207.123 - - [07/Jun/2025:23:28:38 +0200] "GET /vendor/symfony/mime/MimeTypeGuesserInterface.php HTTP/1.1" 200 - "-" "Mozilla/5.0 AppleWebKit/537.36 (KHTML, like Gecko; compatible; GPTBot/1.2; +https://openai.com/gptbot)"
20.171.207.242 - - [07/Jun/2025:23:28:42 +0200] "GET /vendor/autoload.php HTTP/1.1" 500 107 "-" "Mozilla/5.0 AppleWebKit/537.36 (KHTML, like Gecko; compatible; GPTBot/1.2; +https://openai.com/gptbot)"
20.171.207.123 - - [07/Jun/2025:23:29:43 +0200] "GET /vendor/laravel/serializable-closure/ HTTP/1.1" 200 1206 "-" "Mozilla/5.0 AppleWebKit/537.36 (KHTML, like Gecko; compatible; GPTBot/1.2; +https://openai.com/gptbot)"
20.171.207.242 - - [07/Jun/2025:23:29:48 +0200] "GET /config/services.php HTTP/1.1" 500 - "-" "Mozilla/5.0 AppleWebKit/537.36 (KHTML, like Gecko; compatible; GPTBot/1.2; +https://openai.com/gptbot)"
20.171.207.123 - - [07/Jun/2025:23:30:37 +0200] "GET /vendor/symfony/css-selector/Parser/Handler/CommentHandler.php HTTP/1.1" 500 - "-" "Mozilla/5.0 AppleWebKit/537.36 (KHTML, like Gecko; compatible; GPTBot/1.2; +https://openai.com/gptbot)"
20.171.207.242 - - [07/Jun/2025:23:30:48 +0200] "GET /config/onesignal.php HTTP/1.1" 500 - "-" "Mozilla/5.0 AppleWebKit/537.36 (KHTML, like Gecko; compatible; GPTBot/1.2; +https://openai.com/gptbot)"
20.171.207.123 - - [07/Jun/2025:23:31:28 +0200] "GET /app/Http/Middleware/MustFinishSignupMiddleware.php HTTP/1.1" 200 - "-" "Mozilla/5.0 AppleWebKit/537.36 (KHTML, like Gecko; compatible; GPTBot/1.2; +https://openai.com/gptbot)"
20.171.207.242 - - [07/Jun/2025:23:31:49 +0200] "GET /routes/channels.php HTTP/1.1" 500 - "-" "Mozilla/5.0 AppleWebKit/537.36 (KHTML, like Gecko; compatible; GPTBot/1.2; +https://openai.com/gptbot)"
20.171.207.123 - - [07/Jun/2025:23:32:30 +0200] "GET /app/Models/Pivots/?C=D%3BO%3DA HTTP/1.1" 200 1377 "-" "Mozilla/5.0 AppleWebKit/537.36 (KHTML, like Gecko; compatible; GPTBot/1.2; +https://openai.com/gptbot)"
20.171.207.242 - - [07/Jun/2025:23:32:54 +0200] "GET /config/broadcasting.php HTTP/1.1" 500 - "-" "Mozilla/5.0 AppleWebKit/537.36 (KHTML, like Gecko; compatible; GPTBot/1.2; +https://openai.com/gptbot)"
20.171.207.123 - - [07/Jun/2025:23:33:24 +0200] "GET /app/Models/Pivots/?C=N%3BO%3DD HTTP/1.1" 200 1377 "-" "Mozilla/5.0 AppleWebKit/537.36 (KHTML, like Gecko; compatible; GPTBot/1.2; +https://openai.com/gptbot)"
20.171.207.242 - - [07/Jun/2025:23:33:58 +0200] "GET /config/filesystems.php HTTP/1.1" 500 - "-" "Mozilla/5.0 AppleWebKit/537.36 (KHTML, like Gecko; compatible; GPTBot/1.2; +https://openai.com/gptbot)"
20.171.207.123 - - [07/Jun/2025:23:34:16 +0200] "GET /app/Models/Pivots/?C=M%3BO%3DA HTTP/1.1" 200 1377 "-" "Mozilla/5.0 AppleWebKit/537.36 (KHTML, like Gecko; compatible; GPTBot/1.2; +https://openai.com/gptbot)"
20.171.207.242 - - [07/Jun/2025:23:34:59 +0200] "GET /config/view.php HTTP/1.1" 500 - "-" "Mozilla/5.0 AppleWebKit/537.36 (KHTML, like Gecko; compatible; GPTBot/1.2; +https://openai.com/gptbot)"
20.171.207.123 - - [07/Jun/2025:23:35:02 +0200] "GET /vendor/spatie/ray/?C=N%3BO%3DD HTTP/1.1" 200 2084 "-" "Mozilla/5.0 AppleWebKit/537.36 (KHTML, like Gecko; compatible; GPTBot/1.2; +https://openai.com/gptbot)"
20.171.207.123 - - [07/Jun/2025:23:35:44 +0200] "GET /vendor/spatie/ray/?C=D%3BO%3DA HTTP/1.1" 200 2084 "-" "Mozilla/5.0 AppleWebKit/537.36 (KHTML, like Gecko; compatible; GPTBot/1.2; +https://openai.com/gptbot)"
20.171.207.242 - - [07/Jun/2025:23:36:01 +0200] "GET /vendor/paragonie/constant_time_encoding/src/Base64UrlSafe.php HTTP/1.1" 500 - "-" "Mozilla/5.0 AppleWebKit/537.36 (KHTML, like Gecko; compatible; GPTBot/1.2; +https://openai.com/gptbot)"
20.171.207.123 - - [07/Jun/2025:23:36:22 +0200] "GET /vendor/mockery/mockery/docs/cookbook/class_constants.rst HTTP/1.1" 200 4676 "-" "Mozilla/5.0 AppleWebKit/537.36 (KHTML, like Gecko; compatible; GPTBot/1.2; +https://openai.com/gptbot)"
20.171.207.123 - - [07/Jun/2025:23:36:57 +0200] "GET /vendor/spatie/flare-client-php/src/Support/?C=M%3BO%3DA HTTP/1.1" 200 911 "-" "Mozilla/5.0 AppleWebKit/537.36 (KHTML, like Gecko; compatible; GPTBot/1.2; +https://openai.com/gptbot)"
20.171.207.242 - - [07/Jun/2025:23:37:06 +0200] "GET /resources/views/livewire/partials/pet-add.blade.php HTTP/1.1" 200 8861 "-" "Mozilla/5.0 AppleWebKit/537.36 (KHTML, like Gecko; compatible; GPTBot/1.2; +https://openai.com/gptbot)"
20.171.207.123 - - [07/Jun/2025:23:37:28 +0200] "GET /vendor/symfony/polyfill-intl-icu/ HTTP/1.1" 200 3015 "-" "Mozilla/5.0 AppleWebKit/537.36 (KHTML, like Gecko; compatible; GPTBot/1.2; +https://openai.com/gptbot)"
20.171.207.123 - - [07/Jun/2025:23:37:55 +0200] "GET /vendor/symfony/http-kernel/Log/ HTTP/1.1" 200 1248 "-" "Mozilla/5.0 AppleWebKit/537.36 (KHTML, like Gecko; compatible; GPTBot/1.2; +https://openai.com/gptbot)"
20.171.207.242 - - [07/Jun/2025:23:38:08 +0200] "GET /resources/views/livewire/pages/about-us.blade.php HTTP/1.1" 200 15511 "-" "Mozilla/5.0 AppleWebKit/537.36 (KHTML, like Gecko; compatible; GPTBot/1.2; +https://openai.com/gptbot)"
20.171.207.123 - - [07/Jun/2025:23:38:20 +0200] "GET /furfotos-api/app/Models/Reaction.php HTTP/1.1" 500 - "-" "Mozilla/5.0 AppleWebKit/537.36 (KHTML, like Gecko; compatible; GPTBot/1.2; +https://openai.com/gptbot)"
20.171.207.123 - - [07/Jun/2025:23:38:42 +0200] "GET /resources/fonts/HK%20Grotesk%20Pro/HKGroteskPro-SemiBold.woff HTTP/1.1" 200 42164 "-" "Mozilla/5.0 AppleWebKit/537.36 (KHTML, like Gecko; compatible; GPTBot/1.2; +https://openai.com/gptbot)"
20.171.207.242 - - [07/Jun/2025:23:39:06 +0200] "GET /vendor/laravel/passport/workbench/ HTTP/1.1" 200 1029 "-" "Mozilla/5.0 AppleWebKit/537.36 (KHTML, like Gecko; compatible; GPTBot/1.2; +https://openai.com/gptbot)"
20.171.207.123 - - [07/Jun/2025:23:39:45 +0200] "GET /vendor/psy/psysh/bin/ HTTP/1.1" 200 820 "-" "Mozilla/5.0 AppleWebKit/537.36 (KHTML, like Gecko; compatible; GPTBot/1.2; +https://openai.com/gptbot)"
20.171.207.242 - - [07/Jun/2025:23:39:57 +0200] "GET /resources/img/placeholders/paw.svg HTTP/1.1" 200 2605 "-" "Mozilla/5.0 AppleWebKit/537.36 (KHTML, like Gecko; compatible; GPTBot/1.2; +https://openai.com/gptbot)"
20.171.207.242 - - [07/Jun/2025:23:40:41 +0200] "GET /vendor/paragonie/constant_time_encoding/src/Base64DotSlashOrdered.php HTTP/1.1" 500 - "-" "Mozilla/5.0 AppleWebKit/537.36 (KHTML, like Gecko; compatible; GPTBot/1.2; +https://openai.com/gptbot)"
20.171.207.123 - - [07/Jun/2025:23:40:42 +0200] "GET /vendor/laravel/framework/composer.json HTTP/1.1" 200 8444 "-" "Mozilla/5.0 AppleWebKit/537.36 (KHTML, like Gecko; compatible; GPTBot/1.2; +https://openai.com/gptbot)"
20.171.207.242 - - [07/Jun/2025:23:41:21 +0200] "GET /vendor/symfony/http-client/Psr18Client.php HTTP/1.1" 500 - "-" "Mozilla/5.0 AppleWebKit/537.36 (KHTML, like Gecko; compatible; GPTBot/1.2; +https://openai.com/gptbot)"
20.171.207.123 - - [07/Jun/2025:23:41:32 +0200] "GET /vendor/laravel/socialite/composer.json HTTP/1.1" 200 1775 "-" "Mozilla/5.0 AppleWebKit/537.36 (KHTML, like Gecko; compatible; GPTBot/1.2; +https://openai.com/gptbot)"
20.171.207.123 - - [07/Jun/2025:23:42:17 +0200] "GET /vendor/spatie/laravel-medialibrary-pro/lint-staged.config.js HTTP/1.1" 200 294 "-" "Mozilla/5.0 AppleWebKit/537.36 (KHTML, like Gecko; compatible; GPTBot/1.2; +https://openai.com/gptbot)"
20.171.207.242 - - [07/Jun/2025:23:42:26 +0200] "GET /furfotos-api/resources/img/icons/family-sharing.webp HTTP/1.1" 200 3060 "-" "Mozilla/5.0 AppleWebKit/537.36 (KHTML, like Gecko; compatible; GPTBot/1.2; +https://openai.com/gptbot)"
20.171.207.123 - - [07/Jun/2025:23:42:56 +0200] "GET /vendor/symfony/polyfill-php80/Resources/ HTTP/1.1" 200 872 "-" "Mozilla/5.0 AppleWebKit/537.36 (KHTML, like Gecko; compatible; GPTBot/1.2; +https://openai.com/gptbot)"
20.171.207.242 - - [07/Jun/2025:23:43:30 +0200] "GET /furfotos-api/resources/img/icons/family-sharing.png HTTP/1.1" 200 11554 "-" "Mozilla/5.0 AppleWebKit/537.36 (KHTML, like Gecko; compatible; GPTBot/1.2; +https://openai.com/gptbot)"
20.171.207.123 - - [07/Jun/2025:23:43:33 +0200] "GET /vendor/symfony/polyfill-php83/Resources/ HTTP/1.1" 200 872 "-" "Mozilla/5.0 AppleWebKit/537.36 (KHTML, like Gecko; compatible; GPTBot/1.2; +https://openai.com/gptbot)"
20.171.207.123 - - [07/Jun/2025:23:44:08 +0200] "GET /vendor/psr/?C=D%3BO%3DA HTTP/1.1" 200 2223 "-" "Mozilla/5.0 AppleWebKit/537.36 (KHTML, like Gecko; compatible; GPTBot/1.2; +https://openai.com/gptbot)"
20.171.207.242 - - [07/Jun/2025:23:44:25 +0200] "GET /resources/img/icons/payment-methods/maestro-old.svg HTTP/1.1" 200 14672 "-" "Mozilla/5.0 AppleWebKit/537.36 (KHTML, like Gecko; compatible; GPTBot/1.2; +https://openai.com/gptbot)"
20.171.207.123 - - [07/Jun/2025:23:44:38 +0200] "GET /vendor/symfony/polyfill-intl-icu/LICENSE HTTP/1.1" 200 1068 "-" "Mozilla/5.0 AppleWebKit/537.36 (KHTML, like Gecko; compatible; GPTBot/1.2; +https://openai.com/gptbot)"
20.171.207.123 - - [07/Jun/2025:23:45:05 +0200] "GET /vendor/symfony/polyfill-intl-icu/?C=S%3BO%3DA HTTP/1.1" 200 3015 "-" "Mozilla/5.0 AppleWebKit/537.36 (KHTML, like Gecko; compatible; GPTBot/1.2; +https://openai.com/gptbot)"
20.171.207.242 - - [07/Jun/2025:23:45:17 +0200] "GET /resources/img/icons/payment-methods/security-code.svg HTTP/1.1" 200 24684 "-" "Mozilla/5.0 AppleWebKit/537.36 (KHTML, like Gecko; compatible; GPTBot/1.2; +https://openai.com/gptbot)"
20.171.207.123 - - [07/Jun/2025:23:45:28 +0200] "GET /vendor/symfony/polyfill-intl-icu/?C=M%3BO%3DA HTTP/1.1" 200 3015 "-" "Mozilla/5.0 AppleWebKit/537.36 (KHTML, like Gecko; compatible; GPTBot/1.2; +https://openai.com/gptbot)"
20.171.207.123 - - [07/Jun/2025:23:45:49 +0200] "GET /vendor/psr/?C=N%3BO%3DD HTTP/1.1" 200 2223 "-" "Mozilla/5.0 AppleWebKit/537.36 (KHTML, like Gecko; compatible; GPTBot/1.2; +https://openai.com/gptbot)"
20.171.207.242 - - [07/Jun/2025:23:46:03 +0200] "GET /furfotos-api/resources/js/modules/reaction-toolbar.js HTTP/1.1" 200 599 "-" "Mozilla/5.0 AppleWebKit/537.36 (KHTML, like Gecko; compatible; GPTBot/1.2; +https://openai.com/gptbot)"
20.171.207.123 - - [07/Jun/2025:23:46:09 +0200] "GET /app/Models/?C=D%3BO%3DA HTTP/1.1" 200 4797 "-" "Mozilla/5.0 AppleWebKit/537.36 (KHTML, like Gecko; compatible; GPTBot/1.2; +https://openai.com/gptbot)"
20.171.207.123 - - [07/Jun/2025:23:46:26 +0200] "GET /vendor/bin/?C=N%3BO%3DD HTTP/1.1" 200 3291 "-" "Mozilla/5.0 AppleWebKit/537.36 (KHTML, like Gecko; compatible; GPTBot/1.2; +https://openai.com/gptbot)"
20.171.207.123 - - [07/Jun/2025:23:46:42 +0200] "GET /vendor/bin/?C=D%3BO%3DA HTTP/1.1" 200 3291 "-" "Mozilla/5.0 AppleWebKit/537.36 (KHTML, like Gecko; compatible; GPTBot/1.2; +https://openai.com/gptbot)"
20.171.207.242 - - [07/Jun/2025:23:46:44 +0200] "GET /resources/views/livewire/pages/%7B%7B%20asset('img/bgs/ginger-cat-upside-down.jpg')%20%7D%7D HTTP/1.1" 404 - "-" "Mozilla/5.0 AppleWebKit/537.36 (KHTML, like Gecko; compatible; GPTBot/1.2; +https://openai.com/gptbot)"
20.171.207.123 - - [07/Jun/2025:23:46:57 +0200] "GET /vendor/symfony/polyfill-php80/Resources/stubs/ HTTP/1.1" 200 1636 "-" "Mozilla/5.0 AppleWebKit/537.36 (KHTML, like Gecko; compatible; GPTBot/1.2; +https://openai.com/gptbot)"
20.171.207.123 - - [07/Jun/2025:23:47:10 +0200] "GET /vendor/symfony/polyfill-php83/Resources/stubs/ HTTP/1.1" 200 2857 "-" "Mozilla/5.0 AppleWebKit/537.36 (KHTML, like Gecko; compatible; GPTBot/1.2; +https://openai.com/gptbot)"
20.171.207.242 - - [07/Jun/2025:23:47:20 +0200] "GET /resources/views/livewire/pages/%7B%7B%20asset('img/content/Kendra-McBride.jpg')%20%7D%7D HTTP/1.1" 404 - "-" "Mozilla/5.0 AppleWebKit/537.36 (KHTML, like Gecko; compatible; GPTBot/1.2; +https://openai.com/gptbot)"
20.171.207.123 - - [07/Jun/2025:23:47:22 +0200] "GET /app/Models/?C=M%3BO%3DA HTTP/1.1" 200 4797 "-" "Mozilla/5.0 AppleWebKit/537.36 (KHTML, like Gecko; compatible; GPTBot/1.2; +https://openai.com/gptbot)"
20.171.207.123 - - [07/Jun/2025:23:47:33 +0200] "GET /vendor/symfony/yaml/Inline.php HTTP/1.1" 200 - "-" "Mozilla/5.0 AppleWebKit/537.36 (KHTML, like Gecko; compatible; GPTBot/1.2; +https://openai.com/gptbot)"
20.171.207.123 - - [07/Jun/2025:23:47:42 +0200] "GET /vendor/symfony/yaml/Dumper.php HTTP/1.1" 200 - "-" "Mozilla/5.0 AppleWebKit/537.36 (KHTML, like Gecko; compatible; GPTBot/1.2; +https://openai.com/gptbot)"
20.171.207.123 - - [07/Jun/2025:23:47:50 +0200] "GET /vendor/symfony/yaml/Parser.php HTTP/1.1" 200 - "-" "Mozilla/5.0 AppleWebKit/537.36 (KHTML, like Gecko; compatible; GPTBot/1.2; +https://openai.com/gptbot)"
20.171.207.242 - - [07/Jun/2025:23:47:56 +0200] "GET /resources/views/livewire/pages/%7B%7B%20asset('img/bgs/hugging-dog.jpg')%20%7D%7D HTTP/1.1" 404 - "-" "Mozilla/5.0 AppleWebKit/537.36 (KHTML, like Gecko; compatible; GPTBot/1.2; +https://openai.com/gptbot)"
20.171.207.123 - - [07/Jun/2025:23:47:58 +0200] "GET /resources/views/layouts/app.blade.php HTTP/1.1" 200 3032 "-" "Mozilla/5.0 AppleWebKit/537.36 (KHTML, like Gecko; compatible; GPTBot/1.2; +https://openai.com/gptbot)"
20.171.207.123 - - [07/Jun/2025:23:48:05 +0200] "GET /furfotos-api/app/Console/?C=D%3BO%3DA HTTP/1.1" 200 1008 "-" "Mozilla/5.0 AppleWebKit/537.36 (KHTML, like Gecko; compatible; GPTBot/1.2; +https://openai.com/gptbot)"
20.171.207.123 - - [07/Jun/2025:23:48:11 +0200] "GET /app/Models/Family.php HTTP/1.1" 500 - "-" "Mozilla/5.0 AppleWebKit/537.36 (KHTML, like Gecko; compatible; GPTBot/1.2; +https://openai.com/gptbot)"
20.171.207.123 - - [07/Jun/2025:23:48:17 +0200] "GET /app/Models/Reaction.php HTTP/1.1" 500 - "-" "Mozilla/5.0 AppleWebKit/537.36 (KHTML, like Gecko; compatible; GPTBot/1.2; +https://openai.com/gptbot)"
20.171.207.242 - - [07/Jun/2025:23:48:32 +0200] "GET /resources/views/livewire/pages/%7B%7B%20asset('img/content/Nick-Mclean.jpeg')%20%7D%7D HTTP/1.1" 404 - "-" "Mozilla/5.0 AppleWebKit/537.36 (KHTML, like Gecko; compatible; GPTBot/1.2; +https://openai.com/gptbot)"
20.171.207.123 - - [07/Jun/2025:23:48:34 +0200] "GET /app/Models/Payment.php HTTP/1.1" 500 - "-" "Mozilla/5.0 AppleWebKit/537.36 (KHTML, like Gecko; compatible; GPTBot/1.2; +https://openai.com/gptbot)"
20.171.207.242 - - [07/Jun/2025:23:49:09 +0200] "GET /resources/views/livewire/pages/%7B%7B%20asset('img/bgs/owner-petting-adorable-cat-768.jpg')%20%7D%7D HTTP/1.1" 404 - "-" "Mozilla/5.0 AppleWebKit/537.36 (KHTML, like Gecko; compatible; GPTBot/1.2; +https://openai.com/gptbot)"
4.227.36.34 - - [07/Jun/2025:23:56:19 +0200] "GET /robots.txt HTTP/1.1" 404 - "-" "Mozilla/5.0 AppleWebKit/537.36 (KHTML, like Gecko; compatible; GPTBot/1.2; +https://openai.com/gptbot)"
20.171.207.37 - - [07/Jun/2025:23:56:20 +0200] "GET /resources/views/livewire/pages/%7B%7B%20asset('img/bgs/woman-park-with-pug-768.jpg')%20%7D%7D HTTP/1.1" 404 - "-" "Mozilla/5.0 AppleWebKit/537.36 (KHTML, like Gecko; compatible; GPTBot/1.2; +https://openai.com/gptbot)"
20.171.207.37 - - [07/Jun/2025:23:56:23 +0200] "GET /resources/views/livewire/pages/%7B%7B%20asset('img/bgs/owner-petting-adorable-cat-768.jpg')%20%7D%7D HTTP/1.1" 404 - "-" "Mozilla/5.0 AppleWebKit/537.36 (KHTML, like Gecko; compatible; GPTBot/1.2; +https://openai.com/gptbot)"
4.227.36.111 - - [07/Jun/2025:23:56:25 +0200] "GET /robots.txt HTTP/1.1" 404 - "-" "Mozilla/5.0 AppleWebKit/537.36 (KHTML, like Gecko; compatible; GPTBot/1.2; +https://openai.com/gptbot)"
20.171.207.220 - - [07/Jun/2025:23:56:26 +0200] "GET /vendor/spatie/ray/CHANGELOG.md HTTP/1.1" 200 14015 "-" "Mozilla/5.0 AppleWebKit/537.36 (KHTML, like Gecko; compatible; GPTBot/1.2; +https://openai.com/gptbot)"
20.171.207.37 - - [07/Jun/2025:23:56:26 +0200] "GET /resources/views/livewire/pages/%7B%7B%20asset('img/content/Taryn.jpg')%20%7D%7D HTTP/1.1" 404 - "-" "Mozilla/5.0 AppleWebKit/537.36 (KHTML, like Gecko; compatible; GPTBot/1.2; +https://openai.com/gptbot)"
20.171.207.220 - - [07/Jun/2025:23:56:28 +0200] "GET /vendor/spatie/flare-client-php/?C=N%3BO%3DD HTTP/1.1" 200 1195 "-" "Mozilla/5.0 AppleWebKit/537.36 (KHTML, like Gecko; compatible; GPTBot/1.2; +https://openai.com/gptbot)"
20.171.207.37 - - [07/Jun/2025:23:56:29 +0200] "GET /furfotos-api/resources/img/emojis/like-reaction.svg HTTP/1.1" 200 6112 "-" "Mozilla/5.0 AppleWebKit/537.36 (KHTML, like Gecko; compatible; GPTBot/1.2; +https://openai.com/gptbot)"
20.171.207.220 - - [07/Jun/2025:23:56:31 +0200] "GET /vendor/symfony/psr-http-message-bridge/composer.json HTTP/1.1" 200 1376 "-" "Mozilla/5.0 AppleWebKit/537.36 (KHTML, like Gecko; compatible; GPTBot/1.2; +https://openai.com/gptbot)"
20.171.207.37 - - [07/Jun/2025:23:56:32 +0200] "GET /furfotos-api/resources/img/emojis/love-reaction.svg HTTP/1.1" 200 15912 "-" "Mozilla/5.0 AppleWebKit/537.36 (KHTML, like Gecko; compatible; GPTBot/1.2; +https://openai.com/gptbot)"
20.171.207.220 - - [07/Jun/2025:23:56:34 +0200] "GET /vendor/livewire/livewire/vercel.json HTTP/1.1" 200 70 "-" "Mozilla/5.0 AppleWebKit/537.36 (KHTML, like Gecko; compatible; GPTBot/1.2; +https://openai.com/gptbot)"
20.171.207.37 - - [07/Jun/2025:23:56:35 +0200] "GET /resources/views/livewire/pages/%7B%7B%20asset('img/content/Taryn.jpg')%20%7D%7D HTTP/1.1" 404 - "-" "Mozilla/5.0 AppleWebKit/537.36 (KHTML, like Gecko; compatible; GPTBot/1.2; +https://openai.com/gptbot)"
20.171.207.220 - - [07/Jun/2025:23:56:36 +0200] "GET /vendor/symfony/translation/Translator.php HTTP/1.1" 500 - "-" "Mozilla/5.0 AppleWebKit/537.36 (KHTML, like Gecko; compatible; GPTBot/1.2; +https://openai.com/gptbot)"
20.171.207.37 - - [07/Jun/2025:23:56:38 +0200] "GET /resources/views/livewire/pages/%7B%7B%20asset('img/bgs/hugging-dog.jpg')%20%7D%7D HTTP/1.1" 404 - "-" "Mozilla/5.0 AppleWebKit/537.36 (KHTML, like Gecko; compatible; GPTBot/1.2; +https://openai.com/gptbot)"
20.171.207.220 - - [07/Jun/2025:23:56:39 +0200] "GET /vendor/symfony/error-handler/Resources/bin/?C=S%3BO%3DA HTTP/1.1" 200 1109 "-" "Mozilla/5.0 AppleWebKit/537.36 (KHTML, like Gecko; compatible; GPTBot/1.2; +https://openai.com/gptbot)"
20.171.207.37 - - [07/Jun/2025:23:56:40 +0200] "GET /resources/views/livewire/pages/%7B%7B%20asset('img/bgs/ginger-cat-upside-down.jpg')%20%7D%7D HTTP/1.1" 404 - "-" "Mozilla/5.0 AppleWebKit/537.36 (KHTML, like Gecko; compatible; GPTBot/1.2; +https://openai.com/gptbot)"
20.171.207.37 - - [07/Jun/2025:23:56:43 +0200] "GET /resources/views/livewire/pages/%7B%7B%20asset('img/bgs/woman-park-with-pug-768.jpg')%20%7D%7D HTTP/1.1" 404 - "-" "Mozilla/5.0 AppleWebKit/537.36 (KHTML, like Gecko; compatible; GPTBot/1.2; +https://openai.com/gptbot)"
20.171.207.220 - - [07/Jun/2025:23:56:44 +0200] "GET /vendor/spatie/laravel-medialibrary-pro/src/Dto/MediaLibraryRequestItem.php HTTP/1.1" 200 - "-" "Mozilla/5.0 AppleWebKit/537.36 (KHTML, like Gecko; compatible; GPTBot/1.2; +https://openai.com/gptbot)"
20.171.207.37 - - [07/Jun/2025:23:56:45 +0200] "GET /resources/views/livewire/pages/%7B%7B%20asset('img/content/Kendra-McBride.jpg')%20%7D%7D HTTP/1.1" 404 - "-" "Mozilla/5.0 AppleWebKit/537.36 (KHTML, like Gecko; compatible; GPTBot/1.2; +https://openai.com/gptbot)"
20.171.207.37 - - [07/Jun/2025:23:56:48 +0200] "GET /vendor/rector/rector/vendor/illuminate/ HTTP/1.1" 200 1050 "-" "Mozilla/5.0 AppleWebKit/537.36 (KHTML, like Gecko; compatible; GPTBot/1.2; +https://openai.com/gptbot)"
20.171.207.220 - - [07/Jun/2025:23:56:50 +0200] "GET /vendor/symfony/error-handler/Resources/bin/?C=M%3BO%3DA HTTP/1.1" 200 1109 "-" "Mozilla/5.0 AppleWebKit/537.36 (KHTML, like Gecko; compatible; GPTBot/1.2; +https://openai.com/gptbot)"
20.171.207.37 - - [07/Jun/2025:23:56:50 +0200] "GET /vendor/league/oauth1-client/CONDUCT.md HTTP/1.1" 200 2150 "-" "Mozilla/5.0 AppleWebKit/537.36 (KHTML, like Gecko; compatible; GPTBot/1.2; +https://openai.com/gptbot)"
20.171.207.37 - - [07/Jun/2025:23:56:53 +0200] "GET /vendor/symfony/polyfill-uuid/Uuid.php HTTP/1.1" 200 - "-" "Mozilla/5.0 AppleWebKit/537.36 (KHTML, like Gecko; compatible; GPTBot/1.2; +https://openai.com/gptbot)"
20.171.207.37 - - [07/Jun/2025:23:56:55 +0200] "GET /vendor/moneyphp/money/phpcs.xml.dist HTTP/1.1" 200 1941 "-" "Mozilla/5.0 AppleWebKit/537.36 (KHTML, like Gecko; compatible; GPTBot/1.2; +https://openai.com/gptbot)"
20.171.207.220 - - [07/Jun/2025:23:56:55 +0200] "GET /furfotos-api/app/Mail/ResendOtpMail.php HTTP/1.1" 500 - "-" "Mozilla/5.0 AppleWebKit/537.36 (KHTML, like Gecko; compatible; GPTBot/1.2; +https://openai.com/gptbot)"
20.171.207.37 - - [07/Jun/2025:23:56:57 +0200] "GET /vendor/phpseclib/phpseclib/AUTHORS HTTP/1.1" 200 316 "-" "Mozilla/5.0 AppleWebKit/537.36 (KHTML, like Gecko; compatible; GPTBot/1.2; +https://openai.com/gptbot)"
20.171.207.37 - - [07/Jun/2025:23:56:59 +0200] "GET /vendor/phpseclib/phpseclib/LICENSE HTTP/1.1" 200 1081 "-" "Mozilla/5.0 AppleWebKit/537.36 (KHTML, like Gecko; compatible; GPTBot/1.2; +https://openai.com/gptbot)"
20.171.207.220 - - [07/Jun/2025:23:57:00 +0200] "GET /vendor/spatie/flare-client-php/?C=D%3BO%3DA HTTP/1.1" 200 1195 "-" "Mozilla/5.0 AppleWebKit/537.36 (KHTML, like Gecko; compatible; GPTBot/1.2; +https://openai.com/gptbot)"
20.171.207.37 - - [07/Jun/2025:23:57:00 +0200] "GET /vendor/symfony/postmark-mailer/Transport/ HTTP/1.1" 200 1482 "-" "Mozilla/5.0 AppleWebKit/537.36 (KHTML, like Gecko; compatible; GPTBot/1.2; +https://openai.com/gptbot)"
20.171.207.37 - - [07/Jun/2025:23:57:01 +0200] "GET /vendor/symfony/translation-contracts/Test/ HTTP/1.1" 200 895 "-" "Mozilla/5.0 AppleWebKit/537.36 (KHTML, like Gecko; compatible; GPTBot/1.2; +https://openai.com/gptbot)"
20.171.207.37 - - [07/Jun/2025:23:57:03 +0200] "GET /vendor/league/uri-interfaces/KeyValuePair/ HTTP/1.1" 200 882 "-" "Mozilla/5.0 AppleWebKit/537.36 (KHTML, like Gecko; compatible; GPTBot/1.2; +https://openai.com/gptbot)"
20.171.207.37 - - [07/Jun/2025:23:57:04 +0200] "GET /vendor/symfony/http-kernel/EventListener/ HTTP/1.1" 200 3962 "-" "Mozilla/5.0 AppleWebKit/537.36 (KHTML, like Gecko; compatible; GPTBot/1.2; +https://openai.com/gptbot)"
20.171.207.37 - - [07/Jun/2025:23:57:05 +0200] "GET /vendor/webmozart/assert/composer.json HTTP/1.1" 200 956 "-" "Mozilla/5.0 AppleWebKit/537.36 (KHTML, like Gecko; compatible; GPTBot/1.2; +https://openai.com/gptbot)"
20.171.207.37 - - [07/Jun/2025:23:57:06 +0200] "GET /vendor/symfony/http-client-contracts/Exception/TransportExceptionInterface.php HTTP/1.1" 500 - "-" "Mozilla/5.0 AppleWebKit/537.36 (KHTML, like Gecko; compatible; GPTBot/1.2; +https://openai.com/gptbot)"
20.171.207.37 - - [07/Jun/2025:23:57:08 +0200] "GET /vendor/symfony/http-client-contracts/Exception/ClientExceptionInterface.php HTTP/1.1" 500 - "-" "Mozilla/5.0 AppleWebKit/537.36 (KHTML, like Gecko; compatible; GPTBot/1.2; +https://openai.com/gptbot)"
20.171.207.37 - - [07/Jun/2025:23:57:12 +0200] "GET /vendor/symfony/http-kernel/ControllerMetadata/ArgumentMetadata.php HTTP/1.1" 200 - "-" "Mozilla/5.0 AppleWebKit/537.36 (KHTML, like Gecko; compatible; GPTBot/1.2; +https://openai.com/gptbot)"
20.171.207.220 - - [07/Jun/2025:23:57:21 +0200] "GET /vendor/symfony/translation/Util/XliffUtils.php HTTP/1.1" 200 - "-" "Mozilla/5.0 AppleWebKit/537.36 (KHTML, like Gecko; compatible; GPTBot/1.2; +https://openai.com/gptbot)"
20.171.207.37 - - [07/Jun/2025:23:57:27 +0200] "GET /vendor/symfony/http-kernel/Attribute/AsTargetedValueResolver.php HTTP/1.1" 200 - "-" "Mozilla/5.0 AppleWebKit/537.36 (KHTML, like Gecko; compatible; GPTBot/1.2; +https://openai.com/gptbot)"
20.171.207.220 - - [07/Jun/2025:23:57:30 +0200] "GET /vendor/symfony/mailgun-mailer/Webhook/MailgunRequestParser.php HTTP/1.1" 500 - "-" "Mozilla/5.0 AppleWebKit/537.36 (KHTML, like Gecko; compatible; GPTBot/1.2; +https://openai.com/gptbot)"
20.171.207.37 - - [07/Jun/2025:23:57:34 +0200] "GET /vendor/symfony/http-kernel/Debug/ErrorHandlerConfigurator.php HTTP/1.1" 200 - "-" "Mozilla/5.0 AppleWebKit/537.36 (KHTML, like Gecko; compatible; GPTBot/1.2; +https://openai.com/gptbot)"
20.171.207.220 - - [07/Jun/2025:23:57:42 +0200] "GET /resources/?C=D%3BO%3DA HTTP/1.1" 200 1644 "-" "Mozilla/5.0 AppleWebKit/537.36 (KHTML, like Gecko; compatible; GPTBot/1.2; +https://openai.com/gptbot)"
20.171.207.37 - - [07/Jun/2025:23:57:43 +0200] "GET /vendor/theseer/tokenizer/CHANGELOG.md HTTP/1.1" 200 2111 "-" "Mozilla/5.0 AppleWebKit/537.36 (KHTML, like Gecko; compatible; GPTBot/1.2; +https://openai.com/gptbot)"
20.171.207.37 - - [07/Jun/2025:23:57:48 +0200] "GET /vendor/symfony/postmark-mailer/Transport/PostmarkApiTransport.php HTTP/1.1" 500 - "-" "Mozilla/5.0 AppleWebKit/537.36 (KHTML, like Gecko; compatible; GPTBot/1.2; +https://openai.com/gptbot)"
20.171.207.37 - - [07/Jun/2025:23:57:54 +0200] "GET /vendor/symfony/postmark-mailer/Transport/MessageStreamHeader.php HTTP/1.1" 500 - "-" "Mozilla/5.0 AppleWebKit/537.36 (KHTML, like Gecko; compatible; GPTBot/1.2; +https://openai.com/gptbot)"
20.171.207.220 - - [07/Jun/2025:23:58:11 +0200] "GET /resources/?C=N%3BO%3DD HTTP/1.1" 200 1644 "-" "Mozilla/5.0 AppleWebKit/537.36 (KHTML, like Gecko; compatible; GPTBot/1.2; +https://openai.com/gptbot)"
20.171.207.37 - - [07/Jun/2025:23:58:15 +0200] "GET /vendor/symfony/postmark-mailer/Transport/PostmarkSmtpTransport.php HTTP/1.1" 500 - "-" "Mozilla/5.0 AppleWebKit/537.36 (KHTML, like Gecko; compatible; GPTBot/1.2; +https://openai.com/gptbot)"
20.171.207.220 - - [07/Jun/2025:23:58:42 +0200] "GET /vendor/psy/psysh/src/Command/WtfCommand.php HTTP/1.1" 500 - "-" "Mozilla/5.0 AppleWebKit/537.36 (KHTML, like Gecko; compatible; GPTBot/1.2; +https://openai.com/gptbot)"
20.171.207.220 - - [07/Jun/2025:23:59:09 +0200] "GET /vendor/psy/psysh/src/Command/DocCommand.php HTTP/1.1" 500 - "-" "Mozilla/5.0 AppleWebKit/537.36 (KHTML, like Gecko; compatible; GPTBot/1.2; +https://openai.com/gptbot)"
20.171.207.37 - - [07/Jun/2025:23:59:16 +0200] "GET /vendor/symfony/http-kernel/EventListener/LocaleAwareListener.php HTTP/1.1" 500 - "-" "Mozilla/5.0 AppleWebKit/537.36 (KHTML, like Gecko; compatible; GPTBot/1.2; +https://openai.com/gptbot)"
20.171.207.220 - - [08/Jun/2025:00:00:12 +0200] "GET /vendor/symfony/http-kernel/Attribute/ValueResolver.php HTTP/1.1" 200 - "-" "Mozilla/5.0 AppleWebKit/537.36 (KHTML, like Gecko; compatible; GPTBot/1.2; +https://openai.com/gptbot)"
20.171.207.37 - - [08/Jun/2025:00:00:21 +0200] "GET /vendor/symfony/http-kernel/EventListener/SurrogateListener.php HTTP/1.1" 500 - "-" "Mozilla/5.0 AppleWebKit/537.36 (KHTML, like Gecko; compatible; GPTBot/1.2; +https://openai.com/gptbot)"
20.171.207.220 - - [08/Jun/2025:00:01:13 +0200] "GET /vendor/spatie/flare-client-php/src/Concerns/?C=M%3BO%3DA HTTP/1.1" 200 1073 "-" "Mozilla/5.0 AppleWebKit/537.36 (KHTML, like Gecko; compatible; GPTBot/1.2; +https://openai.com/gptbot)"
20.171.207.37 - - [08/Jun/2025:00:01:26 +0200] "GET /vendor/symfony/http-kernel/EventListener/RouterListener.php HTTP/1.1" 500 - "-" "Mozilla/5.0 AppleWebKit/537.36 (KHTML, like Gecko; compatible; GPTBot/1.2; +https://openai.com/gptbot)"
47.79.0.139 - - [08/Jun/2025:00:01:47 +0200] "GET / HTTP/1.1" 200 4000 "https://www.furfotos.clickysoft.net/" "Mozilla/5.0 (Windows NT 10.0; Win64; x64) AppleWebKit/537.36 (KHTML, like Gecko) Chrome/114.0.0.0 Safari/537.36 Edg/114.0.1823.43"
20.171.207.220 - - [08/Jun/2025:00:02:10 +0200] "GET /vendor/spatie/flare-client-php/src/Concerns/?C=S%3BO%3DA HTTP/1.1" 200 1073 "-" "Mozilla/5.0 AppleWebKit/537.36 (KHTML, like Gecko; compatible; GPTBot/1.2; +https://openai.com/gptbot)"
20.171.207.37 - - [08/Jun/2025:00:02:26 +0200] "GET /vendor/symfony/http-kernel/EventListener/SessionListener.php HTTP/1.1" 500 - "-" "Mozilla/5.0 AppleWebKit/537.36 (KHTML, like Gecko; compatible; GPTBot/1.2; +https://openai.com/gptbot)"
20.171.207.220 - - [08/Jun/2025:00:03:01 +0200] "GET /vendor/moneyphp/money/src/Formatter/IntlMoneyFormatter.php HTTP/1.1" 500 - "-" "Mozilla/5.0 AppleWebKit/537.36 (KHTML, like Gecko; compatible; GPTBot/1.2; +https://openai.com/gptbot)"
20.171.207.37 - - [08/Jun/2025:00:03:28 +0200] "GET /vendor/symfony/http-kernel/EventListener/ResponseListener.php HTTP/1.1" 500 - "-" "Mozilla/5.0 AppleWebKit/537.36 (KHTML, like Gecko; compatible; GPTBot/1.2; +https://openai.com/gptbot)"
20.171.207.220 - - [08/Jun/2025:00:03:46 +0200] "GET /vendor/psr/http-message/src/?C=N%3BO%3DD HTTP/1.1" 200 1997 "-" "Mozilla/5.0 AppleWebKit/537.36 (KHTML, like Gecko; compatible; GPTBot/1.2; +https://openai.com/gptbot)"
20.171.207.37 - - [08/Jun/2025:00:04:29 +0200] "GET /vendor/symfony/http-kernel/EventListener/ProfilerListener.php HTTP/1.1" 500 - "-" "Mozilla/5.0 AppleWebKit/537.36 (KHTML, like Gecko; compatible; GPTBot/1.2; +https://openai.com/gptbot)"
20.171.207.220 - - [08/Jun/2025:00:04:50 +0200] "GET /vendor/psr/http-message/src/?C=S%3BO%3DA HTTP/1.1" 200 1997 "-" "Mozilla/5.0 AppleWebKit/537.36 (KHTML, like Gecko; compatible; GPTBot/1.2; +https://openai.com/gptbot)"
20.171.207.37 - - [08/Jun/2025:00:05:35 +0200] "GET /vendor/symfony/http-kernel/EventListener/AddRequestFormatsListener.php HTTP/1.1" 500 - "-" "Mozilla/5.0 AppleWebKit/537.36 (KHTML, like Gecko; compatible; GPTBot/1.2; +https://openai.com/gptbot)"
20.171.207.220 - - [08/Jun/2025:00:05:47 +0200] "GET /vendor/psr/http-message/src/?C=M%3BO%3DA HTTP/1.1" 200 1997 "-" "Mozilla/5.0 AppleWebKit/537.36 (KHTML, like Gecko; compatible; GPTBot/1.2; +https://openai.com/gptbot)"
20.171.207.37 - - [08/Jun/2025:00:06:37 +0200] "GET /vendor/symfony/http-kernel/EventListener/CacheAttributeListener.php HTTP/1.1" 500 - "-" "Mozilla/5.0 AppleWebKit/537.36 (KHTML, like Gecko; compatible; GPTBot/1.2; +https://openai.com/gptbot)"
20.171.207.220 - - [08/Jun/2025:00:06:39 +0200] "GET /vendor/psr/http-factory/src/?C=D%3BO%3DA HTTP/1.1" 200 1860 "-" "Mozilla/5.0 AppleWebKit/537.36 (KHTML, like Gecko; compatible; GPTBot/1.2; +https://openai.com/gptbot)"
20.171.207.220 - - [08/Jun/2025:00:07:27 +0200] "GET /vendor/psr/simple-cache/src/?C=S%3BO%3DA HTTP/1.1" 200 1239 "-" "Mozilla/5.0 AppleWebKit/537.36 (KHTML, like Gecko; compatible; GPTBot/1.2; +https://openai.com/gptbot)"
